Istnieje kilka ostrzeżeń pogodowych.   Kliknij aby uzyskać więcej informacji

NOAA-Style Climate Reports

Wybież rok albo miesiąc raportu
2017: Sty Lut Mar Kwi Maj Cze Lip Sie Wrz Paź Lis Gru
2016: Sty Lut Mar Kwi Maj Cze Lip Sie Wrz Paź Lis Gru
2015: Sty Lut Mar Kwi Maj Cze Lip Sie Wrz Paź Lis Gru
2014: Sty Lut Mar Kwi Maj Cze Lip Sie Wrz Paź Lis Gru
2013: Sty Lut Mar Kwi Maj Cze Lip Sie Wrz Paź Lis Gru
2012: Sty Lut Mar Kwi Maj Cze Lip Sie Wrz Paź Lis Gru

Raport dla 2017 Czerwiec
                   MONTHLY CLIMATOLOGICAL SUMMARY for Jun 2017


NAME: Smolec, Poland    City: Smolec                State: Dolnyslask              
ELEV: 123 m    LAT: 51-05.22 N    LONG: 016-54.37 E


                   TEMPERATURE (C), RAIN (mm), WIND SPEED (km/h)

                                         HEAT   COOL         AVG
      MEAN                               DEG    DEG          WIND                   DOM
DAY   TEMP   HIGH   TIME    LOW   TIME   DAYS   DAYS   RAIN  SPEED   HIGH   TIME    DIR
---------------------------------------------------------------------------------------
 01   17.8   24.3  17:15   13.9  01:26    0.6    0.0    0.0    6.2   29.5  11:32    310
 02   20.2   27.5  15:38   15.7  00:00    0.0    1.9    0.0    3.2   23.4  12:48    319
 03   21.2   28.2  14:55   16.6  00:00    0.0    2.9    0.0    2.9   17.3  11:45    126
 04   20.4   25.5  11:52   18.3  00:25    0.0    2.1    0.9    6.4   41.8  16:29    273
 05   19.4   20.9  21:56   17.6  23:57    0.0    1.1    0.0    2.5   12.2  22:13    161
 06   19.4   27.7  14:25   14.3  23:59    0.0    1.0   10.2    5.0   27.0  22:57    169
 07   16.4   21.7  15:39   12.5  22:48    2.0    0.0    2.7    6.7   33.1  12:08    228
 08   17.6   24.0  16:35   10.0  04:43    0.8    0.0    0.0    4.0   17.3  11:07    225
 09   20.6   26.9  15:40   11.9  04:36    0.0    2.3    0.0    5.2   25.6  11:05    159
 10   18.3   23.5  17:05   13.5  23:57    0.0    0.0    2.4    5.0   29.5  14:22    321
 11   19.8   27.4  16:50    9.8  05:16    0.0    1.5    0.0    3.1   15.8  12:35    186
 12   21.8   27.8  13:04   16.6  02:57    0.0    3.5    0.0    7.5   46.4  17:55    284
 13   17.1   20.6  15:54   13.9  05:28    1.3    0.0    0.0    9.1   39.2  09:41    302
 14   17.4   23.6  16:34   12.7  05:38    0.9    0.0    0.0    6.8   30.6  09:59    321
 15   19.3   28.4  17:11    9.4  04:36    0.0    1.0    0.0    2.0   14.8  14:24    170
 16   17.5   25.0  13:34   12.5  23:34    0.9    0.0    6.9    8.6   51.5  13:57    306
 17   13.0   14.8  20:16   11.6  02:51    5.4    0.0    1.5   10.1   34.2  08:37    310
 18   19.7   26.8  15:45   12.9  04:14    0.0    1.3    0.0    5.1   23.4  10:52    324
 19   22.9   31.8  16:51   12.0  05:09    0.0    4.5    0.0    2.0   17.3  12:20    307
 20   25.2   32.4  15:56   15.6  04:36    0.0    6.8    0.0    4.7   28.1  13:34    326
 21   21.2   27.8  15:34   14.2  05:21    0.0    2.9    0.0    3.5   28.1  13:42    337
 22   21.9   30.5  15:09   12.6  04:07    0.0    3.6    0.0    3.7   33.1  22:52    261
 23   20.1   24.9  00:38   17.2  04:55    0.0    1.8    4.2    6.9   36.7  10:32    300
 24   22.8   29.1  15:38   16.6  01:20    0.0    4.5    0.0    5.5   30.6  12:17    297
 25   22.6   29.0  16:33   14.6  04:58    0.0    4.3    0.0    5.2   31.7  21:28    267
 26   20.4   25.1  12:59   16.6  05:23    0.0    2.1    0.0    5.3   33.1  14:45    304
 27   20.3   27.5  14:19   15.5  02:31    0.0    2.0   15.3    2.3   15.8  09:52     39
 28   21.7   32.9  17:06   17.1  00:27    0.0    3.4    3.6    2.6   27.0  20:53    147
 29   20.7   24.9  09:43   18.5  04:47    0.0    2.4    0.0    5.6   37.8  12:17    175
 30
---------------------------------------------------------------------------------------
      19.9   32.9     28    9.4     15   11.7   56.7   47.7    5.1   51.5     16    292