Extremalnie wysokie temperatury Ważne od: 19-08-2018 13:00 Do: 20-08-2018 17:00 Ostrzeżenie dla: Extremalnie wysokie temperatury Stopień: Żółty info button

Prognozuje się upały. Temperatura maksymalna w dzień od 29°C do 32°C. Temperatura minimalna w nocy od 16°C do 18°C. Spodziewaj się utrudnień. Wysoka temperatura powietrza może stanowić zagrożenie zdrowia osób szczególnie podatnych np. osób starszych i dzieci.


Heat wave is expected with maximum temperature from 29°C to 32°C and minimum temperature from 16°C to 18°C. BE AWARE that high temperatures are expected. Some health risks amongst vulnerable people e.g. the elderly and very young are possible. 

NOAA-Style Climate Reports

Wybież rok albo miesiąc raportu
2018: Sty Lut Mar Kwi Maj Cze Lip Sie Wrz Paź Lis Gru
2017: Sty Lut Mar Kwi Maj Cze Lip Sie Wrz Paź Lis Gru
2016: Sty Lut Mar Kwi Maj Cze Lip Sie Wrz Paź Lis Gru
2015: Sty Lut Mar Kwi Maj Cze Lip Sie Wrz Paź Lis Gru
2014: Sty Lut Mar Kwi Maj Cze Lip Sie Wrz Paź Lis Gru
2013: Sty Lut Mar Kwi Maj Cze Lip Sie Wrz Paź Lis Gru
2012: Sty Lut Mar Kwi Maj Cze Lip Sie Wrz Paź Lis Gru

Raport dla 2018 Sierpień
                   MONTHLY CLIMATOLOGICAL SUMMARY for Aug 2018


NAME: Smolec, Poland    City: Smolec                State: Dolnyslask              
ELEV: 123 m    LAT: 51-05.22 N    LONG: 016-54.37 E


                   TEMPERATURE (C), RAIN (mm), WIND SPEED (km/h)

                                         HEAT   COOL         AVG
      MEAN                               DEG    DEG          WIND                   DOM
DAY   TEMP   HIGH   TIME    LOW   TIME   DAYS   DAYS   RAIN  SPEED   HIGH   TIME    DIR
---------------------------------------------------------------------------------------
 01   27.9   36.5  15:44   19.6  04:07    0.0    9.6    0.0    2.0   15.8  13:52    102
 02   28.1   36.9  15:16   20.0  05:23    0.0    9.8    0.0    1.7   22.0  17:16     58
 03   27.6   35.7  15:12   19.9  05:31    0.0    9.3    0.0    1.6   18.4  14:09    344
 04   26.7   33.6  13:06   20.2  05:36    0.0    8.4    0.0    1.3   15.8  13:06     22
 05   24.2   30.0  16:15   18.5  05:40    0.0    5.8    0.0    4.3   28.1  15:53    314
 06   22.6   30.4  14:59   13.9  06:00    0.0    4.2    0.0    1.9   22.0  16:50    309
 07   24.5   33.4  16:39   14.4  04:51    0.0    6.2    0.0    4.4   29.5  14:37    158
 08   26.3   32.6  12:55   18.5  06:12    0.0    8.0    0.0    6.2   29.5  13:05    154
 09   27.7   35.6  13:52   20.4  06:20    0.0    9.3    0.0    2.2   25.6  15:56    140
 10   22.3   26.6  00:00   17.7  23:06    0.0    3.9    2.4    4.3   37.8  08:56    307
 11   20.8   28.7  14:57   16.1  23:56    0.0    2.5    0.3    3.9   41.8  15:39    278
 12   20.2   28.4  15:57   10.5  05:50    0.0    1.9    0.0    2.5   22.0  17:25    163
 13   24.8   34.7  16:20   12.6  06:17    0.0    6.5    0.0    3.2   23.4  16:20    187
 14   22.2   27.5  17:04   17.9  06:58    0.0    3.9    2.7    3.6   20.9  12:57    289
 15   21.2   26.9  16:38   16.2  23:49    0.0    2.9    0.0    4.9   27.0  10:09    312
 16   21.7   29.4  13:13   13.1  04:51    0.0    3.4    0.0    1.6   18.4  14:19    147
 17   23.8   32.9  15:35   15.7  04:35    0.0    5.4    0.0    2.2   14.8  09:10    152
 18   22.3   30.4  17:36   16.7  03:39    0.0    4.0    0.3    3.6   28.1  05:25    308
 19   20.8   31.2  12:55   15.7  06:00    0.0    2.4    0.0    1.6   12.2  09:40    321
 20
 21
 22
 23
 24
 25
 26
 27
 28
 29
 30
 31
---------------------------------------------------------------------------------------
      24.1   36.9     02   10.5     12    0.0  107.4    5.7    3.0   41.8     11    244