Brak ostrzeżeń.   -   Brak ostrzeżeń pogodowych

NOAA-Style Climate Reports

Wybież rok albo miesiąc raportu
2018: Sty Lut Mar Kwi Maj Cze Lip Sie Wrz Paź Lis Gru
2017: Sty Lut Mar Kwi Maj Cze Lip Sie Wrz Paź Lis Gru
2016: Sty Lut Mar Kwi Maj Cze Lip Sie Wrz Paź Lis Gru
2015: Sty Lut Mar Kwi Maj Cze Lip Sie Wrz Paź Lis Gru
2014: Sty Lut Mar Kwi Maj Cze Lip Sie Wrz Paź Lis Gru
2013: Sty Lut Mar Kwi Maj Cze Lip Sie Wrz Paź Lis Gru
2012: Sty Lut Mar Kwi Maj Cze Lip Sie Wrz Paź Lis Gru

Raport dla 2018 Październik
                   MONTHLY CLIMATOLOGICAL SUMMARY for Oct 2018


NAME: Smolec, Poland    City: Smolec                State: Dolnyslask              
ELEV: 123 m    LAT: 51-05.22 N    LONG: 016-54.37 E


                   TEMPERATURE (C), RAIN (mm), WIND SPEED (km/h)

                                         HEAT   COOL         AVG
      MEAN                               DEG    DEG          WIND                   DOM
DAY   TEMP   HIGH   TIME    LOW   TIME   DAYS   DAYS   RAIN  SPEED   HIGH   TIME    DIR
---------------------------------------------------------------------------------------
 01   10.0   18.4  14:29    1.8  07:11    8.3    0.0    0.0    4.4   31.7  16:43    310
 02    9.8   12.2  14:39    7.3  07:27    8.6    0.0    0.0    8.7   29.5  10:37    289
 03   10.3   14.5  14:35    7.5  23:44    8.0    0.0    2.4   10.7   61.2  10:57    302
 04   10.5   15.8  13:52    7.1  04:45    7.8    0.0    0.0    5.1   27.0  09:53    302
 05   12.3   20.4  15:35    3.7  06:40    6.0    0.0    0.0    3.6   22.0  15:08    173
 06   16.0   22.7  13:48    9.2  08:07    2.4    0.0    0.0    3.6   22.0  01:39    175
 07   14.4   23.2  13:56    7.8  07:11    3.9    0.0    0.0    3.8   27.0  18:14    325
 08   10.8   16.5  15:30    6.9  02:10    7.5    0.0    0.0    1.9   14.8  10:40    164
 09   12.2   21.8  14:52    4.6  07:52    6.1    0.0    0.0    1.0    8.6  13:34    148
 10   15.0   23.7  16:08    6.4  06:47    3.4    0.0    0.0    2.4   17.3  16:15    140
 11   16.4   25.0  15:48    9.5  07:16    2.0    0.0    0.0    4.6   25.6  15:16    151
 12   16.4   24.6  14:22    8.7  05:40    1.9    0.0    0.0    4.5   24.5  14:24    164
 13   15.4   24.2  15:40    7.1  07:35    2.9    0.0    0.0    3.1   28.1  11:48    161
 14   15.7   25.0  14:31    8.0  07:07    2.6    0.0    0.0    5.7   33.1  14:44    152
 15   15.9   23.6  13:31    9.5  07:09    2.5    0.0    0.0    4.8   27.0  14:58    167
 16   15.4   23.1  15:25    7.8  07:04    3.0    0.0    0.0    4.2   24.5  14:11    159
 17   14.2   22.5  14:25    7.1  05:12    4.1    0.0    0.0    1.9   14.8  14:39    147
 18   12.2   21.2  15:09    5.8  07:44    6.1    0.0    0.0    1.3   15.8  14:18    326
 19
 20
 21
 22
 23
 24
 25
 26
 27
 28
 29
 30
 31
---------------------------------------------------------------------------------------
      13.5   25.0     11    1.8     01   87.2    0.0    2.4    4.2   61.2     03    202