Brak ostrzeżeń.   -   Brak ostrzeżeń pogodowych

NOAA-Style Climate Reports

Wybież rok albo miesiąc raportu
2017: Sty Lut Mar Kwi Maj Cze Lip Sie Wrz Paź Lis Gru
2016: Sty Lut Mar Kwi Maj Cze Lip Sie Wrz Paź Lis Gru
2015: Sty Lut Mar Kwi Maj Cze Lip Sie Wrz Paź Lis Gru
2014: Sty Lut Mar Kwi Maj Cze Lip Sie Wrz Paź Lis Gru
2013: Sty Lut Mar Kwi Maj Cze Lip Sie Wrz Paź Lis Gru
2012: Sty Lut Mar Kwi Maj Cze Lip Sie Wrz Paź Lis Gru

Raport dla 2012 Październik
                   Monthly Climatological Summary for paŸ 2012

Name: Pogoda-Smolec   City: Smolec   State: Dolnyslask
Elevation: 121 m  Lat: N 51° 05' 13"   Lon: E 016° 54' 22"

                  Temperature (°C), Rain (mm), Wind Speed (km/h)

                                      Heat  Cool        Avg
    Mean                              Deg   Deg         Wind                 Dom
Day Temp  High   Time   Low    Time   Days  Days  Rain  Speed High   Time    Dir
----------------------------------------------------------------------------------
 1   9,7  13,9   15:23   5,4   00:29   5,9   0,0   0,0   0,1   2,0   17:09    NW
 2  13,8  20,9   11:54   7,1   05:39   4,1   0,2   0,0   0,2   2,4   11:54    SW
 3  15,0  25,4   15:23   5,9   07:23   4,8   1,5   0,0   0,5   5,1   17:54     S
 4  16,1  23,0   11:46  10,1   02:24   3,2   1,0   1,2   2,9  17,7   19:18   SSW
 5  13,7  18,8   22:30   7,2   05:54   4,7   0,0   0,0   2,6   9,9   15:49   SSW
 6  18,3  24,8   14:14  10,6   23:47   1,7   1,7   0,9   3,1  11,6   12:45    SW
 7   9,2  13,5   16:21   5,7   06:07   9,1   0,0   0,3   1,1   7,1   23:37   WNW
 8  10,1  14,8   15:29   6,2   23:41   8,2   0,0   0,0   2,3   9,2   02:53   WNW
 9   8,8  16,2   15:53   1,0   06:59   9,7   0,0   0,0   2,0  11,2   16:11   WNW
10   8,1  13,4   14:15   4,3   06:56  10,2   0,0   4,2   1,5   7,5   12:35   WNW
11   8,9  16,1   14:13   1,9   23:55   9,4   0,0   0,0   1,3   6,1   09:50    NW
12   8,2  16,4   14:51   0,7   07:25  10,1   0,0   0,3   1,6   7,5   12:27   SSE
13  11,6  16,9   14:51   6,7   23:49   6,7   0,0   0,3   1,0   5,4   10:49    SW
14  10,8  17,0   16:07   5,3   06:35   7,5   0,0   0,0   0,9   6,8   10:30     S
15  12,5  19,4   13:11   6,9   04:19   5,9   0,1   0,0   1,5   8,8   19:50   WSW
16   8,4   9,3   00:07   7,5   23:23   9,9   0,0  10,2   0,4   3,4   16:53   WNW
17  10,1  16,4   16:09   4,6   03:33   8,2   0,0   0,0   0,8   6,5   15:00     S
18  13,1  21,1   14:26   5,5   06:38   5,7   0,4   0,0   1,1   7,5   13:16   SSE
19  13,6  21,3   14:33   7,4   06:58   5,3   0,5   0,0   0,7   4,1   13:21    SE
20  10,8  21,2   14:49   3,3   07:58   7,8   0,3   0,0   0,2   2,4   12:29   SSW
21   9,6  18,9   15:05   3,9   07:58   8,7   0,0   0,3   0,2   2,4   12:24   SSE
22   9,0  10,2   13:29   6,7   00:11   9,4   0,0   0,3   0,3   2,7   11:31     N
23  10,9  12,3   14:14   9,7   05:58   7,4   0,0   0,6   0,3   2,7   13:12   ESE
24  10,7  12,2   14:11   9,5   23:48   7,4   0,0   0,6   0,4   3,1   11:25   ESE
25  10,1  11,6   13:48   8,1   23:39   8,2   0,0   1,2   1,6   9,2   22:52   WNW
26   5,5   8,3   00:13   3,7   22:38  12,8   0,0   1,2   1,6   8,8   01:04   NNW
27   1,0   3,7   00:18  -0,1   23:47  17,4   0,0   3,6   2,5   8,2   07:50   NNE
28   1,5   5,7   15:16  -1,5   23:33  17,5   0,0   5,1   1,1   5,1   10:31   NNW
29  -0,8   0,7   14:43  -2,9   04:45  19,2   0,0   0,0   0,5   3,4   05:02    NW
30   2,3   5,3   23:47  -2,0   05:48  16,2   0,0   0,3   1,2   5,4   12:49   SSW
31   6,2  11,6   14:09   2,3   07:17  12,1   0,0   0,0   1,2   4,8   11:23     S
----------------------------------------------------------------------------------
     9,6  25,4     3    -2,9    29   274,4   5,7  30,6   1,2  17,7     4     WSW

Max >=  27,0:  0
Max <=   0,0:  0
Min <=   0,0:  4
Min <= -18,0:  0
Max Rain: 10,2 on day 16
Days of Rain: 16 (>= 0,2 mm)  4 (>= 2,0 mm)  0 (>= 20,0 mm)
Heat Base: 18,3  Cool Base: 18,3  Method: Integration