Brak ostrzeżeń.   -   Brak ostrzeżeń pogodowych

NOAA-Style Climate Reports

Wybież rok albo miesiąc raportu
2017: Sty Lut Mar Kwi Maj Cze Lip Sie Wrz Paź Lis Gru
2016: Sty Lut Mar Kwi Maj Cze Lip Sie Wrz Paź Lis Gru
2015: Sty Lut Mar Kwi Maj Cze Lip Sie Wrz Paź Lis Gru
2014: Sty Lut Mar Kwi Maj Cze Lip Sie Wrz Paź Lis Gru
2013: Sty Lut Mar Kwi Maj Cze Lip Sie Wrz Paź Lis Gru
2012: Sty Lut Mar Kwi Maj Cze Lip Sie Wrz Paź Lis Gru

Raport dla 2012 Listopad
                   Monthly Climatological Summary for lis 2012

Name: Pogoda-Smolec   City: Smolec   State: Dolnyslask
Elevation: 121 m  Lat: N 51° 05' 13"   Lon: E 016° 54' 22"

                  Temperature (°C), Rain (mm), Wind Speed (km/h)

                                      Heat  Cool        Avg
    Mean                              Deg   Deg         Wind                 Dom
Day Temp  High   Time   Low    Time   Days  Days  Rain  Speed High   Time    Dir
----------------------------------------------------------------------------------
 1   6,3   9,7   18:48   2,8   00:18  12,1   0,0   5,1   1,7   7,1   18:48   SSE
 2   7,5  11,3   15:07   4,2   21:39  10,7   0,0   0,0   1,1   6,1   13:43   SSW
 3   9,4  12,1   13:48   4,7   05:38   8,9   0,0   0,9   1,9   9,9   18:56     S
 4  10,2  13,1   11:28   8,0   08:23   8,1   0,0   0,0   0,8   4,1   18:26    SE
 5   8,9  10,4   12:52   5,7   21:53   9,3   0,0   6,9   1,1   4,4   04:19     W
 6   6,1   9,5   14:07   2,5   23:49  12,5   0,0   0,0   2,3   9,5   14:18   WNW
 7   7,8  10,4   22:40   2,5   00:19  10,4   0,0   1,8   2,8  10,5   12:14     W
 8   9,9  12,2   12:41   8,2   20:37   8,5   0,0   0,0   1,6   7,5   02:17   WSW
 9   8,1  11,2   13:09   3,9   23:20  10,2   0,0   0,9   1,3   6,5   11:17   WNW
10   7,4  12,2   13:54   2,4   03:50  10,9   0,0   0,0   3,1  10,9   16:53   SSE
11   9,9  14,3   13:42   6,1   07:20   8,4   0,0   0,0   0,8   5,1   00:50   SSW
12   9,6  12,8   13:02   8,1   21:22   8,7   0,0   0,0   0,9   5,8   13:42    NW
13   6,2  12,4   12:19  -0,2   23:48  12,1   0,0   0,0   0,4   3,1   00:52    NW
14   1,9   8,8   13:19  -3,5   06:51  16,4   0,0   0,0   0,5   4,8   13:51    SE
15   0,4  10,0   13:44  -3,0   22:54  17,9   0,0   0,3   0,5   2,7   02:59   WNW
16   1,4   8,4   14:07  -2,8   01:05  17,1   0,0   0,0   0,5   3,7   12:24   ESE
17   4,3  10,4   11:53   0,3   00:53  14,0   0,0   0,3   1,3  10,9   12:15   SSE
18   3,9   9,5   13:14  -2,0   07:15  14,5   0,0   0,0   0,3   4,4   14:49     S
19   7,1   9,2   13:35   5,5   01:23  11,2   0,0   0,3   0,6   3,7   15:19    SE
20   6,2   9,9   14:11   3,9   03:46  12,1   0,0   0,0   0,7   4,1   13:04   ESE
21   5,0   6,2   16:51   3,2   02:54  13,4   0,0   0,0   1,7   5,8   18:44    SE
22   6,6  10,6   14:24   2,9   06:36  11,7   0,0   0,3   0,4   3,7   00:12     S
23   5,6  10,2   14:23   2,6   23:25  12,6   0,0   0,0   0,6   4,1   13:12    SE
24   6,3  10,4   13:09   2,6   00:07  12,0   0,0   0,0   0,2   2,7   11:33    SE
25   8,3  12,3   12:28   4,4   07:24   9,9   0,0   0,0   1,5   6,5   17:57     S
26   7,3  10,4   12:21   2,9   06:30  11,3   0,0   0,0   0,7   3,7   00:17   SSE
27   7,6   9,4   13:11   6,2   03:54  10,7   0,0   0,6   0,1   2,0   22:45   ENE
28   7,9   8,4   14:25   7,4   03:24  10,4   0,0   0,0   0,4   2,4   09:40   NNE
29   6,0   8,7   14:09   1,6   23:20  12,3   0,0   2,7   1,5   8,5   19:47    NW
30   2,0   2,9   03:58   0,8   21:55  16,3   0,0   3,9   2,5  11,9   03:32    NW
----------------------------------------------------------------------------------
     6,5  14,3    11    -3,5    14   354,6   0,0  24,0   1,1  11,9    30      SW

Max >=  27,0:  0
Max <=   0,0:  0
Min <=   0,0:  5
Min <= -18,0:  0
Max Rain: 6,9 on day 5
Days of Rain: 12 (>= 0,2 mm)  4 (>= 2,0 mm)  0 (>= 20,0 mm)
Heat Base: 18,3  Cool Base: 18,3  Method: Integration