Brak ostrzeżeń.   -   Brak ostrzeżeń pogodowych

NOAA-Style Climate Reports

Wybież rok albo miesiąc raportu
2017: Sty Lut Mar Kwi Maj Cze Lip Sie Wrz Paź Lis Gru
2016: Sty Lut Mar Kwi Maj Cze Lip Sie Wrz Paź Lis Gru
2015: Sty Lut Mar Kwi Maj Cze Lip Sie Wrz Paź Lis Gru
2014: Sty Lut Mar Kwi Maj Cze Lip Sie Wrz Paź Lis Gru
2013: Sty Lut Mar Kwi Maj Cze Lip Sie Wrz Paź Lis Gru
2012: Sty Lut Mar Kwi Maj Cze Lip Sie Wrz Paź Lis Gru

Raport dla 2013 Styczeń
                   Monthly Climatological Summary for styczen 2013

Name: Pogoda-Smolec   City: Smolec   State: Dolnyslask
Elevation: 121 m  Lat: N 51° 05' 13"   Lon: E 016° 54' 22"

                  Temperature (°C), Rain (mm), Wind Speed (km/h)

                                      Heat  Cool        Avg
    Mean                              Deg   Deg         Wind                 Dom
Day Temp  High   Time   Low    Time   Days  Days  Rain  Speed High   Time    Dir
----------------------------------------------------------------------------------
07  -1,6  -0,6   16:35  -2,6   23:00  -5,7   0,0   0,0   2,2  11,3   19:15   ESE
08   1,4   5,2   23:55  -2,4   00:00   0,0   0,0   0,5   3,2  17,7   20:45    SE
09   4,0   5,3   00:40   2,8   07:15   0,0   0,0   0,5   2,9  14,5   00:10    SE
10   3,0   5,6   14:15   0,4   23:55   0,0   0,0   4,6  10,2  38,6   08:30   WNW
11  -0,8   0,4   00:05  -2,0   23:45   0,0   0,0   0,0   4,7  30,6   15:40     N
12  -3,2  -1,5   14:10  -4,9   23:25   0,0   0,0   0,0   9,0  30,6   10:00   NNW
13  -3,7  -3,1   13:25  -4,2   09:40   0,0   0,0   0,0   3,3  12,9   22:20     E
14  -6,6  -3,5   11:20  -9,7   23:05   0,0   0,0   0,0   3,2  17,7   03:40   ESE
15  -7,5  -2,2   22:40 -12,7   05:35   0,0   0,0   0,0   1,0   9,7   17:30   ESE
16  -3,1  -2,2   00:15  -4,0   22:25   0,0   0,0   0,0   3,8  16,1   12:30   NNW
17  -4,6  -2,8   07:15  -6,4   20:55   0,0   0,0   0,0   6,9  24,1   07:50     N
18  -5,8  -4,8   13:00  -6,8   03:15   0,0   0,0   0,0   6,0  17,7   11:05   NNE
19  -7,1  -6,1   00:00  -8,0   23:45   0,0   0,0   0,0   4,3  19,3   00:00   NNE
20  -6,2  -4,6   14:45  -7,7   00:05   0,0   0,0   0,0   2,5  16,1   23:45    NE
21  -6,7  -4,8   11:05  -8,5   20:25   0,0   0,0   0,0   5,0  17,7   06:30   NNE
22 -10,3  -6,7   14:25 -13,8   06:40   0,0   0,0   0,0   2,3  11,3   16:50    NW
23  -7,3  -5,7   13:00  -8,9   01:00   0,0   0,0   0,0   1,4   6,4   00:45   WNW
24  -5,5  -3,9   13:25  -7,1   06:55   0,0   0,0   0,0   1,9  12,9   23:50     N
25  -6,8  -4,3   13:55  -9,2   20:05   0,0   0,0   0,0   3,8  16,1   16:20     N
26  -7,5  -4,2   11:30 -10,7   23:55   0,0   0,0   0,0   4,3  17,7   07:35    SE
27  -6,1   0,7   14:35 -12,8   04:00   0,0   0,0   0,0   2,4  12,9   11:15   SSE
28   1,9   5,2   13:00  -1,4   00:00   0,0   0,0   1,3   3,5  17,7   08:55   WSW
29   2,2   5,9   14:20  -1,4   01:05   0,0   0,0   0,3   5,6  27,4   11:10   SSW
30   7,7  11,9   14:00   3,6   03:55   0,0   0,0   7,6   8,2  43,4   23:05    SW
31   7,4   9,5   12:35   5,3   23:50   0,0   0,0   0,5  13,6  51,5   09:25   WNW
----------------------------------------------------------------------------------
    -2,7  11,9    21   -13,8    20    00,0   0,0  15,2   4,6  51,5    22       S

Max >=  27,0:  0
Max <=   0,0:  0
Min <=   0,0:  2
Min <= -18,0:  0
Max Rain: 7,6 on day 30
Days of Rain: 4 (>= 0,2 mm)  2 (>= 2,0 mm)  0 (>= 20,0 mm)
Heat Base: 18,3  Cool Base: 18,3  Method: Integration