Brak ostrzeżeń.   -   Brak ostrzeżeń pogodowych

NOAA-Style Climate Reports

Wybież rok albo miesiąc raportu
2017: Sty Lut Mar Kwi Maj Cze Lip Sie Wrz Paź Lis Gru
2016: Sty Lut Mar Kwi Maj Cze Lip Sie Wrz Paź Lis Gru
2015: Sty Lut Mar Kwi Maj Cze Lip Sie Wrz Paź Lis Gru
2014: Sty Lut Mar Kwi Maj Cze Lip Sie Wrz Paź Lis Gru
2013: Sty Lut Mar Kwi Maj Cze Lip Sie Wrz Paź Lis Gru
2012: Sty Lut Mar Kwi Maj Cze Lip Sie Wrz Paź Lis Gru

Raport dla 2013 Lipiec
                   Monthly Climatological Summary for lip 2013

Name: Pogoda-Smolec   City: Smolec   State: Dolnyslask
Elevation: 121 m  Lat: N 51° 05' 13"   Lon: E 016° 54' 22"

                  Temperature (°C), Rain (mm), Wind Speed (km/h)

                                      Heat  Cool        Avg
    Mean                              Deg   Deg         Wind                 Dom
Day Temp  High   Time   Low    Time   Days  Days  Rain  Speed High   Time    Dir
----------------------------------------------------------------------------------
 1  18,1  23,9   14:07  10,7   00:00   2,1   1,9   0,0   4,5  30,6   13:39     W
 2  20,5  28,3   15:57  12,2   04:55   1,4   3,6   0,0   3,8  23,4   10:55   SSW
 3  22,4  29,7   14:14  14,2   04:53   0,9   5,0   0,0   3,3  23,4   11:47   SSE
 4  22,0  28,7   14:47  15,9   05:11   0,3   4,0   0,0   4,0  25,6   16:27    NW
 5  21,0  25,9   14:00  17,8   06:17   0,0   2,8   0,0   6,5  23,4   15:43   NNW
 6  20,6  25,6   16:07  16,6   23:54   0,1   2,4   0,0   3,7  18,4   15:21     N
 7  20,0  26,4   14:15  12,9   05:52   1,4   3,1   0,0   4,6  19,4   15:30     N
 8  20,5  27,2   15:55  12,6   04:42   1,5   3,7   0,0   3,2  17,3   11:38   NNE
 9  22,3  29,4   15:59  13,6   05:13   0,9   4,9   0,0   1,8  17,3   13:44     N
10  21,4  27,5   15:00  15,2   04:57   0,7   3,8   1,2   5,1  24,5   10:57    NW
11  15,2  19,0   14:55  12,1   05:24   3,1   0,0   6,6   6,7  28,1   15:01    NW
12  15,7  20,2   13:49  13,5   04:18   2,7   0,1   3,6   8,1  22,0   00:55    NW
13  17,7  23,0   16:19  12,4   04:49   1,9   1,3   0,0   8,2  28,1   11:49    NW
14  17,9  22,1   13:19  12,6   05:19   1,6   1,2   0,0   7,2  25,6   11:19    NW
15  16,9  20,1   18:49  13,6   06:19   1,6   0,3   0,0   8,1  22,0   11:49    NW
16  19,8  26,8   17:20  10,3   05:19   1,9   3,4   0,0   4,3  20,9   12:50    NW
17  21,6  28,3   13:20  14,1   04:20   1,0   4,3   0,0   2,3  13,3   13:50     N
18  21,9  28,7   16:20  14,2   04:50   0,9   4,5   0,0   3,1  14,8   13:50   NNW
19  22,3  28,3   15:50  15,6   05:50   0,6   4,5   0,0   5,3  24,5   14:50    NW
20  20,6  25,1   15:21  15,4   23:51   0,2   2,6   0,0   3,6  15,8   16:51   NNE
21  20,9  28,2   17:51  11,7   05:21   1,6   4,2   0,0   0,9  12,2   11:51     N
22  23,2  30,9   16:22  13,9   05:31   0,8   5,7   0,0   3,1  19,4   16:11   NNW
23  21,3  27,4   16:20  15,0   03:35   0,7   3,6   0,0   3,5  31,7   15:25   NNE
24  20,4  27,7   17:16  11,3   05:28   1,5   3,7   0,0   2,3  14,8   12:44   NNE
25  19,9  26,1   17:26  14,0   05:13   0,9   2,5   0,0   1,1   9,7   13:24     S
26  23,8  32,0   16:57  13,7   04:52   1,0   6,5   0,0   1,6  15,8   12:15   SSE
27  25,8  34,7   15:38  17,5   03:07   0,1   7,6   0,0   2,1  15,8   13:36   SSE
28  29,2  37,2   14:45  19,7   05:24   0,0  11,0   0,0   2,7  30,6   11:01   ESE
29  26,2  31,1   13:34  19,0   23:54   0,0   7,9   9,6   5,5  37,8   22:27   NNW
30  20,7  26,6   16:21  16,4   23:57   0,1   2,6   1,2   8,1  37,8   10:25   WNW
31  20,7  26,0   11:11  15,1   02:41   0,7   3,2   0,0   4,9  28,1   13:13     W
----------------------------------------------------------------------------------
    21,0  37,2    28    10,3    16    32,2 115,9  22,2   3,9  37,8    29      NW

Max >=  27,0: 17
Max <=   0,0:  0
Min <=   0,0:  0
Min <= -18,0:  0
Max Rain: 9,6 on day 29
Days of Rain: 5 (>= 0,2 mm)  3 (>= 2,0 mm)  0 (>= 20,0 mm)
Heat Base: 18,3  Cool Base: 18,3  Method: Integration