Brak ostrzeżeń.   -   Brak ostrzeżeń pogodowych

NOAA-Style Climate Reports

Wybież rok albo miesiąc raportu
2017: Sty Lut Mar Kwi Maj Cze Lip Sie Wrz Paź Lis Gru
2016: Sty Lut Mar Kwi Maj Cze Lip Sie Wrz Paź Lis Gru
2015: Sty Lut Mar Kwi Maj Cze Lip Sie Wrz Paź Lis Gru
2014: Sty Lut Mar Kwi Maj Cze Lip Sie Wrz Paź Lis Gru
2013: Sty Lut Mar Kwi Maj Cze Lip Sie Wrz Paź Lis Gru
2012: Sty Lut Mar Kwi Maj Cze Lip Sie Wrz Paź Lis Gru

Raport dla 2013 Wrzesień
                   Monthly Climatological Summary for wrz 2013

Name: Pogoda-Smolec   City: Smolec   State: Dolnyslask
Elevation: 121 m  Lat: N 51° 05' 13"   Lon: E 016° 54' 22"

                  Temperature (°C), Rain (mm), Wind Speed (km/h)

                                      Heat  Cool        Avg
    Mean                              Deg   Deg         Wind                 Dom
Day Temp  High   Time   Low    Time   Days  Days  Rain  Speed High   Time    Dir
----------------------------------------------------------------------------------
 1  15,4  18,4   15:40  11,8   23:56   2,9   0,0   2,7   7,3  30,6   11:42    NW
 2  14,6  18,4   13:42  11,4   00:34   3,7   0,0   0,3   9,0  42,8   21:58   WNW
 3  17,1  22,4   14:30  13,0   23:29   2,1   0,9   3,9   5,9  35,6   01:29   NNW
 4  16,2  21,2   16:21  12,0   03:29   2,5   0,4   0,6   1,7  12,2   17:02     E
 5  18,1  24,2   14:11  13,9   23:58   1,6   1,5   0,0   2,7  14,8   13:21   ESE
 6  16,8  24,5   16:07   9,3   06:35   3,1   1,6   0,0   3,6  24,5   13:17    SE
 7  17,0  25,7   15:51   7,9   06:31   3,3   2,0   0,0   3,0  23,4   11:45    SE
 8  18,1  26,7   14:59   9,6   06:43   2,6   2,4   0,0   4,6  24,5   11:33    SE
 9  16,0  18,5   12:10  12,3   23:56   2,3   0,0   1,5   4,8  25,6   12:16   WSW
10  15,2  22,0   14:31   7,9   06:12   3,9   0,8  13,8   4,1  22,0   09:35     S
11  13,5  17,7   17:09  11,2   22:17   4,8   0,0   4,2   3,0  18,4   16:11     S
12  13,9  20,0   13:16   9,4   03:57   4,5   0,1   0,3   2,3  13,3   09:28     S
13  12,9  17,8   16:07   9,5   06:45   5,4   0,0   7,8   5,4  24,5   14:57    NW
14  13,9  15,4   18:07  12,5   00:01   4,4   0,0  21,0   6,9  33,1   05:14    NW
15  14,5  18,9   14:40   9,2   05:30   3,8   0,0   3,6   1,6  15,8   14:47    SW
16  14,5  18,0   12:25  12,5   22:40   3,8   0,0   5,7   2,9  24,5   15:08   SSW
17  11,0  12,7   04:13   7,9   23:54   7,3   0,0   5,4   6,6  37,8   11:37    NW
18  10,5  15,5   12:52   4,7   06:18   7,8   0,0   0,0   5,3  33,1   13:58     S
19  11,3  15,8   15:34   9,1   23:54   7,0   0,0   0,6   8,3  35,6   12:08    NW
20  11,5  16,1   12:10   6,9   04:10   6,8   0,0   0,6   2,0  20,9   11:10    SW
21  12,5  15,6   13:34  10,0   23:50   5,8   0,0   1,2   3,2  15,8   12:20    NW
22  12,9  17,1   12:18   7,3   06:59   5,3   0,0   0,3   4,4  25,6   16:33   WNW
23  15,2  17,6   11:35  13,7   23:09   3,2   0,0   2,1  12,4  39,2   11:20    NW
24  12,3  14,3   15:32  10,5   23:48   6,1   0,0   7,8   5,7  29,5   01:02    NW
25  10,0  13,9   14:07   6,5   07:36   8,3   0,0   0,9   1,8  15,8   21:37    SE
26   8,8  10,6   11:39   5,8   23:02   9,5   0,0   4,8   4,6  25,6   12:19   NNE
27   8,7  14,1   14:07   3,6   07:05   9,6   0,0   0,3   3,3  19,4   12:59   WNW
28   8,9  14,8   15:36   4,3   23:59   9,4   0,0   0,0   2,2  17,3   15:36   NNW
29   7,6  15,0   15:36   0,7   07:03  10,7   0,0   0,0   2,4  19,4   16:16     E
30   8,5  14,5   15:29   3,5   06:59   9,6   0,0   0,0   4,7  29,5   13:36     E
----------------------------------------------------------------------------------
    13,2  26,7     8     0,7    29   161,1   9,7  89,4   4,5  42,8     2     WNW

Max >=  27,0:  0
Max <=   0,0:  0
Min <=   0,0:  0
Min <= -18,0:  0
Max Rain: 21,0 on day 14
Days of Rain: 22 (>= 0,2 mm)  12 (>= 2,0 mm)  1 (>= 20,0 mm)
Heat Base: 18,3  Cool Base: 18,3  Method: Integration