Brak ostrzeżeń.   -   Brak ostrzeżeń pogodowych

NOAA-Style Climate Reports

Wybież rok albo miesiąc raportu
2017: Sty Lut Mar Kwi Maj Cze Lip Sie Wrz Paź Lis Gru
2016: Sty Lut Mar Kwi Maj Cze Lip Sie Wrz Paź Lis Gru
2015: Sty Lut Mar Kwi Maj Cze Lip Sie Wrz Paź Lis Gru
2014: Sty Lut Mar Kwi Maj Cze Lip Sie Wrz Paź Lis Gru
2013: Sty Lut Mar Kwi Maj Cze Lip Sie Wrz Paź Lis Gru
2012: Sty Lut Mar Kwi Maj Cze Lip Sie Wrz Paź Lis Gru

Raport dla 2013 Listopad
                   Monthly Climatological Summary for lis 2013

Name: Pogoda-Smolec   City: Smolec   State: Dolnyslask
Elevation: 121 m  Lat: N 51° 05' 13"   Lon: E 016° 54' 22"

                  Temperature (°C), Rain (mm), Wind Speed (km/h)

                                      Heat  Cool        Avg
    Mean                              Deg   Deg         Wind                 Dom
Day Temp  High   Time   Low    Time   Days  Days  Rain  Speed High   Time    Dir
----------------------------------------------------------------------------------
 1   7,0  13,0   13:42   0,7   06:41  11,3   0,0   0,0   2,4  17,3   09:28   SSW
 2  10,5  13,7   20:32   6,3   05:50   7,8   0,0   0,9   5,7  27,0   13:30     S
 3  11,0  13,6   11:40   5,2   23:53   7,3   0,0   3,6   5,6  29,5   15:17    SW
 4   8,6  12,7   13:33   4,4   07:31   9,7   0,0   0,0  10,1  52,6   14:14     S
 5   8,6  11,7   03:54   6,0   23:56   9,7   0,0   0,0   5,4  33,1   04:13   WNW
 6   6,2   9,6   12:25   3,2   03:18  12,1   0,0   2,4   5,4  40,3   13:25   WSW
 7  12,0  16,8   14:30   6,7   00:32   6,1   0,0   1,8   5,9  24,5   14:48   SSW
 8  12,6  16,0   12:29   9,6   23:50   5,7   0,0   0,3   4,6  28,1   11:55   SSW
 9   9,6  12,4   11:28   5,9   23:32   8,7   0,0   2,7   2,6  22,0   12:58   WSW
10   7,0  11,6   14:07   2,1   04:46  11,3   0,0   0,0   3,8  25,6   22:17    SW
11   5,7   8,1   12:44   3,2   06:47  12,6   0,0   0,0   4,5  22,0   08:47    NW
12   3,8   6,7   10:14   0,7   21:32  14,5   0,0   0,0   2,8  18,4   11:10   SSE
13   3,6   6,2   14:07   1,0   04:23  14,7   0,0   0,0   3,8  24,5   11:47   WNW
14   1,4   6,1   11:52  -2,9   06:27  16,9   0,0   0,3   1,4  17,3   14:21    SE
15   3,9   5,6   13:35   2,2   00:17  14,3   0,0   1,8   1,5   9,7   14:11   NNW
16   4,1   6,9   14:37  -0,1   23:58  14,2   0,0   0,0   3,2  23,4   13:12   WNW
17   1,4   3,9   15:46  -2,6   06:22  16,9   0,0   0,3   1,8  14,8   08:21    SW
18   4,8   8,7   17:26   1,5   23:40  13,5   0,0   0,0   4,5  22,0   07:17    SE
19   4,9  11,5   13:34   0,1   01:37  13,3   0,0   0,0   1,9  24,5   13:37    SE
20   6,2   8,6   11:49   4,0   02:50  12,1   0,0   3,6   3,8  20,9   09:43   SSW
21   4,6   5,9   13:13   2,8   07:31  13,7   0,0   2,4   3,2  18,4   17:50    NE
22   6,7   8,2   14:13   5,2   20:22  11,6   0,0   0,9   2,4  13,3   00:35   NNE
23   5,6   7,0   22:51   3,8   05:06  12,7   0,0   0,9   1,6  11,2   12:46     N
24   5,1   7,2   01:22   1,2   22:50  12,8   0,0   0,3   8,2  36,7   20:39   NNW
25   0,9   2,6   14:26  -1,3   07:50  17,1   0,0   0,0   9,7  30,6   16:29    NW
26   0,3   0,9   00:00  -1,0   23:37  18,0   0,0   0,6   6,4  24,5   06:21   NNW
27  -0,1   2,5   14:43  -2,3   07:52  18,4   0,0   0,3   4,2  23,4   10:17   WNW
28   4,7   6,2   16:24   1,7   00:00  13,6   0,0   0,0  11,9  39,2   19:21   WNW
29   4,3   5,9   12:16   2,4   07:34  14,0   0,0   0,9   8,4  35,6   00:13   WNW
30   4,4   7,0   13:08   3,3   04:13  13,9   0,0   1,2   5,1  29,5   00:23   WSW
----------------------------------------------------------------------------------
     5,6  16,8     7    -2,9    14   378,5   0,0  25,2   4,7  52,6     4       W

Max >=  27,0:  0
Max <=   0,0:  0
Min <=   0,0:  6
Min <= -18,0:  0
Max Rain: 3,6 on day 3
Days of Rain: 18 (>= 0,2 mm)  5 (>= 2,0 mm)  0 (>= 20,0 mm)
Heat Base: 18,3  Cool Base: 18,3  Method: Integration