Brak ostrzeżeń.   -   Brak ostrzeżeń pogodowych

NOAA-Style Climate Reports

Wybież rok albo miesiąc raportu
2017: Sty Lut Mar Kwi Maj Cze Lip Sie Wrz Paź Lis Gru
2016: Sty Lut Mar Kwi Maj Cze Lip Sie Wrz Paź Lis Gru
2015: Sty Lut Mar Kwi Maj Cze Lip Sie Wrz Paź Lis Gru
2014: Sty Lut Mar Kwi Maj Cze Lip Sie Wrz Paź Lis Gru
2013: Sty Lut Mar Kwi Maj Cze Lip Sie Wrz Paź Lis Gru
2012: Sty Lut Mar Kwi Maj Cze Lip Sie Wrz Paź Lis Gru

Raport dla 2013 Grudzień
                   Monthly Climatological Summary for gru 2013

Name: Pogoda-Smolec   City: Smolec   State: Dolnyslask
Elevation: 121 m  Lat: N 51° 05' 13"   Lon: E 016° 54' 22"

                  Temperature (°C), Rain (mm), Wind Speed (km/h)

                                      Heat  Cool        Avg
    Mean                              Deg   Deg         Wind                 Dom
Day Temp  High   Time   Low    Time   Days  Days  Rain  Speed High   Time    Dir
----------------------------------------------------------------------------------
 1   5,3   7,5   13:57   3,7   00:00  13,1   0,0   0,6   8,3  36,7   16:12   WNW
 2   2,4   6,9   13:28  -3,0   22:23  15,6   0,0   0,3   1,5  22,0   01:21    NW
 3  -0,8   5,0   13:31  -4,1   03:04  19,1   0,0   0,3   0,6   8,6   12:32     S
 4  -0,6   3,3   13:23  -5,2   07:41  18,8   0,0   0,6   5,3  36,7   14:18    NW
 5   3,5   5,9   11:33   2,0   07:45  14,8   0,0   0,9  11,3  63,7   19:01   WSW
 6   1,8   4,3   00:07   0,0   02:07  16,5   0,0   0,9  21,7  74,5   05:26    NW
 7   0,9   2,5   13:54  -0,2   06:50  17,4   0,0   0,0  18,7  55,1   01:41    NW
 8   1,3   5,6   23:15  -1,2   07:26  17,0   0,0   0,3   5,6  25,6   19:42    SW
 9   6,3   7,6   12:17   2,1   23:56  12,0   0,0   6,6  11,6  42,8   03:35    NW
10   2,0   3,7   13:16  -0,6   07:45  16,3   0,0   0,0   3,1  15,8   14:18    SE
11   5,4  10,4   13:11   2,5   04:37  12,9   0,0   0,0   1,8  15,8   20:45   WSW
12   1,4   5,2   02:47  -2,7   23:19  16,8   0,0   0,0   2,0  11,2   01:10    SW
13   0,5   8,5   14:37  -3,8   07:47  17,8   0,0   0,3   0,8   8,6   10:26   SSE
14  -0,9   3,7   13:55  -5,1   07:53  19,2   0,0   0,0   1,4  13,3   23:13   WSW
15   4,1   6,7   11:54   1,7   00:00  14,2   0,0   0,0   3,4  17,3   07:23    SW
16   4,9  10,2   13:36  -0,1   05:43  14,2   0,0   0,3   1,6   9,7   00:00     S
17   3,9   9,3   15:25  -1,8   23:26  14,0   0,0   0,0   0,7  20,9   15:25   SSW
18  -2,6  -0,1   10:40  -4,2   07:20   9,3   0,0   0,0   0,8   8,6   09:41    SE
19   0,5   0,8   23:55   0,0   20:46   2,1   0,0   0,0   0,8   5,0   21:49    SE
20   1,8   3,8   21:54   0,2   04:25  16,5   0,0   2,7   4,0  22,0   21:54   SSW
21   2,6   6,8   14:16   0,3   03:29  15,6   0,0   0,0   5,7  23,4   12:48   SSW
22   6,1  11,1   11:58   1,3   03:21  12,2   0,0   0,0   6,7  31,7   23:24   SSW
23   7,3  10,3   13:01   3,9   21:48  11,0   0,0   0,0   5,6  37,8   08:57    SW
24   6,8   8,9   14:07   4,7   00:07  11,5   0,0   0,0  12,9  47,9   12:42     S
25   7,3  10,6   12:52   4,6   04:25  11,1   0,0   0,0   5,7  40,3   11:39   SSE
26   9,2  12,1   13:24   6,2   06:51   9,1   0,0   0,0   5,5  31,7   13:02   SSE
27   6,6   9,5   00:27   4,3   19:12  11,6   0,0   0,0   4,5  30,6   21:09     S
28   7,1  10,7   10:25   2,9   23:16  11,2   0,0   0,0   9,5  54,0   11:24     S
29   4,3   7,7   11:05   0,5   05:20  14,0   0,0   0,0   4,3  35,6   11:59     W
30   3,0   8,2   14:21  -1,3   23:46  15,3   0,0   0,0   1,9  13,3   12:30   WSW
31  -0,7   1,8   14:58  -3,3   05:57  19,0   0,0   0,3   2,3  11,2   13:03    SE
----------------------------------------------------------------------------------
     3,2  12,1    26    -5,2     4   439,2   0,0  14,1   6,1  74,5     6     WSW

Max >=  27,0:  0
Max <=   0,0:  1
Min <=   0,0: 16
Min <= -18,0:  0
Max Rain: 6,6 on day 9
Days of Rain: 12 (>= 0,2 mm)  2 (>= 2,0 mm)  0 (>= 20,0 mm)
Heat Base: 18,3  Cool Base: 18,3  Method: Integration