Brak ostrzeżeń.   -   Brak ostrzeżeń pogodowych

NOAA-Style Climate Reports

Wybież rok albo miesiąc raportu
2017: Sty Lut Mar Kwi Maj Cze Lip Sie Wrz Paź Lis Gru
2016: Sty Lut Mar Kwi Maj Cze Lip Sie Wrz Paź Lis Gru
2015: Sty Lut Mar Kwi Maj Cze Lip Sie Wrz Paź Lis Gru
2014: Sty Lut Mar Kwi Maj Cze Lip Sie Wrz Paź Lis Gru
2013: Sty Lut Mar Kwi Maj Cze Lip Sie Wrz Paź Lis Gru
2012: Sty Lut Mar Kwi Maj Cze Lip Sie Wrz Paź Lis Gru

Raport dla 2014
                    Annual Climatological Summary for year 2014


Name: Smolec, Poland    City: Smolec       State: Dolnyslask              
Elevation: 123 m         Lat: 51-05.22 N    Lon: 016-54.37 E


                                       Temperature (C)

                              Heat    Cool                              Max    Max    Min    Min
          Mean   Mean         Deg     Deg                                >=     <=     <=     <=
 YR  MO   Max    Min    Mean  Days    Days      Hi  Day     Low  Day     30      0      0    -20
------------------------------------------------------------------------------------------------
2014 01    3.7   -1.7    0.9  540.6    0.0    13.2   08   -14.1   25      0      9     16      0  
2014 02    9.6    0.1    4.7  380.3    0.0    13.6   21    -5.8   25      0      0     13      0
2014 03   13.4    1.9    7.5  334.4    1.6    22.2   21    -3.9   09      0      0      7      0
2014 04   17.2    5.9   11.3  216.8    6.1    23.4   08    -2.5   17      0      0      1      0
2014 05   19.4    8.9   13.9  163.3   26.9    29.7   23     0.4   04      0      0      0      0
2014 06   23.0   11.6   17.4   80.3   54.6    34.6   09     8.0   25      4      0      0      0 
2014 07   29.9   15.3   23.4    1.1   90.5    35.2   02     9.1   21     12      0      0      0
2014 08   24.3   13.3   19.0   37.1   38.9    32.1   09     8.1   22      4      0      0      0
2014 09   21.5   11.3   16.2   71.5    8.0    29.3   07     1.6   24      0      0      0      0
2014 10   17.0    6.2   10.9  230.5    0.0    24.8   09    -3.0   26      0      0      5      0
2014 11    9.5    2.3    5.5  385.7    0.0    18.1   05    -3.3   30      0      2      6      0
2014 12    4.8   -0.6    2.1  502.4    0.0    13.4   19    -9.4   27      0      6     15      0
------------------------------------------------------------------------------------------------
          16.0    6.3   10.9 1228.3  137.4    35.2  Jul   -14.1  Dec     20     17     63      0


                  Precipitation (mm)

                  Max         ---Days Of Rain---
                  Obs.               Over
 YR  MO  Total    Day  Date   0.30   3.00  30.00
------------------------------------------------
2014 01   25.8    7.2    05     14      4      0
2014 02    1.8    0.9    11      4      0      0
2014 03   34.5   12.9    23      9      5      0
2014 04   27.6    7.8    15     11      5      0
2014 05  100.5   23.1    27     19      9      0
2014 06   28.8    8.7    25     12      3      0
2014 07   37.2   17.1    24      6      4      0
2014 08   57.0   15.6    31     13      6      0
2014 09   55.2   10.5    02     14      7      0
2014 10   49.2   24.9    22      9      4      0
2014 11    9.0    2.7    18      7      0      0
2014 12   16.5    3.9    19     14      1      0
------------------------------------------------
         468.6   24.9   Oct     63     22      0


           Wind Speed (km/h)

                                Dom
 YR  MO    Avg     Hi   Date    Dir
-----------------------------------
2014 01
2014 02
2014 03
2014 04
2014 05
2014 06
2014 07    3.3   36.7     23     41 
2014 08    3.4   35.6     18    245 
2014 09    3.6   36.7     22    332 
2014 10    3.0   39.2     07    197 
2014 11    3.8   37.8     04    135 
2014 12    5.8   60.1     21    245 
-----------------------------------
           3.8   60.1    Dec    207