Brak ostrzeżeń.   -   Brak ostrzeżeń pogodowych

NOAA-Style Climate Reports

Wybież rok albo miesiąc raportu
2017: Sty Lut Mar Kwi Maj Cze Lip Sie Wrz Paź Lis Gru
2016: Sty Lut Mar Kwi Maj Cze Lip Sie Wrz Paź Lis Gru
2015: Sty Lut Mar Kwi Maj Cze Lip Sie Wrz Paź Lis Gru
2014: Sty Lut Mar Kwi Maj Cze Lip Sie Wrz Paź Lis Gru
2013: Sty Lut Mar Kwi Maj Cze Lip Sie Wrz Paź Lis Gru
2012: Sty Lut Mar Kwi Maj Cze Lip Sie Wrz Paź Lis Gru

Raport dla 2014 Styczeń
                   Monthly Climatological Summary for sty 2014

Name: Pogoda-Smolec   City: Smolec   State: Dolnyslask
Elevation: 121 m  Lat: N 51° 05' 13"   Lon: E 016° 54' 22"

                  Temperature (°C), Rain (mm), Wind Speed (km/h)

                                      Heat  Cool        Avg
    Mean                              Deg   Deg         Wind                 Dom
Day Temp  High   Time   Low    Time   Days  Days  Rain  Speed High   Time    Dir
----------------------------------------------------------------------------------
 1   3,3   7,3   12:49  -0,6   23:51  15,0   0,0   0,0   5,2  34,2   05:48     S
 2   2,1   6,2   14:07  -0,9   00:49  16,3   0,0   0,0   3,7  24,5   12:35   SSE
 3   4,9   9,5   13:28   2,3   00:00  13,4   0,0   0,0   4,2  22,0   10:48     S
 4   6,8   9,0   12:09   5,2   00:00  11,5   0,0   0,3   5,4  28,1   20:31   SSE
 5   7,7  11,5   13:34   5,3   23:41  10,6   0,0   7,2   2,7  23,4   20:13     W
 6   4,8   9,4   13:58   1,5   06:38  13,6   0,0   0,3   3,4  20,9   12:17     S
 7   6,5  10,7   14:43   3,4   04:45  11,8   0,0   0,0   3,5  23,4   14:19   SSW
 8   7,8  13,2   13:31   3,3   03:26  10,5   0,0   0,0   5,4  30,6   13:33   SSW
 9   7,8  11,6   15:36   2,8   06:01  10,6   0,0   0,0   7,8  33,1   21:11   SSW
10   6,8  10,8   00:00   4,0   23:58  11,4   0,0   0,9  10,2  46,4   02:42    NW
11   5,2   7,9   14:08   3,1   01:13  13,1   0,0   0,3   6,8  31,7   23:07    SW
12   3,9   5,5   00:00   2,2   20:47  14,3   0,0   0,3  15,2  55,1   11:07    NW
13   1,6   3,8   15:00  -0,8   21:44  16,8   0,0   0,0   3,5  18,4   13:39   SSE
14   2,3   4,1   14:22   0,7   00:00  16,0   0,0   3,6   1,7  11,2   06:52   ESE
15   0,6   2,0   00:00   0,2   04:33  17,7   0,0   3,3   3,6  19,4   12:40    NW
16   1,8   3,6   20:07  -0,6   08:18  16,5   0,0   0,6   3,7  14,8   15:14    SE
17   4,9   6,6   13:17   3,2   00:00  13,4   0,0   0,3   2,2  19,4   11:26     S
18   3,2   7,9   14:54  -1,1   06:29  15,1   0,0   0,3   3,1  20,9   19:51   ESE
19   3,5   5,2   03:35   2,0   21:00  15,1   0,0   0,0   5,8  25,6   16:33   ENE
20   1,3   2,4   03:35   0,2   22:08  17,0   0,0   7,2   5,3  23,4   03:02   ENE
21  -1,6   0,3   00:00  -3,9   23:34  19,9   0,0   0,6   0,6  17,3   01:39    NE
22  -5,1  -3,8   00:08  -5,8   17:59  23,3   0,0   0,0   0,0   0,0   00:00     E
23  -4,9  -4,2   11:50  -5,7   00:03  23,4   0,0   0,0   0,0   0,0   00:03     E
24  -6,8  -4,8   00:00 -10,9   23:42  25,1   0,0   0,0   0,0  39,2   15:46     E
25 -11,3  -8,6   14:07 -14,1   08:07  29,6   0,0   0,0   0,0   0,0   00:00     E
26 -10,4  -7,9   14:09 -12,3   01:00  28,7   0,0   0,0   0,0   0,0   00:00     E
27  -5,3  -1,6   16:19 -10,5   01:19  23,6   0,0   0,0   2,5  20,9   11:47    SE
28  -4,8  -2,3   00:00  -7,2   23:48  23,1   0,0   0,0   4,6  19,4   17:59   ESE
29  -6,2  -4,6   13:54  -7,7   01:57  24,5   0,0   0,0   6,6  24,5   20:47   ESE
30  -4,8  -2,8   20:38  -6,3   03:01  22,8   0,0   0,0   7,5  22,0   07:43   ESE
31   1,5   6,4   22:07  -3,4   00:08  16,9   0,0   0,6   8,5  45,4   22:11   SSE
----------------------------------------------------------------------------------
     0,9  13,2     8   -14,1    25   540,6   0,0  25,8   4,2  55,1    12       S

Max >=  27,0:  0
Max <=   0,0:  9
Min <=   0,0: 16
Min <= -18,0:  0
Max Rain: 7,2 on day 5
Days of Rain: 14 (>= 0,2 mm)  4 (>= 2,0 mm)  0 (>= 20,0 mm)
Heat Base: 18,3  Cool Base: 18,3  Method: Integration