Brak ostrzeżeń.   -   Brak ostrzeżeń pogodowych

NOAA-Style Climate Reports

Wybież rok albo miesiąc raportu
2017: Sty Lut Mar Kwi Maj Cze Lip Sie Wrz Paź Lis Gru
2016: Sty Lut Mar Kwi Maj Cze Lip Sie Wrz Paź Lis Gru
2015: Sty Lut Mar Kwi Maj Cze Lip Sie Wrz Paź Lis Gru
2014: Sty Lut Mar Kwi Maj Cze Lip Sie Wrz Paź Lis Gru
2013: Sty Lut Mar Kwi Maj Cze Lip Sie Wrz Paź Lis Gru
2012: Sty Lut Mar Kwi Maj Cze Lip Sie Wrz Paź Lis Gru

Raport dla 2014 Lipiec
                   Monthly Climatological Summary for Jul 2014


Name: Smolec, Poland    City: Smolec         State: Dolnyslask              
Elevation: 123 m    Lat: 51-05.22 N    Lon: 016-54.37 E


                   Temperature (C), Rain (mm), Wind Speed (km/h)

                                         Heat   Cool         Avg
      Mean                               Deg    Deg          Wind                   Dom
Day   Temp   High   Time    Low   Time   Days   Days   Rain  Speed   High   Time    Dir
---------------------------------------------------------------------------------------
 1    15,7   21,3  13:59   10,3  05:08    3,0    0,4    0,0    4,6   25,6  10:19    WNW
 2    16,6   24,7  13:39    9,1  04:46    3,1    1,4    0,9    1,7   33,1  15:08      W
 3    18,9   25,4  16:49   10,9  04:53    1,9    2,6    0,0    4,8   22,0  11:06    WNW
 4    22,1   29,9  14:53   11,7  05:02    1,5    5,2    0,0    5,4   28,1  13:07      S
 5    21,3   27,8  14:07   15,9  05:04    0,5    3,6    0,6    4,1   23,4  11:06    SSE
 6    23,8   29,9  13:08   18,0  02:38    0,0    5,5    0,0    3,5   22,0  15:38    SSW
 7    25,6   33,9  15:35   18,1  04:51    0,0    7,3    0,0    2,8   18,4  17:56    SSE
 8    23,4   32,1  13:31   17,8  04:57    0,0    5,2    0,0    4,6   33,1  13:19     SE
 9    20,6   26,5  12:19   15,9  23:54    0,2    2,5   11,4    5,2   22,0  10:30      S
 10   18,2   24,0  17:49   14,3  05:14    1,4    1,3   12,3    3,0   17,3  04:04     SW
 11   20,9   26,6  14:47   15,8  23:57    0,6    3,2    0,3    5,6   27,0  12:19    NNE
 12   19,2   25,4  16:57   13,0  04:52    1,3    2,2    0,0    3,8   19,4  18:57     NW
 13   19,2   26,3  16:42   12,4  05:07    1,6    2,5    0,0    3,5   25,6  19:44    SSW
 14   22,1   28,7  15:41   14,7  04:02    0,6    4,6    0,0    5,5   23,4  12:27     SW
 15   21,9   28,5  13:12   15,4  04:56    0,5    4,1    0,0    2,4   22,0  15:00    WNW
 16   23.0   30.7  16:42   15.4  05:37    0.0    4.7    0.0    1.6   13.3  13:52    352
 17   24.0   31.1  12:21   16.4  04:29    0.0    5.6    0.0    2.4   24.5  15:10      2
 18   24.5   32.0  15:33   16.8  04:59    0.0    6.2    0.0    1.7   12.2  12:21      8
 19   25.7   32.9  15:01   16.9  04:43    0.0    7.4    0.0    1.9   18.4  15:51    117
 20   27.2   35.2  17:29   18.2  05:31    0.0    8.9    0.0    2.9   20.9  11:13    164
 21   25.4   31.4  13:01   19.0  11:23    0.0    7.0    0.0    4.4   27.0  16:26     44
 22   24.8   30.0  14:25   19.0  05:33    0.0    6.5    0.0    6.6   30.6  16:31     33
 23   21.4   29.1  13:06   15.9  05:03    0.0    3.0    0.0    5.6   36.7  16:15     22
 24   17.2   18.8  18:47   15.6  05:37    1.1    0.0   17.1    5.5   25.6  11:25     31
 25   20.7   25.7  18:17   17.6  05:11    0.0    2.4    0.9    2.2   15.8  13:03    116
 26   23.5   31.1  17:25   16.2  03:29    0.0    5.2    0.0    1.8   23.4  19:55    102
 27   25.6   33.3  15:41   17.3  05:07    0.0    7.2    0.0    2.1   15.8  17:48     65
 28   24.1   32.2  13:53   18.6  05:39    0.0    5.7    8.7    2.6   22.0  17:35    294
 29   23.2   29.7  17:41   17.5  04:49    0.0    4.9    0.3    3.2   20.9  14:25    148
 30   24.4   31.0  18:09   17.9  05:09    0.0    6.1    4.8    4.2   24.5  12:15    184
 31   20.0   22.5  18:09   18.5  09:57    0.0    1.7    5.4    4.2   24.5  09:27    320
---------------------------------------------------------------------------------------
      23.4   35.2     20  -14.4     21    1.1   90.5   37.2    3.3   36.7     23     41