Brak ostrzeżeń.   -   Brak ostrzeżeń pogodowych

NOAA-Style Climate Reports

Wybież rok albo miesiąc raportu
2017: Sty Lut Mar Kwi Maj Cze Lip Sie Wrz Paź Lis Gru
2016: Sty Lut Mar Kwi Maj Cze Lip Sie Wrz Paź Lis Gru
2015: Sty Lut Mar Kwi Maj Cze Lip Sie Wrz Paź Lis Gru
2014: Sty Lut Mar Kwi Maj Cze Lip Sie Wrz Paź Lis Gru
2013: Sty Lut Mar Kwi Maj Cze Lip Sie Wrz Paź Lis Gru
2012: Sty Lut Mar Kwi Maj Cze Lip Sie Wrz Paź Lis Gru

Raport dla 2014 Sierpień
                   Monthly Climatological Summary for Aug 2014


Name: Smolec, Poland    City: Smolec         State: Dolnyslask              
Elevation: 123 m    Lat: 51-05.22 N    Lon: 016-54.37 E


                   Temperature (C), Rain (mm), Wind Speed (km/h)

                                         Heat   Cool         Avg
      Mean                               Deg    Deg          Wind                   Dom
Day   Temp   High   Time    Low   Time   Days   Days   Rain  Speed   High   Time    Dir
---------------------------------------------------------------------------------------
 01   19.7   21.9  12:45   17.7  06:07    0.0    1.3    0.6    2.4   17.3  15:56     29
 02   24.0   31.0  18:07   18.8  05:37    0.0    5.6    0.0    2.8   18.4  18:11    132
 03   22.8   31.7  13:25   17.8  23:37    0.0    4.5    0.6    4.5   33.1  13:53    154
 04   20.2   24.5  17:29   16.6  02:07    0.0    1.9   13.8    2.0   17.3  20:11    268
 05   20.1   24.8  17:41   17.1  05:27    0.0    1.7    1.5    4.5   24.5  16:49    310
 06   20.0   25.0  15:47   15.8  05:24    0.0    1.7    0.0    2.8   14.8  11:58    343
 07   21.0   28.1  13:52   13.0  05:38    0.0    2.6    0.0    1.3   12.2  14:22    101
 08   21.5   27.8  14:31   15.7  05:22    0.0    3.2    0.0    2.8   18.4  09:07    319
 09   24.0   32.1  17:12   15.5  05:26    0.0    5.6    0.0    3.7   24.5  13:52    198
 10   24.0   30.7  16:11   16.7  05:46    0.0    5.7    0.0    3.9   25.6  14:07    169
 11   20.4   23.3  09:17   17.0  23:21    0.0    2.1    3.6    2.1   15.8  15:17    202
 12   19.8   25.4  16:21   15.0  06:12    0.0    1.5    0.0    3.3   22.0  13:12    211
 13   18.9   24.5  13:01   13.4  06:21    0.0    0.6    0.6    3.3   17.3  16:53    153
 14   18.6   23.2  15:21   16.2  06:27    0.0    0.3    0.0    5.2   28.1  09:26    274
 15   17.1   24.3  12:46   12.1  06:22    1.2    0.0    4.5    2.5   17.3  16:43    229
 16   15.2   20.6  16:11   12.7  23:49    3.1    0.0    6.3    4.8   31.7  16:21    295
 17   16.5   22.4  15:29   11.4  04:17    1.8    0.0    0.0    5.2   27.0  13:12    226
 18   18.4   22.7  12:43   15.3  05:13    0.0    0.0    0.0    7.1   35.6  20:13    206
 19   16.7   22.6  16:58   10.6  06:28    1.6    0.0    0.0    3.7   20.9  12:49    206
 20   16.3   21.9  15:11   11.1  05:34    2.0    0.0    0.0    4.8   28.1  01:54    308
 21   14.9   21.5  13:48   10.7  23:51    3.4    0.0    0.9    2.0   18.4  16:32    146
 22   16.5   24.0  15:41    8.1  02:28    1.8    0.0    0.0    2.9   23.4  13:09    180
 23   18.1   23.7  12:29   12.3  04:07    0.2    0.0    0.0    3.6   24.5  09:44    234
 24   14.4   19.3  14:52   10.1  23:43    3.9    0.0    0.0    6.6   33.1  15:23    307
 25   13.9   19.4  15:51    8.4  05:41    4.4    0.0    0.9    3.1   31.7  13:07    218
 26   13.4   16.7  15:13   11.2  05:01    5.0    0.0    0.6    1.5   11.2  16:28    331
 27   14.3   21.0  16:31    8.2  05:42    4.0    0.0    0.0    4.0   19.4  16:07    321
 28   16.2   23.7  16:01    9.0  04:36    2.1    0.0    0.0    3.6   20.9  10:47    305
 29   17.8   25.6  12:41    8.1  06:12    0.6    0.0    0.0    3.1   18.4  10:56    200
 30   18.9   26.0  12:36   14.8  23:56    0.0    0.6    7.5    1.9   23.4  18:01    288
 31   16.4   23.0  12:51   12.4  03:21    2.0    0.0   15.6    2.3   15.8  17:21    152
---------------------------------------------------------------------------------------
      19.0   32.1     09    8.1     22   37.1   38.9   57.0    3.4   35.6     18    245