Brak ostrzeżeń.   -   Brak ostrzeżeń pogodowych

NOAA-Style Climate Reports

Wybież rok albo miesiąc raportu
2017: Sty Lut Mar Kwi Maj Cze Lip Sie Wrz Paź Lis Gru
2016: Sty Lut Mar Kwi Maj Cze Lip Sie Wrz Paź Lis Gru
2015: Sty Lut Mar Kwi Maj Cze Lip Sie Wrz Paź Lis Gru
2014: Sty Lut Mar Kwi Maj Cze Lip Sie Wrz Paź Lis Gru
2013: Sty Lut Mar Kwi Maj Cze Lip Sie Wrz Paź Lis Gru
2012: Sty Lut Mar Kwi Maj Cze Lip Sie Wrz Paź Lis Gru

Raport dla 2014 Wrzesień
                   Monthly Climatological Summary for Sep 2014


Name: Smolec, Poland    City: Smolec         State: Dolnyslask              
Elevation: 123 m    Lat: 51-05.22 N    Lon: 016-54.37 E


                   Temperature (C), Rain (mm), Wind Speed (km/h)

                                         Heat   Cool         Avg
      Mean                               Deg    Deg          Wind                   Dom
Day   Temp   High   Time    Low   Time   Days   Days   Rain  Speed   High   Time    Dir
---------------------------------------------------------------------------------------
 01   15.2   16.8  15:46   14.2  06:17    3.2    0.0    7.8    4.8   19.4  07:57    337
 02   13.8   14.9  00:00   13.1  19:41    4.5    0.0   10.5    4.2   14.8  12:22     13
 03   15.6   21.2  16:16   11.1  06:21    2.8    0.0    0.3    4.2   18.4  17:02     27
 04   18.5   24.3  15:21   13.0  06:36    0.0    0.2    0.0    3.8   18.4  14:07     84
 05   18.6   25.2  14:51   12.4  06:27    0.0    0.3    0.0    3.1   19.4  13:11    120
 06   19.0   27.5  15:47   12.0  06:07    0.0    0.7    0.0    1.5   14.8  11:46    121
 07   20.4   29.3  16:26   12.2  06:31    0.0    2.1    0.0    0.9   12.2  21:02     16
 08   19.4   25.5  15:11   13.6  05:12    0.0    1.0    7.5    2.3   15.8  11:56    305
 09   17.5   22.1  14:43   12.5  23:43    0.8    0.0    0.6    3.2   23.4  12:16    315
 10   14.7   20.0  15:46   11.3  04:38    3.7    0.0    0.0    2.6   17.3  09:37    297
 11   13.9   16.0  14:16   11.6  00:36    4.4    0.0    9.6    3.2   19.4  15:56     19
 12   17.9   22.0  15:11   15.6  23:56    0.4    0.0    4.5    3.6   17.3  00:11     52
 13   16.9   21.4  15:16   14.0  05:31    1.5    0.0    0.3    1.9   12.2  15:52    316
 14   19.9   24.8  12:41   16.3  23:56    0.0    1.5    0.0    2.2   14.8  00:36     18
 15   19.2   25.2  15:06   12.4  06:46    0.0    0.8    0.0    2.7   25.6  14:16     77
 16   18.8   24.6  15:02   13.7  06:42    0.0    0.5    0.0    3.3   18.4  17:02    101
 17   17.5   24.3  15:06   11.9  06:46    0.8    0.0    0.0    3.4   15.8  12:13    126
 18   17.2   23.5  15:01   11.4  06:36    1.1    0.0    0.0    4.2   24.5  13:34    153
 19   18.0   24.3  14:31   12.7  06:17    0.4    0.0    0.0    4.3   25.6  11:46    163
 20   19.3   24.6  14:43   15.5  05:37    0.0    1.0    0.6    1.9   20.9  10:13    236
 21   18.2   22.6  14:17   14.9  23:37    0.2    0.0    3.3    4.8   28.1  14:59    310
 22   12.6   16.1  14:36    9.3  23:04    5.7    0.0    6.0    9.2   36.7  15:44    305
 23   10.2   13.6  15:08    5.4  23:58    8.1    0.0    1.8    9.3   35.6  14:57    316
 24    9.9   16.4  15:26    1.6  07:09    8.4    0.0    0.0    3.5   20.9  13:16    171
 25   12.8   16.5  16:31    8.7  04:07    5.5    0.0    0.0    5.0   27.0  12:17    303
 26   12.7   14.4  16:21   11.0  05:01    5.6    0.0    2.1    4.5   20.9  08:43    302
 27   14.8   20.2  15:01    8.0  23:51    3.5    0.0    0.3    5.9   28.1  14:01    323
 28   12.4   21.1  14:26    4.1  06:41    6.0    0.0    0.0    1.0   12.2  14:07    198
 29   14.9   23.9  13:26    5.5  05:41    3.4    0.0    0.0    1.9   13.3  12:56    203
 30   16.7   23.4  14:21   11.1  03:04    1.6    0.0    0.0    1.9   15.8  13:19    277
---------------------------------------------------------------------------------------
      16.2   29.3     07    1.6     24   71.5    8.0   55.2    3.6   36.7     22    332