Brak ostrzeżeń.   -   Brak ostrzeżeń pogodowych

NOAA-Style Climate Reports

Wybież rok albo miesiąc raportu
2017: Sty Lut Mar Kwi Maj Cze Lip Sie Wrz Paź Lis Gru
2016: Sty Lut Mar Kwi Maj Cze Lip Sie Wrz Paź Lis Gru
2015: Sty Lut Mar Kwi Maj Cze Lip Sie Wrz Paź Lis Gru
2014: Sty Lut Mar Kwi Maj Cze Lip Sie Wrz Paź Lis Gru
2013: Sty Lut Mar Kwi Maj Cze Lip Sie Wrz Paź Lis Gru
2012: Sty Lut Mar Kwi Maj Cze Lip Sie Wrz Paź Lis Gru

Raport dla 2014 Październik
                   Monthly Climatological Summary for Oct 2014


Name: Smolec, Poland    City: Smolec         State: Dolnyslask              
Elevation: 123 m    Lat: 51-05.22 N    Lon: 016-54.37 E


                   Temperature (C), Rain (mm), Wind Speed (km/h)

                                         Heat   Cool         Avg
      Mean                               Deg    Deg          Wind                   Dom
Day   Temp   High   Time    Low   Time   Days   Days   Rain  Speed   High   Time    Dir
---------------------------------------------------------------------------------------
 01   14.8   16.3  14:42   12.5  22:24    3.5    0.0    0.0    2.6   17.3  10:56    309
 02   13.3   14.6  15:01   12.4  07:17    5.0    0.0    0.0    2.0   13.3  12:25      2
 03   13.6   19.9  14:28    7.9  23:54    4.7    0.0    0.0    1.6   15.8  11:22    109
 04   10.9   18.2  14:57    4.0  06:24    7.4    0.0    0.0    2.7   25.6  12:09    131
 05   10.0   17.1  15:52    5.0  07:11    8.3    0.0    0.0    2.1   14.8  12:54    127
 06   11.9   18.7  15:03    5.3  07:01    6.5    0.0    0.0    3.1   18.4  13:46    140
 07   13.2   18.8  14:09    8.9  07:12    5.1    0.0    0.0    6.7   39.2  17:31    173
 08   15.2   20.6  16:07   12.5  00:00    3.2    0.0    6.9    4.3   28.1  00:27    175
 09   17.1   24.8  14:46   11.4  23:58    1.3    0.0    0.0    3.3   20.9  13:22    181
 10   15.3   22.8  14:42    8.1  07:18    3.0    0.0    0.0    1.0   11.2  12:34    314
 11   16.9   23.2  16:26   12.3  07:22    1.5    0.0    0.0    2.3   13.3  11:52    166
 12   15.7   21.1  14:21   10.9  23:12    2.6    0.0    0.0    1.7   15.8  12:12    331
 13   15.1   23.4  15:41   10.2  06:16    3.2    0.0    0.0    2.9   19.4  15:06    161
 14   13.3   18.0  15:52    9.8  23:52    5.0    0.0    5.1    2.8   25.6  10:48    299
 15   11.4   19.6  13:28    7.3  07:31    6.9    0.0    3.0    0.7    7.2  13:32    169
 16   10.5   14.1  17:01    6.4  06:07    7.8    0.0    0.9    0.7   11.2  13:57    185
 17   11.9   16.5  15:39    8.8  01:14    6.4    0.0    2.1    3.5   27.0  15:41    301
 18   12.3   21.5  14:11    8.7  23:56    6.0    0.0    0.3    2.0   14.8  10:47    296
 19   13.3   21.0  14:29    5.0  07:41    5.1    0.0    0.0    4.6   23.4  21:18    199
 20   15.1   17.3  11:57   11.9  23:32    3.3    0.0    0.9    6.4   35.6  12:44    293
 21   13.2   18.0  14:37   10.3  07:37    5.1    0.0    0.0    3.2   27.0  15:53    204
 22    7.0   12.1  00:07    4.7  20:28   11.4    0.0   24.9    8.1   36.7  05:17    306
 23    4.7    6.7  00:47    2.8  10:07   13.7    0.0    4.8    7.8   30.6  03:09     15
 24    3.6    7.8  15:51    1.4  23:59   14.7    0.0    0.0    2.7   17.3  20:23     54
 25    4.5   11.4  15:29    0.6  01:23   13.8    0.0    0.0    4.3   17.3  10:38    157
 26    4.9   14.1  13:56   -3.0  06:46   13.4    0.0    0.0    1.6    9.7  14:46    165
 27    5.1   15.1  13:56   -2.5  05:01   13.3    0.0    0.3    1.4   12.2  11:06    168
 28    5.0   13.8  13:51   -1.8  06:51   13.3    0.0    0.0    2.8   14.8  11:21    146
 29    6.0   15.4  13:31   -2.0  04:52   12.3    0.0    0.0    2.4   19.4  14:47    181
 30    4.9   11.2  13:24   -1.9  05:18   13.4    0.0    0.0    0.9   14.8  12:59    303
 31    7.9   13.2  14:18    4.0  23:42   10.4    0.0    0.0    1.3    9.7  12:21    152
---------------------------------------------------------------------------------------
      10.9   24.8     09   -3.0     26  230.5    0.0   49.2    3.0   39.2     07    197