Brak ostrzeżeń.   -   Brak ostrzeżeń pogodowych

NOAA-Style Climate Reports

Wybież rok albo miesiąc raportu
2017: Sty Lut Mar Kwi Maj Cze Lip Sie Wrz Paź Lis Gru
2016: Sty Lut Mar Kwi Maj Cze Lip Sie Wrz Paź Lis Gru
2015: Sty Lut Mar Kwi Maj Cze Lip Sie Wrz Paź Lis Gru
2014: Sty Lut Mar Kwi Maj Cze Lip Sie Wrz Paź Lis Gru
2013: Sty Lut Mar Kwi Maj Cze Lip Sie Wrz Paź Lis Gru
2012: Sty Lut Mar Kwi Maj Cze Lip Sie Wrz Paź Lis Gru

Raport dla 2014 Listopad
                   Monthly Climatological Summary for Nov 2014


Name: Smolec, Poland    City: Smolec         State: Dolnyslask              
Elevation: 123 m    Lat: 51-05.22 N    Lon: 016-54.37 E


                   Temperature (C), Rain (mm), Wind Speed (km/h)

                                         Heat   Cool         Avg
      Mean                               Deg    Deg          Wind                   Dom
Day   Temp   High   Time    Low   Time   Days   Days   Rain  Speed   High   Time    Dir
---------------------------------------------------------------------------------------
 01    7.7   16.5  14:52    3.1  03:22   10.6    0.0    0.0    1.1    8.6  13:39    161
 02    7.7   17.6  13:54    0.6  06:48   10.6    0.0    0.0    1.9   12.2  11:27    150
 03    8.1   15.1  14:09    3.1  07:41   10.2    0.0    0.0    2.5   20.9  16:12    169
 04    8.9   16.3  13:09    1.6  04:12    9.5    0.0    0.0    4.8   37.8  14:48    167
 05   13.0   18.1  14:07    7.7  00:38    5.4    0.0    0.0    6.3   34.2  11:56    172
 06    7.9   13.7  01:26    5.5  05:38   10.4    0.0    0.3    2.0   20.9  01:20    302
 07    5.9    6.7  00:00    5.2  07:31   12.4    0.0    1.8    0.9    8.6  10:17     21
 08    6.1   11.3  13:26    2.9  20:16   12.2    0.0    0.3    1.7   12.2  11:41    190
 09    4.8    8.1  20:52    1.1  08:07   13.6    0.0    0.0    4.3   20.9  12:16    130
 10    8.7   16.5  13:36    4.2  22:56    9.6    0.0    0.0    2.8   17.3  11:42    168
 11    7.8   16.0  14:07    2.3  02:51   10.5    0.0    0.0    0.9   11.2  13:21    128
 12   12.1   17.1  12:28    7.9  00:01    6.3    0.0    0.0    4.4   25.6  10:57    148
 13   10.2   16.4  12:41    6.2  07:18    8.1    0.0    0.0    0.7    9.7  00:49    152
 14    5.9    9.0  20:37    3.0  07:07   12.5    0.0    0.0    3.8   19.4  13:02    140
 15    9.2   13.4  12:37    6.7  06:41    9.1    0.0    0.0    7.0   28.1  10:43    121
 16    9.2   10.9  18:13    5.4  23:47    9.1    0.0    1.2    5.6   23.4  07:47    140
 17    5.0    8.1  13:21    0.5  05:47   13.3    0.0    0.0    2.2   15.8  18:48     95
 18    4.7    6.3  13:41    3.1  23:22   13.7    0.0    2.7    4.8   20.9  07:18     97
 19    4.0    6.8  13:46    2.6  04:21   14.3    0.0    0.3    3.5   19.4  00:17     24
 20    2.3    3.5  13:11    1.1  07:51   16.1    0.0    0.0    4.2   17.3  00:41    316
 21    1.3    1.9  18:46    0.5  07:21   17.1    0.0    0.6    1.5   11.2  05:11    329
 22    2.1    4.1  18:21   -0.4  07:06   16.2    0.0    0.0    3.4   13.3  19:51    122
 23    4.6    8.5  12:56    2.1  05:46   13.7    0.0    0.0    5.9   24.5  23:26    137
 24    4.0    6.4  13:51    1.8  06:26   14.3    0.0    1.5    6.2   27.0  09:17    150
 25    3.2    6.1  12:41   -0.8  08:11   15.1    0.0    0.0    1.6   12.2  01:21    319
 26    3.4    6.6  14:46    1.3  23:56   15.0    0.0    0.3    2.5   14.8  14:36    124
 27    1.3    4.6  13:18   -1.0  03:17   17.0    0.0    0.0    5.9   34.2  20:42    119
 28   -0.2    0.7  09:56   -0.9  17:42   18.5    0.0    0.0    6.0   25.6  14:26    115
 29   -2.2   -0.5  00:00   -3.1  06:07   20.5    0.0    0.0    6.9   29.5  05:57    120
 30   -2.4   -1.5  12:07   -3.3  22:53   20.7    0.0    0.0    7.9   27.0  06:42    129
---------------------------------------------------------------------------------------
       5.5   18.1     05   -3.3     30  385.7    0.0    9.0    3.8   37.8     04    135