Brak ostrzeżeń.   -   Brak ostrzeżeń pogodowych

NOAA-Style Climate Reports

Wybież rok albo miesiąc raportu
2017: Sty Lut Mar Kwi Maj Cze Lip Sie Wrz Paź Lis Gru
2016: Sty Lut Mar Kwi Maj Cze Lip Sie Wrz Paź Lis Gru
2015: Sty Lut Mar Kwi Maj Cze Lip Sie Wrz Paź Lis Gru
2014: Sty Lut Mar Kwi Maj Cze Lip Sie Wrz Paź Lis Gru
2013: Sty Lut Mar Kwi Maj Cze Lip Sie Wrz Paź Lis Gru
2012: Sty Lut Mar Kwi Maj Cze Lip Sie Wrz Paź Lis Gru

Raport dla 2014 Grudzień
                   Monthly Climatological Summary for Dec 2014


Name: Smolec, Poland    City: Smolec         State: Dolnyslask              
Elevation: 123 m    Lat: 51-05.22 N    Lon: 016-54.37 E


                   Temperature (C), Rain (mm), Wind Speed (km/h)

                                         Heat   Cool         Avg
      Mean                               Deg    Deg          Wind                   Dom
Day   Temp   High   Time    Low   Time   Days   Days   Rain  Speed   High   Time    Dir
---------------------------------------------------------------------------------------
 01   -2.9   -2.0  14:11   -3.5  06:11   21.2    0.0    0.0    7.6   25.6  01:23    106
 02   -2.0   -1.0  21:01   -2.9  00:00   20.4    0.0    0.0    5.2   19.4  02:11    107
 03    0.7    2.1  14:12   -1.0  00:00   17.6    0.0    0.0    3.3   14.8  05:16    124
 04    3.4    8.1  13:56    0.8  23:56   14.9    0.0    0.0    4.4   17.3  11:21    116
 05    0.2    2.0  20:26   -2.0  07:26   18.2    0.0    0.0    4.2   18.4  06:41    128
 06    1.2    2.0  00:00    0.4  08:37   17.2    0.0    1.2    0.7    6.1  13:31    359
 07    0.3    1.7  14:52   -1.1  08:11   18.0    0.0    0.0    0.9    8.6  01:41    301
 08    0.6    4.8  14:17   -3.8  22:56   17.7    0.0    0.3    3.1   23.4  11:17    282
 09   -3.2    5.0  13:24   -7.9  08:18   21.5    0.0    0.3    0.2    6.1  21:46    271
 10   -1.7    1.8  18:52   -7.4  03:09   20.1    0.0    0.0    3.6   24.5  10:44    184
 11    3.3    5.6  14:26    1.6  00:31   15.0    0.0    1.2    6.3   23.4  12:43    201
 12    6.3   10.0  23:52    1.9  03:47   12.1    0.0    0.3   10.6   42.8  19:37    205
 13    6.9   10.7  05:11    3.3  23:58   11.5    0.0    0.3    4.9   33.1  02:58    215
 14    2.7    3.3  00:01    1.1  23:50   15.6    0.0    1.5    0.5    6.1  06:21     62
 15    5.1   10.3  11:59   -0.1  04:19   13.2    0.0    0.0    3.5   24.5  15:32    185
 16    4.5    6.4  00:51    2.4  04:36   13.9    0.0    0.0    1.0    9.7  06:37    174
 17    3.8    6.3  11:43    0.7  08:09   14.6    0.0    0.0    4.8   20.9  05:23    210
 18    7.6   10.2  21:41    4.4  00:16   10.7    0.0    0.6    5.9   22.0  14:43    199
 19   11.2   13.4  08:31    8.1  23:41    7.1    0.0    3.9    9.8   35.6  20:12    227
 20    5.8    8.1  00:01    2.2  20:12   12.6    0.0    1.2   11.0   45.4  23:21    272
 21    4.7    6.5  23:51    2.4  04:38   13.7    0.0    0.6   13.0   60.1  00:24    302
 22    9.0   11.1  15:06    5.2  03:31    9.3    0.0    2.1   13.6   47.9  20:41    294
 23   11.1   11.9  11:21    9.8  02:46    7.3    0.0    0.6   13.0   46.4  13:06    304
 24    8.6   11.2  00:00    6.4  17:57    9.8    0.0    1.2    9.5   29.5  15:17    222
 25    4.8    8.6  00:16    3.1  20:08   13.5    0.0    0.6    9.3   34.2  00:33    299
 26   -1.5    3.9  00:33   -6.3  21:21   19.9    0.0    0.6    5.2   30.6  03:33    332
 27   -6.4   -2.9  11:57   -9.4  23:22   24.7    0.0    0.0    3.8   22.0  18:24    120
 28   -7.6   -4.8  23:03   -9.4  00:00   25.9    0.0    0.0    6.0   23.4  13:32    343
 29   -4.4   -2.1  13:16   -6.9  21:21   22.8    0.0    0.0    6.2   27.0  00:18    330
 30   -4.7   -4.0  14:46   -5.5  22:59   23.0    0.0    0.0    4.5   29.5  00:23    300
 31   -1.1    1.3  14:43   -5.3  00:00   19.5    0.0    0.0    3.5   18.4  12:52    196
---------------------------------------------------------------------------------------
       2.1   13.4     19   -9.4     27  502.4    0.0   16.5    5.8   60.1     21    245