Brak ostrzeżeń.   -   Brak ostrzeżeń pogodowych

NOAA-Style Climate Reports

Wybież rok albo miesiąc raportu
2017: Sty Lut Mar Kwi Maj Cze Lip Sie Wrz Paź Lis Gru
2016: Sty Lut Mar Kwi Maj Cze Lip Sie Wrz Paź Lis Gru
2015: Sty Lut Mar Kwi Maj Cze Lip Sie Wrz Paź Lis Gru
2014: Sty Lut Mar Kwi Maj Cze Lip Sie Wrz Paź Lis Gru
2013: Sty Lut Mar Kwi Maj Cze Lip Sie Wrz Paź Lis Gru
2012: Sty Lut Mar Kwi Maj Cze Lip Sie Wrz Paź Lis Gru

Raport dla 2015
                     Annual Climatological Summary for year 2015


NAME: Smolec, Poland    City: Smolec               State: Dolnyslask
ELEV: 123 m                LAT: 51-05.22 N    LONG: 016-54.37 E


                                       TEMPERATURE (C)

                              HEAT    COOL                              MAX    MAX    MIN    MIN
          MEAN   MEAN         DEG     DEG                                >=     <=     <=     <=
 YR  MO   MAX    MIN    MEAN  DAYS    DAYS      HI  DAY     LOW  DAY     30      0      0    -20
------------------------------------------------------------------------------------------------
2015 01    4.8   -0.3    2.1  501.8    0.0    14.9   10    -7.7   07      0      2     17      0
2015 02    5.6   -1.7    1.8  463.9    0.0    11.4   15    -7.0   07      0      2     19      0
2015 03   11.4    1.1    6.0  382.7    0.0    19.3   25    -3.4   23      0      0     10      0
2015 04   15.1    3.5    9.5  265.2    0.0    26.3   27    -1.8   05      0      0      7      0
2015 05   20.0    8.0   14.1  131.5    1.4    27.4   05     0.9   02      0      0      0      0
2015 06   23.3   11.3   17.3   58.5   27.4    32.9   06     6.9   25      3      0      0      0
2015 07   28.2   14.5   21.5   14.4  108.7    36.3   04     8.1   11     11      0      0      0
2015 08   31.4   15.9   23.6    1.1  164.2    38.7   08     7.1   01     18      0      0      0
2015 09   22.0   10.2   15.8   94.1   17.7    36.5   01     3.4   30      2      0      0      0
2015 10   13.4    4.7    8.9  292.8    0.0    24.6   04    -1.9   12      0      0      3      0
2015 11   11.0    2.7    6.9  343.0    0.0    18.2   02    -3.9   03      0      0     11      0
2015 12    9.6    2.5    6.2  376.6    0.0    15.8   26    -5.5   31      0      0      8      0
------------------------------------------------------------------------------------------------
          16.4    6.1   11.2 2925.5  319.4    38.7  Aug    -7.7  Jan     34      4     75      0


                  PRECIPITATION (mm)

                  MAX         ---DAYS OF RAIN---
                  OBS.               OVER
 YR  MO  TOTAL    DAY  DATE   0.30   3.00  30.00
------------------------------------------------
2015 01   36.3    9.6    10     16      3      0
2015 02    8.4    4.2    09      4      1      0
2015 03   25.2    4.5    31     12      4      0
2015 04   17.1    6.3    03      8      3      0
2015 05   31.5   13.2    20      7      2      0
2015 06   54.3   10.2    13     14      6      0
2015 07   60.9   18.0    19     12      6      0
2015 08   10.2    3.6    22      4      2      0
2015 09   21.3    6.3    08      8      2      0
2015 10   31.5   11.7    16      5      4      0
2015 11   47.7   17.7    15     14      4      0
2015 12   17.4    3.9    13      7      2      0
------------------------------------------------
         361.8   18.0   Jul    111     39      0


           WIND SPEED (km/h)

                                DOM
 YR  MO    AVG     HI   DATE    DIR
-----------------------------------
2015 01    7.0   58.7     09    267 
2015 02    4.8   42.8     08    263 
2015 03    5.8   62.3     30    279 
2015 04    6.8   55.1     13    322 
2015 05    4.6   40.3     10    302 
2015 06    4.2   49.0     01    322 
2015 07    4.6   78.5     19    303 
2015 08    3.9   33.1     24    131 
2015 09    4.9   57.6     17    301 
2015 10    3.7   34.2     11     76 
2015 11    5.6   63.7     18    266 
2015 12    5.7   60.1     13    222 
-----------------------------------
           5.1   78.5    Jul    285