Brak ostrzeżeń.   -   Brak ostrzeżeń pogodowych

NOAA-Style Climate Reports

Wybież rok albo miesiąc raportu
2017: Sty Lut Mar Kwi Maj Cze Lip Sie Wrz Paź Lis Gru
2016: Sty Lut Mar Kwi Maj Cze Lip Sie Wrz Paź Lis Gru
2015: Sty Lut Mar Kwi Maj Cze Lip Sie Wrz Paź Lis Gru
2014: Sty Lut Mar Kwi Maj Cze Lip Sie Wrz Paź Lis Gru
2013: Sty Lut Mar Kwi Maj Cze Lip Sie Wrz Paź Lis Gru
2012: Sty Lut Mar Kwi Maj Cze Lip Sie Wrz Paź Lis Gru

Raport dla 2015 Styczeń
                   Monthly Climatological Summary for Jan 2015


Name: Smolec, Poland    City: Smolec         State: Dolnyslask              
Elevation: 123 m    Lat: 51-05.22 N    Lon: 016-54.37 E


                   Temperature (C), Rain (mm), Wind Speed (km/h)

                                         Heat   Cool         Avg
      Mean                               Deg    Deg          Wind                   Dom
Day   Temp   High   Time    Low   Time   Days   Days   Rain  Speed   High   Time    Dir
---------------------------------------------------------------------------------------
 01    1.4    4.2  13:41   -0.7  19:11   16.9    0.0    0.9    7.2   27.0  14:01    302
 02    4.1    6.5  15:11    0.5  01:06   14.2    0.0    2.1    9.6   42.8  15:51    268
 03    4.2    5.9  13:01    2.1  23:52   14.2    0.0    0.3   10.2   42.8  02:41    291
 04    2.2    4.2  13:21    0.8  01:32   16.2    0.0    0.3   16.2   49.0  11:32    312
 05   -0.6    1.1  00:00   -1.7  20:26   19.0    0.0    2.4    7.4   33.1  00:26    311
 06   -4.3   -1.2  00:00   -7.4  23:36   22.6    0.0    0.0    2.5   12.2  04:31    317
 07   -3.2    0.2  11:51   -7.7  01:01   21.6    0.0    0.3    6.2   25.6  06:16    271
 08    1.6    4.8  22:41   -1.8  07:31   16.7    0.0    2.7    5.7   35.6  21:21    200
 09    5.3    9.1  15:41    2.4  17:56   13.1    0.0    8.1   12.5   58.7  16:52    284
 10    8.7   14.9  14:46    4.4  07:42    9.7    0.0    9.6   12.8   58.7  21:32    300
 11    3.8    5.5  00:00    2.3  23:52   14.6    0.0    0.3   14.2   54.0  21:31    305
 12    4.6    6.7  14:16    1.1  02:41   13.7    0.0    0.6   12.5   42.8  00:11    257
 13    8.2   11.0  13:36    5.1  05:26   10.2    0.0    0.0   10.4   45.4  13:58    205
 14    8.0   11.7  12:23    4.3  19:26   10.3    0.0    0.6    7.8   30.6  12:17    212
 15    3.9    5.9  13:36    0.3  07:23   14.4    0.0    0.3    9.1   30.6  00:52    187
 16    5.7   11.1  14:07    0.0  21:46   12.6    0.0    0.0    3.6   23.4  00:00    169
 17    2.5    5.2  09:27    0.4  00:07   15.9    0.0    0.9    4.1   25.6  10:28    304
 18    1.9    6.4  13:22   -0.4  23:01   16.4    0.0    0.9    2.0   13.4  23:23    154
 19    0.4    1.4  12:32   -2.0  00:59   17.9    0.0    0.0    2.6   13.3  09:54    118
 20    0.1    1.4  15:06   -1.2  09:46   18.2    0.0    0.0    2.0   13.3  08:34    151
 21    0.6    1.9  13:32   -1.0  05:16   17.7    0.0    0.0    2.3   14.8  09:56    338
 22    2.6    5.1  12:46    1.3  04:31   15.7    0.0    0.0    3.4   17.3  09:56     96
 23    0.4    2.5  00:00   -1.6  23:37   18.0    0.0    0.0    4.4   17.3  13:21      7
 24   -2.1   -1.1  13:37   -3.1  03:17   20.4    0.0    0.0    2.7   18.4  22:31    357
 25   -1.0    0.6  14:57   -1.9  00:51   19.3    0.0    0.3    6.0   25.6  13:01    313
 26   -0.4    3.0  14:22   -2.3  22:21   18.8    0.0    0.0    3.4   17.3  14:36    197
 27    0.6    2.5  14:31   -0.9  00:00   17.7    0.0    4.8    5.9   20.9  15:27    281
 28    2.1    4.9  12:26    0.2  05:26   16.2    0.0    0.0    7.4   25.6  06:47    226
 29    2.8    5.3  12:28    1.0  19:51   15.6    0.0    0.0   11.1   39.2  04:17    192
 30    1.8    4.8  12:07   -0.1  03:11   16.5    0.0    0.9    5.8   30.6  18:17    176
 31    0.9    3.2  12:07   -1.5  03:11   17.4    0.0    0.0    6.0   27.0  14:19    202
---------------------------------------------------------------------------------------
       2.1   14.9     10   -7.7     07  501.8    0.0   36.3    7.0   58.7     09    267