Brak ostrzeżeń.   -   Brak ostrzeżeń pogodowych

NOAA-Style Climate Reports

Wybież rok albo miesiąc raportu
2017: Sty Lut Mar Kwi Maj Cze Lip Sie Wrz Paź Lis Gru
2016: Sty Lut Mar Kwi Maj Cze Lip Sie Wrz Paź Lis Gru
2015: Sty Lut Mar Kwi Maj Cze Lip Sie Wrz Paź Lis Gru
2014: Sty Lut Mar Kwi Maj Cze Lip Sie Wrz Paź Lis Gru
2013: Sty Lut Mar Kwi Maj Cze Lip Sie Wrz Paź Lis Gru
2012: Sty Lut Mar Kwi Maj Cze Lip Sie Wrz Paź Lis Gru

Raport dla 2015 Luty
                   Monthly Climatological Summary for Feb 2015


Name: Smolec, Poland    City: Smolec         State: Dolnyslask              
Elevation: 123 m    Lat: 51-05.22 N    Lon: 016-54.37 E


                   Temperature (C), Rain (mm), Wind Speed (km/h)

                                         Heat   Cool         Avg
      Mean                               Deg    Deg          Wind                   Dom
Day   Temp   High   Time    Low   Time   Days   Days   Rain  Speed   High   Time    Dir
---------------------------------------------------------------------------------------
 01    1.1    6.0  13:41   -1.4  07:52   17.3    0.0    0.0    5.4   24.5  15:19    197
 02    1.0    4.1  14:46   -1.1  01:06   17.4    0.0    0.0    3.7   24.5  14:21    231
 03    0.6    3.7  12:01   -1.3  06:31   17.7    0.0    0.0    5.1   23.4  15:06    201
 04   -1.7    1.0  13:16   -3.7  04:31   20.0    0.0    0.3    2.7   15.8  13:26    292
 05   -2.7   -0.4  14:12   -5.2  08:12   21.0    0.0    0.0    2.6   12.2  21:41    357
 06   -2.2   -0.7  15:06   -3.6  00:00   20.5    0.0    0.0    5.4   25.6  08:02     28
 07   -2.3    1.8  15:26   -7.0  06:21   20.6    0.0    0.6    8.3   37.8  23:41    305
 08   -0.8    1.5  02:46   -2.6  07:41   19.1    0.0    2.1   12.4   42.8  04:01    330
 09    0.1    2.6  23:49   -1.7  00:26   18.2    0.0    4.2   11.2   34.2  13:14    307
 10    3.7    5.7  13:21    2.1  23:53   14.6    0.0    0.3    9.6   30.6  08:49    306
 11    3.7    5.4  14:28    1.9  00:32   14.7    0.0    0.0    4.4   19.4  02:26    302
 12    2.5    7.5  15:02   -2.3  22:47   15.8    0.0    0.0    2.7   18.4  12:29    175
 13    1.3    8.2  14:11   -4.3  05:09   17.0    0.0    0.3    3.3   22.0  13:27    178
 14    2.7    8.1  13:59   -3.1  03:09   15.6    0.0    0.0    6.6   49.0  11:42    176
 15    3.0   11.4  14:36   -2.4  07:22   15.3    0.0    0.0    3.4   19.4  20:33    104
 16   -0.3    0.3  04:19   -1.9  23:43   18.7    0.0    0.0    8.4   34.2  14:29    122
 17    0.5    6.5  15:12   -4.1  07:03   17.9    0.0    0.0    5.7   27.0  13:31    149
 18    1.0    2.9  16:07   -1.8  20:31   17.3    0.0    0.0    3.1   17.3  02:21    291
 19    0.5    6.5  16:01   -5.2  06:26   17.8    0.0    0.0    1.7   12.2  10:47    192
 20    2.5    9.5  15:16   -4.9  06:57   15.8    0.0    0.0    3.9   27.0  23:17    178
 21    4.8   10.1  13:47    0.3  23:51   13.5    0.0    0.0    4.5   30.6  04:57    183
 22    1.9    7.0  13:51   -2.7  06:46   16.5    0.0    0.0    2.1   18.4  14:27    326
 23    4.3    7.4  15:57    0.8  00:00   14.1    0.0    0.3    5.3   33.1  17:12    175
 24    5.2    9.3  13:51    1.2  23:11   13.2    0.0    0.3    1.6   11.2  09:37    220
 25    4.4    7.6  13:41    0.3  06:26   13.9    0.0    0.0    2.9   19.4  12:56    310
 26    4.2    7.6  11:36    0.1  06:37   14.2    0.0    0.0    2.1   14.8  12:21    332
 27    5.6    8.8  14:07    3.0  04:56   12.7    0.0    0.0    2.8   15.8  13:17    156
 28    4.8    7.2  15:42    1.9  07:16   13.5    0.0    0.0    5.4   27.0  05:26    300
---------------------------------------------------------------------------------------
       1.8   11.4     15   -7.0     07  463.9    0.0    8.4    4.8   49.0     14    263