Brak ostrzeżeń.   -   Brak ostrzeżeń pogodowych

NOAA-Style Climate Reports

Wybież rok albo miesiąc raportu
2017: Sty Lut Mar Kwi Maj Cze Lip Sie Wrz Paź Lis Gru
2016: Sty Lut Mar Kwi Maj Cze Lip Sie Wrz Paź Lis Gru
2015: Sty Lut Mar Kwi Maj Cze Lip Sie Wrz Paź Lis Gru
2014: Sty Lut Mar Kwi Maj Cze Lip Sie Wrz Paź Lis Gru
2013: Sty Lut Mar Kwi Maj Cze Lip Sie Wrz Paź Lis Gru
2012: Sty Lut Mar Kwi Maj Cze Lip Sie Wrz Paź Lis Gru

Raport dla 2015 Marzec
                   Monthly Climatological Summary for Mar 2015


Name: Smolec, Poland    City: Smolec         State: Dolnyslask              
Elevation: 123 m    Lat: 51-05.22 N    Lon: 016-54.37 E


                   Temperature (C), Rain (mm), Wind Speed (km/h)

                                         Heat   Cool         Avg
      Mean                               Deg    Deg          Wind                   Dom
Day   Temp   High   Time    Low   Time   Days   Days   Rain  Speed   High   Time    Dir
---------------------------------------------------------------------------------------
 01    3.9    8.5  12:07   -1.7  06:52   14.4    0.0    0.3    6.9   31.7  10:36    185
 02    6.3   10.6  14:08    3.0  23:21   12.1    0.0    0.0   10.2   51.5  10:47    256
 03    4.0    8.2  14:26    0.9  04:22   14.3    0.0    0.6    9.9   45.4  09:32    293
 04    4.8    7.6  15:02    2.1  20:07   13.6    0.0    0.0   10.0   40.3  11:38    296
 05    3.3    7.3  15:09    0.1  23:26   15.0    0.0    0.0    4.8   25.6  11:56    319
 06    3.3    8.1  14:16   -1.9  06:46   15.1    0.0    0.0    3.3   18.4  14:41    300
 07    6.2   11.6  13:26    1.9  03:41   12.1    0.0    0.0    3.6   18.4  13:36    209
 08    7.9   16.9  14:46    0.7  06:41   10.4    0.0    0.0    2.8   14.8  13:46    181
 09    7.8   16.1  15:06    2.1  23:56   10.5    0.0    0.0    2.6   22.0  14:20    279
 10    7.4   16.5  16:07   -1.7  06:48   11.0    0.0    0.0    1.9   12.2  15:12    266
 11    4.5    7.9  00:00    2.7  22:07   13.8    0.0    2.1    5.6   30.6  01:38    342
 12    4.2    6.8  13:57    2.3  05:17   14.1    0.0    0.0    5.4   25.6  13:12    350
 13    2.9    4.4  11:02    1.7  21:13   15.5    0.0    1.8    5.2   18.4  09:31     16
 14    2.7    4.6  15:17    1.0  04:37   15.7    0.0    4.2    3.6   15.8  15:49     26
 15    6.1   10.0  13:11    3.2  04:57   12.2    0.0    0.3    5.5   25.6  11:54    130
 16    7.7   13.7  13:42    2.8  04:28   10.6    0.0    0.0    6.7   30.6  13:18    123
 17    9.0   16.7  15:31    2.5  06:07    9.4    0.0    0.0    7.0   28.6  22:46    130
 18    7.2   13.8  14:07    1.5  06:16   11.2    0.0    0.0    5.4   24.5  09:38    115
 19    4.4   11.8  17:20   -2.4  06:14   14.0    0.0    0.0    2.1   18.4  11:13    116
 20    5.4   13.4  16:13   -1.3  06:16   12.9    0.0    0.0    2.0   17.3  12:32    160
 21    7.5   15.4  14:41   -1.5  06:16   10.8    0.0    0.0    4.0   22.0  12:56    331
 22    2.3    6.8  15:36   -1.4  23:46   16.0    0.0    0.0    5.4   28.1  03:11     23
 23    3.5   10.6  15:21   -3.4  01:37   14.8    0.0    0.0    3.3   18.4  09:36    163
 24    7.9   16.6  14:26   -1.3  02:37   10.5    0.0    0.0    3.5   22.0  10:01    185
 25   10.5   19.3  14:46   -0.1  06:01    7.8    0.0    0.0    2.8   20.9  13:46    138
 26   11.6   16.4  14:17    7.3  23:57    6.7    0.0    1.5    5.5   27.0  14:21    199
 27    7.1    9.3  17:21    5.6  08:11   11.2    0.0    2.7    6.4   23.4  12:41    312
 28    5.9    9.2  13:57    1.0  23:52   12.4    0.0    1.2    6.5   29.5  10:57    308
 29    7.0   11.5  13:32    0.4  01:01   11.4    0.0    3.0    5.8   24.5  14:24    198
 30    7.7   10.6  11:21    4.3  12:23   10.6    0.0    3.0   14.8   63.7  11:58    296
 31    5.9   13.0  16:41    2.2  05:48   12.5    0.0    4.5   15.5   68.4  19:52    278
---------------------------------------------------------------------------------------
       6.0   19.3     25   -3.4     23  382.6    0.0   25.2    5.8   68.4     31    279