Brak ostrzeżeń.   -   Brak ostrzeżeń pogodowych

NOAA-Style Climate Reports

Wybież rok albo miesiąc raportu
2017: Sty Lut Mar Kwi Maj Cze Lip Sie Wrz Paź Lis Gru
2016: Sty Lut Mar Kwi Maj Cze Lip Sie Wrz Paź Lis Gru
2015: Sty Lut Mar Kwi Maj Cze Lip Sie Wrz Paź Lis Gru
2014: Sty Lut Mar Kwi Maj Cze Lip Sie Wrz Paź Lis Gru
2013: Sty Lut Mar Kwi Maj Cze Lip Sie Wrz Paź Lis Gru
2012: Sty Lut Mar Kwi Maj Cze Lip Sie Wrz Paź Lis Gru

Raport dla 2015 Kwiecień
                   Monthly Climatological Summary for Apr 2015


Name: Smolec, Poland    City: Smolec         State: Dolnyslask              
Elevation: 123 m    Lat: 51-05.22 N    Lon: 016-54.37 E


                   Temperature (C), Rain (mm), Wind Speed (km/h)

                                         Heat   Cool         Avg
      Mean                               Deg    Deg          Wind                   Dom
Day   Temp   High   Time    Low   Time   Days   Days   Rain  Speed   High   Time    Dir
---------------------------------------------------------------------------------------
 01    4.7    7.1  14:37    0.5  22:24   13.6    0.0    0.6   19.5   56.2  03:18    317
 02    1.8    5.1  16:16   -0.2  23:16   16.6    0.0    4.2    9.6   36.7  14:31    324
 03    3.6    7.6  14:16   -0.3  00:28   14.8    0.0    6.3   11.3   39.2  11:02    319
 04    3.8    9.3  12:16   -0.4  06:54   14.5    0.0    0.0    5.4   36.7  12:19    324
 05    2.7    7.7  15:56   -1.8  06:24   15.7    0.0    0.3    5.0   35.6  16:38    340
 06    2.1    6.9  14:56   -1.3  06:07   16.3    0.0    0.9    5.2   31.7  16:18     11
 07    5.5   10.9  15:01   -1.7  06:43   12.9    0.0    0.0    7.0   29.5  15:03    322
 08    7.8   10.2  14:22    6.7  05:57   10.5    0.0    0.0    8.4   28.1  14:48    331
 09    8.8   15.1  16:12    2.0  05:51    9.6    0.0    0.0    4.1   20.9  15:21    186
 10   11.9   20.7  15:41    1.7  05:12    6.5    0.0    0.0    2.0   15.8  17:11    183
 11   14.5   23.6  14:36    5.2  06:08    3.8    0.0    0.0    3.7   19.4  14:48    242
 12   12.3   15.6  16:16    7.7  23:36    6.0    0.0    0.0    6.8   33.1  08:08    316
 13   10.1   14.7  08:31    6.0  22:46    8.2    0.0    0.0   10.7   55.1  09:47    319
 14    8.4   13.7  14:22    2.4  05:01    9.9    0.0    0.0    8.5   31.7  11:46    318
 15   16.2   22.4  17:16   10.5  00:00    2.1    0.0    0.0    7.8   30.6  12:17    320
 16   13.4   15.5  10:07    9.9  23:57    4.9    0.0    0.0    7.2   30.6  14:11    328
 17    9.4   13.9  14:26    5.7  23:52    9.0    0.0    0.0    5.4   25.6  14:56    347
 18    5.5    8.8  15:41    1.9  06:46   12.8    0.0    0.6    7.1   29.5  13:52    344
 19    7.9   14.7  15:17   -0.6  05:51   10.4    0.0    0.0    5.4   27.0  12:07    337
 20   10.7   16.7  14:07    4.3  06:31    7.6    0.0    0.0    9.9   40.3  17:42      5
 21   12.5   21.5  15:26    3.0  06:11    5.9    0.0    0.0    9.7   43.9  14:11    334
 22    9.5   15.6  13:07    1.4  05:31    8.8    0.0    0.0    4.8   23.4  14:02    317
 23   11.9   20.6  16:46    2.4  05:02    6.4    0.0    0.0    2.8   17.3  13:07    311
 24   14.8   21.3  15:57    7.1  04:11    3.5    0.0    0.0    3.5   22.0  13:56    288
 25   16.3   23.8  15:11    6.8  05:46    2.0    0.0    0.0    3.9   23.4  17:02    223
 26   15.7   19.2  12:47   11.3  23:56    2.6    0.0    0.9    4.0   18.4  14:52    220
 27   17.0   26.3  16:42    7.6  05:56    1.4    0.0    0.0    5.2   27.0  17:57    176
 28    8.1   15.2  00:00    3.5  21:41   10.3    0.0    3.3   10.2   35.6  17:06    325
 29    8.1   14.7  17:16    2.3  04:07   10.2    0.0    0.0    6.6   30.6  10:07    338
 30    9.9   16.1  15:51    2.3  05:41    8.4    0.0    0.0    4.0   14.8  10:56    185
---------------------------------------------------------------------------------------
       9.5   26.3     27   -1.8     05  265.2    0.0   17.1    6.8   56.2     01    322