Brak ostrzeżeń.   -   Brak ostrzeżeń pogodowych

NOAA-Style Climate Reports

Wybież rok albo miesiąc raportu
2017: Sty Lut Mar Kwi Maj Cze Lip Sie Wrz Paź Lis Gru
2016: Sty Lut Mar Kwi Maj Cze Lip Sie Wrz Paź Lis Gru
2015: Sty Lut Mar Kwi Maj Cze Lip Sie Wrz Paź Lis Gru
2014: Sty Lut Mar Kwi Maj Cze Lip Sie Wrz Paź Lis Gru
2013: Sty Lut Mar Kwi Maj Cze Lip Sie Wrz Paź Lis Gru
2012: Sty Lut Mar Kwi Maj Cze Lip Sie Wrz Paź Lis Gru

Raport dla 2015 Maj
                   Monthly Climatological Summary for May 2015


Name: Smolec, Poland    City: Smolec         State: Dolnyslask              
Elevation: 123 m    Lat: 51-05.22 N    Lon: 016-54.37 E


                   Temperature (C), Rain (mm), Wind Speed (km/h)

                                         Heat   Cool         Avg
      Mean                               Deg    Deg          Wind                   Dom
Day   Temp   High   Time    Low   Time   Days   Days   Rain  Speed   High   Time    Dir
---------------------------------------------------------------------------------------
 01    9.2   13.6  18:11    4.7  23:56    9.2    0.0    2.1    2.8   30.6  12:17    259
 02    9.3   16.7  14:57    0.9  05:16    9.0    0.0    0.0    3.1   19.4  13:58    347
 03   12.5   20.7  14:48    2.9  05:08    5.8    0.0    0.0    4.6   23.4  19:58    176
 04   17.1   24.7  16:07   10.4  06:07    1.2    0.0    0.3    4.5   25.6  10:17    295
 05   19.7   27.4  15:03   11.5  04:56    0.0    1.4    0.0    5.2   25.6  12:56    177
 06   15.4   21.0  00:00   13.4  23:42    2.9    0.0   12.0    3.3   25.6  00:38    311
 07   14.2   19.2  12:37    8.1  23:57    4.1    0.0    0.0    4.7   29.5  15:01    309
 08   13.6   20.7  16:46    4.5  05:38    4.8    0.0    0.0    2.3   14.8  11:46    176
 09   14.7   21.1  16:21    7.3  05:28    3.7    0.0    0.0    2.8   19.4  23:06    205
 10   14.2   18.5  14:46   10.6  23:57    4.1    0.0    0.3    9.6   40.3  13:18    329
 11   13.7   20.4  16:38    6.1  05:46    4.7    0.0    0.0    3.0   14.8  15:51    227
 12   17.5   25.1  13:46    6.9  04:26    0.8    0.0    0.0    6.0   27.0  23:53    199
 13   15.0   20.9  00:01    9.9  05:52    3.4    0.0    0.6    7.1   42.8  00:21    331
 14   11.4   15.8  15:31    6.1  23:58    6.9    0.0    0.6    5.1   30.6  14:37    331
 15   11.9   20.0  16:16    2.8  05:32    6.4    0.0    0.0    2.5   20.9  16:17    325
 16   13.9   21.3  17:23    4.7  05:28    4.5    0.0    0.0    6.1   25.6  21:08    319
 17   12.3   15.8  16:37    8.6  23:48    6.0    0.0    0.0    9.8   37.8  10:37    322
 18   14.9   22.3  16:51    6.3  03:31    3.4    0.0    0.0    4.9   23.4  14:33    213
 19   16.9   22.5  11:21   11.0  05:43    1.4    0.0    0.0    3.6   18.4  09:26    217
 20   11.6   15.4  02:52    9.2  21:56    6.7    0.0   13.2    5.4   30.6  17:28    318
 21   11.6   16.4  12:07    8.6  05:22    6.8    0.0    2.4    3.1   17.3  11:16    336
 22   14.5   21.1  14:31    7.6  06:36    3.8    0.0    0.0    3.6   20.9  10:11      4
 23   15.3   20.4  16:13   11.2  04:17    3.0    0.0    0.0    2.7   19.4  15:38     97
 24   15.0   20.5  13:43    9.3  04:47    3.3    0.0    0.0    1.8   17.3  13:18    334
 25   16.2   23.6  13:51    8.2  06:12    2.2    0.0    0.0    2.8   25.6  18:36    244
 26   14.4   18.2  13:51   10.7  23:58    4.0    0.0    0.0    7.5   36.7  16:41    332
 27   11.3   14.4  15:07    7.9  04:22    7.0    0.0    0.0    8.6   33.1  13:03    328
 28   13.4   18.1  15:07    9.3  04:32    4.9    0.0    0.0    4.3   20.9  15:02    266
 29   15.9   22.7  18:28    9.6  03:27    2.5    0.0    0.0    2.8   24.5  20:52    233
 30   16.4   20.8  09:52   13.3  23:57    2.0    0.0    0.0    5.6   24.1  14:39    289
 31   15.2   21.3  16:11    7.2  05:27    3.1    0.0    0.0    4.5   28.1  13:32    220
---------------------------------------------------------------------------------------
      14.1   27.4     05    0.9     02  131.5    1.4   31.5    4.6   42.8     13    302