Brak ostrzeżeń.   -   Brak ostrzeżeń pogodowych

NOAA-Style Climate Reports

Wybież rok albo miesiąc raportu
2017: Sty Lut Mar Kwi Maj Cze Lip Sie Wrz Paź Lis Gru
2016: Sty Lut Mar Kwi Maj Cze Lip Sie Wrz Paź Lis Gru
2015: Sty Lut Mar Kwi Maj Cze Lip Sie Wrz Paź Lis Gru
2014: Sty Lut Mar Kwi Maj Cze Lip Sie Wrz Paź Lis Gru
2013: Sty Lut Mar Kwi Maj Cze Lip Sie Wrz Paź Lis Gru
2012: Sty Lut Mar Kwi Maj Cze Lip Sie Wrz Paź Lis Gru

Raport dla 2015 Czerwiec
                   Monthly Climatological Summary for Jun 2015


Name: Smolec, Poland    City: Smolec         State: Dolnyslask              
Elevation: 123 m    Lat: 51-05.22 N    Lon: 016-54.37 E


                   Temperature (C), Rain (mm), Wind Speed (km/h)

                                         Heat   Cool         Avg
      Mean                               Deg    Deg          Wind                   Dom
Day   Temp   High   Time    Low   Time   Days   Days   Rain  Speed   High   Time    Dir
---------------------------------------------------------------------------------------
 01   19.4   26.3  13:27   11.1  04:31    0.0    1.0    1.5    4.6   54.0  21:58    246
 02   19.9   26.7  16:12   12.6  04:07    0.0    1.6    0.9    4.8   34.2  15:02    227
 03   24.0   31.0  14:36   15.1  04:41    0.0    5.7    0.0    6.0   27.0  14:22    295
 04   18.8   24.1  16:38   12.3  23:56    0.0    0.4    0.0    4.3   27.0  11:56     17
 05   19.1   27.2  16:26    8.0  04:52    0.0    0.7    0.0    3.8   25.6  11:42    171
 06   23.5   33.0  17:07   12.2  04:31    0.0    5.2    0.0    3.6   17.3  11:43    186
 07   19.8   24.8  14:11   13.5  23:56    0.0    1.4    0.0    6.0   27.0  12:15     14
 08   15.1   19.2  15:34   12.4  07:31    3.2    0.0    6.6    3.6   23.4  15:16     37
 09   12.1   15.1  00:43    8.9  23:57    6.3    0.0    1.8    6.0   28.1  08:11     35
 10   15.1   21.2  13:21    7.9  03:16    3.3    0.0    0.3    2.6   17.3  11:18     27
 11   19.0   25.6  16:38   12.6  04:37    0.0    0.6    0.0    1.7   18.4  13:07    299
 12   19.1   27.8  13:04   13.2  05:16    0.0    0.7    3.6    2.4   18.4  13:04    136
 13   21.4   30.9  16:23   14.3  03:48    0.0    3.0   10.2    2.7   57.6  19:21    198
 14   22.4   28.8  17:16   16.4  02:11    0.0    4.0    0.0    3.8   20.9  11:39    309
 15   16.8   20.8  00:10   13.0  23:57    1.5    0.0    1.5    5.4   22.0  13:14      9
 16   13.6   18.4  16:07    7.3  04:56    4.7    0.0    0.0    3.7   22.0  11:11      3
 17   15.1   21.3  17:06   10.5  05:06    3.2    0.0    0.0    3.7   20.9  11:21    327
 18   15.3   22.0  14:11   11.3  02:07    3.1    0.0    0.6    3.5   23.4  23:59    268
 19   13.4   17.7  15:06   10.8  21:23    5.0    0.0    0.0    6.3   43.9  15:27    322
 20   12.8   16.8  16:51   10.3  05:11    5.5    0.0    2.4    4.9   22.0  17:06    317
 21   14.2   19.2  15:16   10.6  00:00    4.1    0.0    0.6    7.0   35.6  13:28    318
 22   14.5   21.4  14:56    8.4  04:56    3.8    0.0    5.4    4.2   22.0  15:26    207
 23   13.5   18.2  15:27   10.6  23:41    4.8    0.0    9.0    6.8   39.2  14:23    291
 24   13.7   17.4  12:21    9.2  04:52    4.6    0.0    0.0    6.0   25.6  12:23    302
 25   16.4   23.2  16:36    6.9  05:21    1.9    0.0    0.0    2.1   22.0  12:57    288
 26   18.9   26.6  15:26   10.5  04:12    0.0    0.6    0.0    2.1   17.3  13:06    301
 27   18.8   25.3  15:23   15.6  04:58    0.0    0.5    1.5    2.3   19.4  15:48    283
 28   16.1   18.7  17:36   12.6  23:56    2.2    0.0    8.4    5.9   29.5  14:47    327
 29   17.1   23.9  17:56    9.7  04:58    1.2    0.0    0.0    1.6   14.8  10:51    340
 30   20.1   27.3  15:48   11.9  04:51    0.0    1.8    0.0    3.1   19.4  15:28    322
---------------------------------------------------------------------------------------
      17.3   33.0     06    6.9     25   58.5   27.4   54.3    4.2   57.6     13    322