Brak ostrzeżeń.   -   Brak ostrzeżeń pogodowych

NOAA-Style Climate Reports

Wybież rok albo miesiąc raportu
2017: Sty Lut Mar Kwi Maj Cze Lip Sie Wrz Paź Lis Gru
2016: Sty Lut Mar Kwi Maj Cze Lip Sie Wrz Paź Lis Gru
2015: Sty Lut Mar Kwi Maj Cze Lip Sie Wrz Paź Lis Gru
2014: Sty Lut Mar Kwi Maj Cze Lip Sie Wrz Paź Lis Gru
2013: Sty Lut Mar Kwi Maj Cze Lip Sie Wrz Paź Lis Gru
2012: Sty Lut Mar Kwi Maj Cze Lip Sie Wrz Paź Lis Gru

Raport dla 2015 Lipiec
                   Monthly Climatological Summary for Jul 2015


Name: Smolec, Poland    City: Smolec         State: Dolnyslask              
Elevation: 123 m    Lat: 51-05.22 N    Lon: 016-54.37 E


                   Temperature (C), Rain (mm), Wind Speed (km/h)

                                         Heat   Cool         Avg
      Mean                               Deg    Deg          Wind                   Dom
Day   Temp   High   Time    Low   Time   Days   Days   Rain  Speed   High   Time    Dir
---------------------------------------------------------------------------------------
 01   21.3   28.2  15:51   12.9  04:36    0.0    3.0    0.0    2.6   17.3  15:38      7
 02   24.9   30.1  15:46   15.7  01:06    0.0    6.6    0.0    2.7   14.8  12:51     75
 03   24.4   31.9  16:13   15.4  05:23    0.0    6.1    0.0    4.0   23.4  11:46    159
 04   27.0   36.3  15:36   16.7  05:21    0.0    8.6    0.0    2.9   17.3  15:42    161
 05   26.6   35.7  17:21   17.0  04:57    0.0    8.2    0.0    1.5   19.4  12:51    181
 06   24.5   29.0  11:41   17.5  23:57    0.0    6.2    0.0    6.5   31.7  10:58    322
 07   24.9   34.1  17:38   13.0  05:23    0.0    6.6    0.0    3.0   20.9  14:37    194
 08   21.8   26.6  12:41   16.6  23:57    0.0    3.4   14.1    6.6   34.2  01:23    293
 09   17.2   22.6  11:21   12.4  23:51    1.1    0.0    0.3    8.5   39.2  13:01    307
 10   14.1   17.8  16:26   10.2  05:26    4.2    0.0    0.0    8.6   39.2  12:11    317
 11   16.4   24.9  15:56    8.1  04:52    1.9    0.0    0.0    5.3   22.5  00:31    308
 12   19.7   28.7  15:21   11.1  05:31    0.0    1.3    3.3    2.8   33.1  19:01    340
 13   16.6   22.2  16:46   14.4  05:51    1.7    0.0    6.6    6.7   35.6  19:01    316
 14   18.6   23.1  16:36   15.1  05:01    0.0    0.2    8.7    4.3   20.9  11:31    319
 15   19.4   24.8  15:56   14.5  23:56    0.0    1.1    0.3    5.6   23.4  13:51    334
 16   21.2   29.3  15:41   11.6  05:17    0.0    2.9    0.0    2.2   19.4  14:11    220
 17   25.0   33.7  16:01   14.8  04:56    0.0    6.7    0.0    1.5   13.3  16:11    250
 18   26.6   34.8  13:51   19.0  05:16    0.0    8.3    5.7    3.8   33.1  14:36    298
 19   25.4   33.0  14:46   17.3  21:17    0.0    7.1   18.0    4.7   78.5  21:52    245
 20   21.0   27.1  17:26   16.4  06:12    0.0    2.7    0.3    6.7   30.6  13:12    328
 21   23.8   32.0  16:32   15.7  03:46    0.0    5.5    0.0    3.5   24.5  13:53    342
 22   27.3   36.0  15:56   17.1  05:32    0.0    8.9    0.0    2.0   15.8  13:37    144
 23   23.4   27.9  16:02   18.3  22:46    0.0    5.1    0.0    6.1   27.0  03:21    339
 24   22.2   28.2  14:31   15.2  05:06    0.0    3.9    0.0    2.3   13.3  11:17    114
 25   24.1   31.4  12:17   19.5  23:47    0.0    5.8    1.5    5.2   25.6  13:03    214
 26   18.4   23.0  16:29   13.4  23:17    0.0    0.1    0.0    7.3   35.6  09:49    328
 27   15.9   25.1  15:09   12.3  04:34    2.4    0.0    1.5    5.3   31.7  09:26    204
 28   17.5   24.1  17:17   14.4  23:49    0.9    0.0    0.0    4.3   27.0  18:33    257
 29   18.8   25.7  14:51   12.8  23:57    0.0    0.4    0.6    5.1   28.1  14:52    212
 30   17.8   24.6  16:57   11.0  03:29    0.5    0.0    0.0    7.5   34.2  15:09    274
 31   16.7   24.4  16:09   10.2  23:57    1.6    0.0    0.0    5.3   33.1  13:22    308
---------------------------------------------------------------------------------------
      21.5   36.3     04    8.1     11   14.4  108.7   60.9    4.6   78.5     19    303