Brak ostrzeżeń.   -   Brak ostrzeżeń pogodowych

NOAA-Style Climate Reports

Wybież rok albo miesiąc raportu
2017: Sty Lut Mar Kwi Maj Cze Lip Sie Wrz Paź Lis Gru
2016: Sty Lut Mar Kwi Maj Cze Lip Sie Wrz Paź Lis Gru
2015: Sty Lut Mar Kwi Maj Cze Lip Sie Wrz Paź Lis Gru
2014: Sty Lut Mar Kwi Maj Cze Lip Sie Wrz Paź Lis Gru
2013: Sty Lut Mar Kwi Maj Cze Lip Sie Wrz Paź Lis Gru
2012: Sty Lut Mar Kwi Maj Cze Lip Sie Wrz Paź Lis Gru

Raport dla 2015 Sierpień
                   MONTHLY CLIMATOLOGICAL SUMMARY for Aug 2015


NAME: Smolec, Poland    City: Smolec                State: Dolnyslask              
ELEV: 123 m    LAT: 51-05.22 N    LONG: 016-54.37 E


                   TEMPERATURE (C), RAIN (mm), WIND SPEED (km/h)

                                         HEAT   COOL         AVG
      MEAN                               DEG    DEG          WIND                   DOM
DAY   TEMP   HIGH   TIME    LOW   TIME   DAYS   DAYS   RAIN  SPEED   HIGH   TIME    DIR
---------------------------------------------------------------------------------------
 01   19.6   30.4  17:05    7.1  04:29    0.0    1.3    0.0    3.6   19.4  10:19    119
 02   23.4   30.7  14:30   16.6  05:54    0.0    5.1    0.0    3.7   22.0  15:34    151
 03   25.1   36.0  17:39   13.3  05:45    0.0    6.8    0.0    1.4   14.8  13:29    139
 04   25.8   33.8  16:30   15.1  05:14    0.0    7.5    0.0    3.0   20.9  16:39    151
 05   24.7   30.2  16:25   20.3  23:59    0.0    6.3    0.0    7.0   30.6  07:30    322
 06   26.6   35.6  16:10   16.5  05:09    0.0    8.2    0.0    3.1   18.4  11:25    137
 07   29.2   37.9  16:09   21.2  04:50    0.0   10.9    0.0    3.1   19.4  10:59    138
 08   30.3   38.7  14:43   21.3  06:09    0.0   12.0    0.0    3.9   22.0  12:59    170
 09   25.7   31.3  16:19   20.3  06:14    0.0    7.3    0.0    5.3   19.4  07:54    326
 10   27.4   35.7  15:54   19.2  05:09    0.0    9.0    0.0    2.4   17.3  14:49     59
 11   27.8   37.4  14:19   20.8  05:14    0.0    9.5    0.0    2.4   22.0  16:14     85
 12   26.9   36.5  15:23   19.7  06:09    0.0    8.5    3.3    4.1   27.0  21:29    320
 13   25.4   31.5  17:08   19.5  06:04    0.0    7.1    0.0    4.1   19.4  12:39     31
 14   27.2   35.0  16:14   20.3  05:59    0.0    8.8    0.0    6.1   27.0  15:48    131
 15   25.6   35.9  14:59   19.4  23:59    0.0    7.3    0.0    3.8   27.0  17:28    139
 16   22.7   28.4  14:08   16.5  05:54    0.0    4.4    0.0    3.5   23.4  16:04    102
 17   21.7   27.0  12:34   16.2  05:59    0.0    3.4    0.3    3.6   18.4  10:04    116
 18   22.5   28.7  13:36   15.8  23:51    0.0    4.2    0.0    6.5   29.5  13:06     86
 19   19.6   26.5  15:41   12.3  06:11    0.0    1.3    0.0    4.3   25.6  17:51     56
 20   19.4   26.7  16:11    9.8  06:16    0.0    1.1    0.0    4.1   24.5  11:36     90
 21   19.5   27.3  14:41    9.6  06:11    0.0    1.2    0.0    2.8   27.0  15:51     91
 22   17.2   25.5  13:24   10.3  06:16    1.1    0.0    3.6    1.9   19.4  12:14     58
 23   18.8   25.8  16:38   11.7  02:09    0.0    0.4    0.0    3.7   22.0  13:58    141
 24   21.9   28.2  15:18   15.8  03:24    0.0    3.6    0.0    7.9   33.1  15:24    164
 25   18.9   21.4  16:38   14.1  23:59    0.0    0.6    3.0    4.7   31.7  07:24    237
 26   19.7   28.4  16:49   10.0  06:09    0.0    1.3    0.0    3.1   20.9  13:59    189
 27   21.5   33.2  15:09   12.8  05:39    0.0    3.2    0.0    5.6   24.5  10:49    177
 28   23.0   28.6  13:43   18.3  23:43    0.0    4.6    0.0    4.6   25.6  18:14    315
 29   21.1   26.9  16:14   16.7  06:43    0.0    2.8    0.0    2.3   13.3  09:59     82
 30   25.6   36.8  16:26   15.9  06:19    0.0    7.3    0.0    2.5   15.8  11:13    131
 31   27.5   37.7  15:59   17.1  06:01    0.0    9.2    0.0    3.2   24.5  17:38    175
---------------------------------------------------------------------------------------
      23.6   38.7     08    7.1     01    1.1  164.2   10.2    3.9   33.1     24    131