Brak ostrzeżeń.   -   Brak ostrzeżeń pogodowych

NOAA-Style Climate Reports

Wybież rok albo miesiąc raportu
2017: Sty Lut Mar Kwi Maj Cze Lip Sie Wrz Paź Lis Gru
2016: Sty Lut Mar Kwi Maj Cze Lip Sie Wrz Paź Lis Gru
2015: Sty Lut Mar Kwi Maj Cze Lip Sie Wrz Paź Lis Gru
2014: Sty Lut Mar Kwi Maj Cze Lip Sie Wrz Paź Lis Gru
2013: Sty Lut Mar Kwi Maj Cze Lip Sie Wrz Paź Lis Gru
2012: Sty Lut Mar Kwi Maj Cze Lip Sie Wrz Paź Lis Gru

Raport dla 2015 Wrzesień
                   MONTHLY CLIMATOLOGICAL SUMMARY for Sep 2015


NAME: Smolec, Poland    City: Smolec                State: Dolnyslask              
ELEV: 123 m    LAT: 51-05.22 N    LONG: 016-54.37 E


                   TEMPERATURE (C), RAIN (mm), WIND SPEED (km/h)

                                         HEAT   COOL         AVG
      MEAN                               DEG    DEG          WIND                   DOM
DAY   TEMP   HIGH   TIME    LOW   TIME   DAYS   DAYS   RAIN  SPEED   HIGH   TIME    DIR
---------------------------------------------------------------------------------------
 01   27.4   36.5  15:26   17.8  06:24    0.0    9.1    0.3    3.4   36.7  22:07    307
 02   18.0   22.3  16:46   14.9  07:49    0.3    0.0    2.7    7.4   41.8  01:59    315
 03   18.6   25.5  15:02   10.8  06:26    0.0    0.3    0.0    2.0   18.4  11:02    162
 04   17.1   23.5  17:08   12.2  23:55    1.2    0.0    0.9    4.3   23.4  13:04    302
 05   15.7   22.1  13:25    7.9  06:41    2.6    0.0    0.0    6.1   36.7  13:58    300
 06   13.0   14.9  00:00   11.2  15:21    5.4    0.0    2.4   11.3   41.8  13:31    294
 07   13.4   18.6  15:21    9.6  23:56    4.9    0.0    0.0   11.1   35.6  01:01    313
 08   12.5   18.5  13:53    6.7  05:02    5.8    0.0    6.3    6.9   29.5  11:08    309
 09   12.7   19.5  14:29    8.2  06:45    5.7    0.0    0.3    1.8   14.8  11:27    345
 10   13.0   19.3  16:51    5.5  05:29    5.4    0.0    1.2    3.1   28.1  13:10     64
 11   14.8   20.6  15:55   12.0  06:15    3.6    0.0    3.3    2.9   25.6  04:25    109
 12   17.3   24.2  15:51   10.6  07:13    1.1    0.0    0.0    4.0   24.5  09:15    166
 13   18.3   26.3  15:48   10.3  06:08    0.0    0.0    0.0    6.3   30.6  15:21    153
 14   20.5   26.7  13:29   16.2  06:46    0.0    2.1    2.4    9.8   39.2  15:04    167
 15   17.5   22.8  14:39   12.9  05:08    0.8    0.0    0.3    3.1   22.0  14:38    166
 16   19.1   27.6  16:43   11.7  05:15    0.0    0.8    0.0    3.4   23.4  14:46    169
 17   23.7   33.6  14:40   14.8  06:08    0.0    5.4    0.0    6.5   57.6  22:19    219
 18   16.7   22.1  16:46   11.8  06:59    1.6    0.0    0.0    2.8   23.4  00:45    230
 19   17.1   24.9  14:32    9.5  06:55    1.2    0.0    0.0    1.5   14.8  12:21    347
 20   13.7   18.2  16:07   11.1  05:45    4.6    0.0    1.2    7.1   33.1  16:26    303
 21   13.3   19.3  15:05    9.9  05:59    5.0    0.0    0.0    5.3   30.6  09:53    303
 22   14.0   21.3  15:45    6.6  06:24    4.3    0.0    0.0    4.4   30.6  15:43    165
 23   15.7   21.4  14:25   11.6  06:08    2.6    0.0    0.0    4.2   23.4  17:59    294
 24   15.9   22.5  15:25   11.6  22:39    2.4    0.0    0.0    2.5   15.8  09:31    329
 25   15.5   21.9  15:45   11.4  05:40    2.8    0.0    0.0    4.7   24.5  14:56    319
 26   13.4   18.2  14:00    9.8  07:01    4.9    0.0    0.0    6.5   30.6  14:25    347
 27   11.8   17.1  14:43    6.6  06:56    6.5    0.0    0.0    4.7   22.0  11:24    333
 28   11.4   18.5  16:08    4.2  07:20    7.0    0.0    0.0    3.6   24.5  13:18    358
 29   11.6   17.6  12:54    4.2  07:05    6.8    0.0    0.0    4.7   30.6  12:11     30
 30   10.6   15.0  12:48    3.4  23:55    7.7    0.0    0.0    2.5   19.4  14:29     70
---------------------------------------------------------------------------------------
      15.8   36.5     01    3.4     30   94.1   17.7   21.3    4.9   57.6     17    301