Brak ostrzeżeń.   -   Brak ostrzeżeń pogodowych

NOAA-Style Climate Reports

Wybież rok albo miesiąc raportu
2017: Sty Lut Mar Kwi Maj Cze Lip Sie Wrz Paź Lis Gru
2016: Sty Lut Mar Kwi Maj Cze Lip Sie Wrz Paź Lis Gru
2015: Sty Lut Mar Kwi Maj Cze Lip Sie Wrz Paź Lis Gru
2014: Sty Lut Mar Kwi Maj Cze Lip Sie Wrz Paź Lis Gru
2013: Sty Lut Mar Kwi Maj Cze Lip Sie Wrz Paź Lis Gru
2012: Sty Lut Mar Kwi Maj Cze Lip Sie Wrz Paź Lis Gru

Raport dla 2015 Październik
                   MONTHLY CLIMATOLOGICAL SUMMARY for Oct 2015


NAME: Smolec, Poland    City: Smolec                State: Dolnyslask              
ELEV: 123 m    LAT: 51-05.22 N    LONG: 016-54.37 E


                   TEMPERATURE (C), RAIN (mm), WIND SPEED (km/h)

                                         HEAT   COOL         AVG
      MEAN                               DEG    DEG          WIND                   DOM
DAY   TEMP   HIGH   TIME    LOW   TIME   DAYS   DAYS   RAIN  SPEED   HIGH   TIME    DIR
---------------------------------------------------------------------------------------
 01    8.0   18.1  15:10   -0.7  07:13   10.3    0.0    0.0    1.5   14.8  12:48    139
 02   10.1   21.7  15:16   -0.5  07:28    8.3    0.0    0.0    1.4   14.8  15:16    169
 03   13.6   22.2  16:07    3.7  04:16    4.8    0.0    0.0    4.2   22.0  13:11    163
 04   17.3   24.6  15:56    9.6  07:31    1.1    0.0    0.0    3.1   18.4  13:11    276
 05   15.6   22.3  14:38    8.7  23:56    2.7    0.0    0.0    2.2   19.4  12:51    328
 06   13.7   21.6  14:30    7.4  03:58    4.7    0.0    0.0    3.4   18.4  13:57    101
 07   13.4   16.5  14:37    9.1  23:55    4.9    0.0    0.0    7.2   28.1  18:21    109
 08    9.0   12.8  15:18    4.9  06:11    9.3    0.0    0.0    3.7   17.3  08:25    105
 09    8.9   12.5  15:05    5.4  08:35    9.5    0.0    0.0    4.1   22.0  20:40     72
 10    7.2   11.9  13:22    3.4  06:59   11.1    0.0    0.0    6.0   27.0  16:46     84
 11    4.2    9.0  14:26    0.4  07:35   14.1    0.0    0.0    6.8   34.2  10:30     38
 12    1.7    4.2  11:54   -1.9  05:15   16.6    0.0    0.0    5.1   23.4  10:55     34
 13    3.0    4.5  22:55    1.8  03:24   15.3    0.0    0.3    1.5   12.2  19:45    109
 14    6.4    7.8  21:23    4.5  00:01   11.9    0.0    4.5    3.7   19.4  23:07    103
 15    7.1    8.4  16:41    5.9  05:19   11.2    0.0    7.5    4.2   23.4  11:54     99
 16   11.8   18.1  14:21    8.0  03:27    6.6    0.0   11.7    4.0   19.4  13:43    139
 17    9.2   11.1  14:42    8.0  06:46    9.1    0.0    0.3    2.6   15.8  03:38    315
 18    8.8   11.6  13:57    6.4  23:59    9.5    0.0    0.3    1.4   12.2  13:58    290
 19    7.8   12.9  13:44    4.4  23:57   10.5    0.0    0.0    1.2   11.2  10:19    331
 20    6.1    7.6  14:07    2.6  01:45   12.2    0.0    4.5    4.2   17.3  22:12    306
 21    8.1    9.2  14:42    7.4  22:41   10.3    0.0    2.1    7.1   27.0  11:53    312
 22    9.4   12.4  13:33    7.1  04:56    8.9    0.0    0.0    3.5   23.4  14:07    215
 23   10.9   14.0  15:30    9.2  21:49    7.4    0.0    0.0    8.4   34.2  12:56    306
 24   10.6   15.7  14:20    5.3  23:43    7.7    0.0    0.0    3.1   18.4  12:15    173
 25    9.6   12.6  11:31    4.5  05:27    8.7    0.0    0.0    4.3   24.5  12:48    299
 26    6.4   11.1  15:04    2.6  23:16   12.0    0.0    0.0    1.2   12.2  12:21    166
 27    6.3   14.3  14:32    0.8  06:44   12.0    0.0    0.3    3.6   18.4  09:20    140
 28    7.9   15.8  13:19    1.8  06:53   10.4    0.0    0.0    4.0   20.9  13:55    140
 29    8.6   11.1  13:49    5.3  02:56    9.7    0.0    0.0    1.1   11.2  01:46    132
 30    9.9   11.7  14:32    7.3  23:58    8.4    0.0    0.0    0.8   11.2  20:34     95
 31    4.8    7.3  00:00    2.9  06:50   13.5    0.0    0.0    4.6   24.5  23:48    139
---------------------------------------------------------------------------------------
       8.9   24.6     04   -1.9     12  292.8    0.0   31.5    3.7   34.2     11     76