Brak ostrzeżeń.   -   Brak ostrzeżeń pogodowych

NOAA-Style Climate Reports

Wybież rok albo miesiąc raportu
2017: Sty Lut Mar Kwi Maj Cze Lip Sie Wrz Paź Lis Gru
2016: Sty Lut Mar Kwi Maj Cze Lip Sie Wrz Paź Lis Gru
2015: Sty Lut Mar Kwi Maj Cze Lip Sie Wrz Paź Lis Gru
2014: Sty Lut Mar Kwi Maj Cze Lip Sie Wrz Paź Lis Gru
2013: Sty Lut Mar Kwi Maj Cze Lip Sie Wrz Paź Lis Gru
2012: Sty Lut Mar Kwi Maj Cze Lip Sie Wrz Paź Lis Gru

Raport dla 2015 Listopad
                   MONTHLY CLIMATOLOGICAL SUMMARY for Nov 2015


NAME: Smolec, Poland    City: Smolec                State: Dolnyslask              
ELEV: 123 m    LAT: 51-05.22 N    LONG: 016-54.37 E


                   TEMPERATURE (C), RAIN (mm), WIND SPEED (km/h)

                                         HEAT   COOL         AVG
      MEAN                               DEG    DEG          WIND                   DOM
DAY   TEMP   HIGH   TIME    LOW   TIME   DAYS   DAYS   RAIN  SPEED   HIGH   TIME    DIR
---------------------------------------------------------------------------------------
 01   10.6   17.0  13:35    2.9  23:58    7.7    0.0    0.0    8.9   36.7  01:52    180
 02    6.1   18.2  14:40   -1.7  07:19   12.2    0.0    0.0    1.3   11.2  12:21    135
 03    3.5   15.6  13:04   -3.9  05:43   14.8    0.0    0.0    1.1   17.3  13:15    142
 04    3.7   15.4  13:55   -3.5  06:31   14.6    0.0    0.0    0.5   14.8  13:25    341
 05    5.4   11.6  12:46    1.5  00:00   13.0    0.0    0.0    0.6    6.1  12:07    127
 06    5.1   10.2  15:12   -0.5  05:51   13.2    0.0    0.0    1.7   11.2  09:16    150
 07   12.4   14.5  14:19    8.5  00:39    5.9    0.0    1.8    2.9   19.4  14:21    241
 08   12.7   16.4  12:16    4.8  22:45    5.6    0.0    1.2    8.5   45.4  12:17    300
 09   11.3   15.9  13:44    4.3  00:17    7.0    0.0    1.5    5.9   33.1  12:54    295
 10   14.7   15.8  11:55   13.0  01:26    3.6    0.0    0.0   14.0   43.9  11:18    307
 11   14.4   15.6  12:45   12.5  23:51    4.0    0.0    0.0    9.0   33.1  00:08    303
 12   11.1   13.1  00:55    5.1  23:13    7.3    0.0    0.0    6.6   35.6  13:23    303
 13    8.8   14.5  13:30    1.6  05:56    9.6    0.0    0.0    5.1   28.1  11:28    209
 14    8.2   12.1  00:00    6.3  06:42   10.1    0.0    0.6   10.3   47.9  01:01    299
 15    8.6   12.9  21:16    5.3  04:22    9.8    0.0   17.7    9.1   43.9  19:16    265
 16    8.7   11.6  14:31    6.2  06:32    9.6    0.0    4.8    3.7   25.6  16:19    303
 17   11.0   12.9  21:27    8.7  00:44    7.3    0.0    1.2    6.5   28.1  10:40    208
 18   12.1   14.6  05:18    7.5  21:35    6.2    0.0    2.1   13.0   63.7  13:09    287
 19   11.4   13.4  15:00    8.7  23:57    7.0    0.0    1.8   10.0   42.8  15:09    233
 20    7.5   10.2  11:55    5.7  23:57   10.8    0.0    3.6    5.4   24.5  10:51    271
 21    3.6    6.7  12:52   -0.4  20:17   14.8    0.0    0.9    3.7   23.4  09:54    298
 22    1.3    4.0  13:51   -1.5  20:07   17.0    0.0    0.0    3.4   24.5  11:17    281
 23   -0.7    2.9  12:18   -3.5  08:07   19.0    0.0    0.0    1.5   15.8  19:07    269
 24    0.1    3.9  13:25   -3.0  07:34   18.2    0.0    1.8    4.0   17.3  13:55    198
 25    0.2    2.7  13:14   -3.5  06:29   18.1    0.0    0.0    4.1   28.1  10:38    165
 26    2.6    4.0  12:40    1.4  00:34   15.8    0.0    0.0    1.6    9.7  12:00    316
 27    2.0    3.6  12:40   -1.3  23:53   16.3    0.0    0.0    1.0    8.6  14:12    153
 28   -0.1    4.0  22:07   -3.7  08:07   18.5    0.0    0.3    5.0   29.5  19:26    292
 29    4.1    7.5  23:40    1.1  05:58   14.2    0.0    0.6    8.4   36.7  23:43    214
 30    6.6    8.8  11:03    3.3  21:03   11.7    0.0    7.8   12.1   51.5  03:34    289
---------------------------------------------------------------------------------------
       6.9   18.2     02   -3.9     03  343.0    0.0   47.7    5.6   63.7     18    266