Brak ostrzeżeń.   -   Brak ostrzeżeń pogodowych

NOAA-Style Climate Reports

Wybież rok albo miesiąc raportu
2017: Sty Lut Mar Kwi Maj Cze Lip Sie Wrz Paź Lis Gru
2016: Sty Lut Mar Kwi Maj Cze Lip Sie Wrz Paź Lis Gru
2015: Sty Lut Mar Kwi Maj Cze Lip Sie Wrz Paź Lis Gru
2014: Sty Lut Mar Kwi Maj Cze Lip Sie Wrz Paź Lis Gru
2013: Sty Lut Mar Kwi Maj Cze Lip Sie Wrz Paź Lis Gru
2012: Sty Lut Mar Kwi Maj Cze Lip Sie Wrz Paź Lis Gru

Raport dla 2015 Grudzień
                   MONTHLY CLIMATOLOGICAL SUMMARY for Dec 2015


NAME: Smolec, Poland    City: Smolec                State: Dolnyslask              
ELEV: 123 m    LAT: 51-05.22 N    LONG: 016-54.37 E


                   TEMPERATURE (C), RAIN (mm), WIND SPEED (km/h)

                                         HEAT   COOL         AVG
      MEAN                               DEG    DEG          WIND                   DOM
DAY   TEMP   HIGH   TIME    LOW   TIME   DAYS   DAYS   RAIN  SPEED   HIGH   TIME    DIR
---------------------------------------------------------------------------------------
 01    6.3   10.3  04:30    3.9  23:15   12.0    0.0    1.5   13.3   57.6  04:30    307
 02    7.1   10.3  13:53    3.9  00:00   11.2    0.0    3.0    6.0   29.5  12:36    295
 03    7.1   10.9  14:08    2.4  20:40   11.2    0.0    0.0    2.4   17.3  12:11    265
 04    6.9   10.7  12:59    2.6  00:20   11.5    0.0    0.0    6.3   34.2  11:02    211
 05    6.7   10.6  12:47    2.2  08:07   11.6    0.0    0.0    6.2   28.1  13:22    208
 06    9.0   12.0  11:59    6.5  20:10    9.3    0.0    0.0   11.1   39.2  11:31    211
 07    9.1   10.6  12:22    7.3  01:35    9.2    0.0    0.0    3.1   23.4  00:09    223
 08    7.6    8.7  00:00    4.5  23:36   10.7    0.0    0.0    3.9   20.9  10:00    140
 09    4.4    6.6  21:21    0.5  05:56   14.0    0.0    0.9    4.2   24.5  21:11    302
 10    3.8    8.1  13:39   -1.4  23:07   14.5    0.0    0.3    3.1   18.4  00:28    234
 11    2.2    6.1  12:20   -3.4  02:24   16.1    0.0    0.0    6.1   30.6  16:33    210
 12    5.7    7.5  13:05    3.6  23:52   12.6    0.0    0.3    8.2   35.6  12:28    283
 13    5.9   11.5  11:58    3.3  00:35   12.5    0.0    3.9   11.7   60.1  12:18    283
 14    1.9    5.7  13:03   -1.7  07:59   16.4    0.0    0.0    2.3   13.3  03:52    163
 15    3.1    5.2  18:39   -0.9  00:45   15.2    0.0    0.3    0.9    8.6  00:26    165
 16    4.3    7.9  13:11    0.8  23:14   14.0    0.0    0.0    2.3   18.4  11:53    147
 17    6.4    9.6  23:03   -0.1  02:22   11.9    0.0    1.5    4.9   20.9  12:44    210
 18   10.0   13.2  11:44    7.8  05:23    8.4    0.0    3.9    4.2   23.4  17:24    230
 19    8.8   12.6  14:09    4.2  23:44    9.5    0.0    0.0    3.6   18.4  10:14    210
 20    5.2   11.5  12:43    2.2  23:56   13.1    0.0    0.0    3.6   27.0  13:01    166
 21    5.4    8.2  23:52    0.3  04:07   12.9    0.0    1.8    7.0   34.2  23:33    214
 22   10.7   11.7  12:28    8.2  00:00    7.6    0.0    0.0    8.6   34.2  01:35    222
 23   10.7   13.8  13:10    8.1  23:59    7.6    0.0    0.0    7.4   33.1  10:16    213
 24    5.9   11.5  13:52    0.0  08:15   12.5    0.0    0.0    2.3   20.9  12:07    171
 25    9.0   11.9  11:54    5.0  00:31    9.3    0.0    0.0    4.5   23.4  08:57    219
 26   12.1   15.8  12:16    8.2  00:00    6.2    0.0    0.0    7.6   30.6  13:09    220
 27    9.6   12.4  13:14    7.7  08:14    8.7    0.0    0.0    4.9   17.3  12:46    213
 28    8.1   12.2  13:26    2.5  18:49   10.3    0.0    0.0    5.2   28.1  11:52    322
 29    4.2    6.9  13:11    0.3  23:59   14.2    0.0    0.0    6.0   30.6  13:12    114
 30   -2.7    0.3  00:00   -5.0  23:53   21.0    0.0    0.0    8.2   27.0  11:55    141
 31   -2.9    1.8  14:07   -5.5  23:57   21.2    0.0    0.0    6.2   30.6  10:20    154
---------------------------------------------------------------------------------------
       6.2   15.8     26   -5.5     31  376.6    0.0   17.4    5.7   60.1     13    222