Brak ostrzeżeń.   -   Brak ostrzeżeń pogodowych

NOAA-Style Climate Reports

Wybież rok albo miesiąc raportu
2017: Sty Lut Mar Kwi Maj Cze Lip Sie Wrz Paź Lis Gru
2016: Sty Lut Mar Kwi Maj Cze Lip Sie Wrz Paź Lis Gru
2015: Sty Lut Mar Kwi Maj Cze Lip Sie Wrz Paź Lis Gru
2014: Sty Lut Mar Kwi Maj Cze Lip Sie Wrz Paź Lis Gru
2013: Sty Lut Mar Kwi Maj Cze Lip Sie Wrz Paź Lis Gru
2012: Sty Lut Mar Kwi Maj Cze Lip Sie Wrz Paź Lis Gru

Raport dla 2016
                     Annual Climatological Summary for year 2016


NAME: Smolec, Poland    City: Smolec               State: Dolnyslask
ELEV: 123 m                LAT: 51-05.22 N    LONG: 016-54.37 E


                                       TEMPERATURE (C)

                              HEAT    COOL                              MAX    MAX    MIN    MIN
          MEAN   MEAN         DEG     DEG                                >=     <=     <=     <=
 YR  MO   MAX    MIN    MEAN  DAYS    DAYS      HI  DAY     LOW  DAY     30      0      0    -20
------------------------------------------------------------------------------------------------
2016 01    2.2   -4.3   -0.9  597.0    0.0    13.1   27   -15.0   03      0     13     22      0
2016 02    7.7    1.0    4.3  407.4    0.0    13.8   22    -4.9   17      0      0     11      0
2016 03    8.5    1.2    4.7  423.9    0.0    16.8   28    -3.9   17      0      0     10      0
2016 04   14.7    4.3    9.4  267.6    0.0    25.7   05    -0.7   29      0      0      3      0
2016 05   22.3    9.9   15.8   92.9   15.9    29.1   23     3.5   02      0      0      0      0
2016 06   26.4   13.6   19.8    8.4   52.5    35.1   24     7.7   07      5      0      0      0
2016 07   26.9   14.7   20.5   13.3   80.9    34.9   11     9.9   08     10      0      0      0
2016 08   25.8   12.9   19.2   18.1   44.6    32.3   27     8.2   31      6      0      0      0
2016 09   24.8   11.4   17.7   62.2   41.9    33.1   11     5.0   28      6      0      0      0
2016 10   10.9    3.6    7.0  351.8    0.0    22.7   01    -2.6   21      0      0      7      0
2016 11    7.2   -0.2    3.3  408.8    0.0    15.3   21    -4.4   10      0      1     14      0
2016 12    4.2   -2.2    0.9  540.7    0.0    13.5   10    -8.1   17      0      3     22      0
------------------------------------------------------------------------------------------------
          15.2    5.5   10.2 3192.0  235.7    35.1  Jun   -15.0  Jan     27     17     89      0


                  PRECIPITATION (mm)

                  MAX         ---DAYS OF RAIN---
                  OBS.               OVER
 YR  MO  TOTAL    DAY  DATE   0.30   3.00  30.00
------------------------------------------------
2016 01   29.1    8.1    08     10      3      0
2016 02   40.8    8.4    19     15      4      0
2016 03   66.6   14.1    02     15      6      0
2016 04   54.6   16.2    09     12      5      0
2016 05   39.0   12.3    13      6      3      0
2016 06   45.6   10.8    30      9      7      0
2016 07  117.3   51.6    14     13      8      1
2016 08   27.0   21.9    21      4      1      0
2016 09   42.6   14.7    17      5      4      0
2016 10   89.1   18.6    03     16      8      0
2016 11   42.0    9.3    19     13      6      0
2016 12   37.8   11.7    01     10      4      0
------------------------------------------------
         631.5   51.6   Jul    128     59      1


           WIND SPEED (km/h)

                                DOM
 YR  MO    AVG     HI   DATE    DIR
-----------------------------------
2016 01    4.5   42.8     30    218 
2016 02    6.4   45.4     22    254 
2016 03    4.7   51.5     29    322 
2016 04    4.8   39.2     19    281 
2016 05    5.0   49.0     09    331 
2016 06    3.8   50.0     30    229 
2016 07    4.3   58.7     14    302 
2016 08    3.8   37.8     05    288 
2016 09    2.9   35.6     04    306 
2016 10    4.2   45.4     04    346 
2016 11    5.3   40.3     02    257 
2016 12    5.8   62.3     26    297 
-----------------------------------
           4.6   62.3    Dec    287