Brak ostrzeżeń.   -   Brak ostrzeżeń pogodowych

NOAA-Style Climate Reports

Wybież rok albo miesiąc raportu
2017: Sty Lut Mar Kwi Maj Cze Lip Sie Wrz Paź Lis Gru
2016: Sty Lut Mar Kwi Maj Cze Lip Sie Wrz Paź Lis Gru
2015: Sty Lut Mar Kwi Maj Cze Lip Sie Wrz Paź Lis Gru
2014: Sty Lut Mar Kwi Maj Cze Lip Sie Wrz Paź Lis Gru
2013: Sty Lut Mar Kwi Maj Cze Lip Sie Wrz Paź Lis Gru
2012: Sty Lut Mar Kwi Maj Cze Lip Sie Wrz Paź Lis Gru

Raport dla 2016 Styczeń
                   MONTHLY CLIMATOLOGICAL SUMMARY for Jan 2016


NAME: Smolec, Poland    City: Smolec                State: Dolnyslask              
ELEV: 123 m    LAT: 51-05.22 N    LONG: 016-54.37 E


                   TEMPERATURE (C), RAIN (mm), WIND SPEED (km/h)

                                         HEAT   COOL         AVG
      MEAN                               DEG    DEG          WIND                   DOM
DAY   TEMP   HIGH   TIME    LOW   TIME   DAYS   DAYS   RAIN  SPEED   HIGH   TIME    DIR
---------------------------------------------------------------------------------------
 01   -2.4   -0.3  14:13   -5.9  01:02   20.7    0.0    0.0    0.8    7.2  04:58    158
 02   -8.5   -2.3  00:00  -11.9  09:14   26.9    0.0    0.0    5.6   25.6  21:19    117
 03  -13.4  -11.5  00:00  -15.0  18:55   31.7    0.0    0.0    5.9   22.0  06:25    128
 04   -9.4   -5.6  17:27  -14.4  01:25   27.7    0.0    0.0    5.4   22.0  17:30    132
 05   -6.4   -4.3  22:45   -9.1  01:24   24.7    0.0    0.0    3.4   13.3  21:21    122
 06   -3.1   -0.5  12:35   -4.3  00:00   21.5    0.0    0.0    2.5    9.7  09:35     57
 07   -3.2   -1.7  23:30   -4.8  02:07   21.5    0.0    0.0    2.8   17.3  23:49    114
 08    1.5    6.2  14:22   -2.8  00:40   16.9    0.0    8.1    6.7   27.0  01:09    202
 09   -0.6    2.7  00:00   -5.3  08:49   19.0    0.0    0.0    2.6   14.8  00:12    145
 10   -0.5    3.5  12:53   -5.3  07:20   18.8    0.0    0.0    2.0   12.2  12:56    148
 11    2.8    5.4  12:07    0.2  00:00   15.5    0.0    2.1    2.4   15.8  08:45    175
 12    2.2    3.8  10:38    0.9  02:49   16.1    0.0    4.2    3.2   24.5  10:50    297
 13    2.8    4.8  13:09    0.2  23:57   15.5    0.0    3.0    6.8   31.7  20:31    279
 14    0.7    4.4  14:24   -1.0  06:48   17.7    0.0    0.0    4.8   27.0  00:36    224
 15   -0.2    1.1  12:52   -1.5  07:28   18.6    0.0    0.9    2.8   23.4  23:57    356
 16   -1.2    0.1  14:09   -2.3  23:50   19.5    0.0    0.0    4.8   25.6  03:06    323
 17   -3.3    0.2  13:56   -6.9  08:14   21.6    0.0    0.3    2.5   15.8  02:19    163
 18   -5.0   -1.9  13:45   -9.2  23:59   23.4    0.0    0.0    2.4   13.3  09:19    281
 19   -8.3   -1.5  13:32  -12.7  07:55   26.7    0.0    0.0    1.6    8.6  11:00    178
 20   -4.8   -2.2  14:48  -10.4  00:00   23.2    0.0    0.0    3.8   20.9  14:46    249
 21   -3.8   -2.5  12:27   -5.1  20:56   22.1    0.0    0.0    7.5   25.6  13:31    310
 22   -7.1   -2.2  14:08  -13.0  08:16   25.5    0.0    0.6    2.5   14.8  18:51    157
 23   -4.8    0.0  23:30  -11.1  02:38   23.2    0.0    0.0    2.9   19.4  14:47    181
 24    1.4    3.4  14:10   -1.1  22:54   16.9    0.0    0.6    3.8   22.0  04:09    299
 25    3.8    6.4  20:16   -1.0  00:07   14.5    0.0    5.7    4.9   27.0  13:43    289
 26    7.0    9.7  14:51    3.9  06:49   11.3    0.0    0.6    3.6   20.9  20:49    214
 27    9.7   13.1  13:27    6.7  04:38    8.6    0.0    0.3    7.0   23.4  23:28    214
 28    8.4   12.1  10:24    2.5  23:38    9.9    0.0    0.0    8.1   41.8  11:27    259
 29    5.2    9.2  12:54    1.3  08:08   13.1    0.0    0.0    5.9   27.0  11:22    214
 30    8.0   11.2  18:29    4.5  02:57   10.3    0.0    0.0   11.0   42.8  18:26    211
 31    3.9    7.6  00:00    0.5  04:25   14.4    0.0    2.7    8.9   39.2  02:46    273
---------------------------------------------------------------------------------------
      -0.9   13.1     27  -15.0     03  597.0    0.0   29.1    4.5   42.8     30    218