Brak ostrzeżeń.   -   Brak ostrzeżeń pogodowych

NOAA-Style Climate Reports

Wybież rok albo miesiąc raportu
2017: Sty Lut Mar Kwi Maj Cze Lip Sie Wrz Paź Lis Gru
2016: Sty Lut Mar Kwi Maj Cze Lip Sie Wrz Paź Lis Gru
2015: Sty Lut Mar Kwi Maj Cze Lip Sie Wrz Paź Lis Gru
2014: Sty Lut Mar Kwi Maj Cze Lip Sie Wrz Paź Lis Gru
2013: Sty Lut Mar Kwi Maj Cze Lip Sie Wrz Paź Lis Gru
2012: Sty Lut Mar Kwi Maj Cze Lip Sie Wrz Paź Lis Gru

Raport dla 2016 Luty
                   MONTHLY CLIMATOLOGICAL SUMMARY for Feb 2016


NAME: Smolec, Poland    City: Smolec                State: Dolnyslask              
ELEV: 123 m    LAT: 51-05.22 N    LONG: 016-54.37 E


                   TEMPERATURE (C), RAIN (mm), WIND SPEED (km/h)

                                         HEAT   COOL         AVG
      MEAN                               DEG    DEG          WIND                   DOM
DAY   TEMP   HIGH   TIME    LOW   TIME   DAYS   DAYS   RAIN  SPEED   HIGH   TIME    DIR
---------------------------------------------------------------------------------------
 01    5.9   11.8  22:35    2.9  04:38   12.4    0.0    3.0    4.6   27.0  23:55    251
 02   11.4   13.7  14:20    7.5  23:50    6.9    0.0    1.5   10.7   41.8  20:48    237
 03    5.6    7.6  00:07    2.5  23:33   12.8    0.0    0.3    8.8   34.2  01:04    297
 04    3.0    4.9  14:11    0.4  23:33   15.3    0.0    0.9   10.3   34.2  13:15    308
 05    2.1    5.1  13:57    0.4  00:00   16.3    0.0    1.8    6.3   27.0  08:40    289
 06    6.8   11.4  12:35    2.7  00:14   11.5    0.0    0.3    7.3   28.1  23:34    182
 07    6.8   10.7  13:36    2.3  08:17   11.5    0.0    0.0    8.3   43.9  09:37    178
 08    9.1   11.7  12:25    6.0  08:10    9.2    0.0    0.0   10.6   41.8  16:46    190
 09    9.3   11.7  13:27    6.7  07:45    9.0    0.0    0.0   11.5   42.8  00:48    200
 10    6.1   10.9  00:07    3.9  22:33   12.3    0.0    0.3    7.9   34.2  04:28    295
 11    4.2    7.6  13:55    1.5  23:59   14.1    0.0    0.3    9.0   43.9  11:15    302
 12    3.1    7.4  13:25   -0.5  23:50   15.2    0.0    0.0    4.9   23.4  11:11    205
 13    0.8    3.7  12:20   -4.1  06:08   17.5    0.0    0.0    1.8   11.2  09:56    112
 14    4.1   11.4  15:18   -0.6  05:11   14.2    0.0    0.0    4.0   24.5  12:40    166
 15    5.2    8.2  15:35    3.3  00:15   13.1    0.0    1.8    4.7   25.6  22:40    310
 16    1.9    4.0  00:00   -1.3  23:56   16.5    0.0    0.9    5.7   30.6  03:38    333
 17   -0.2    2.7  22:37   -4.9  03:44   18.6    0.0    3.9    5.1   25.6  17:30    109
 18    1.8    3.0  12:35   -0.9  06:52   16.6    0.0    2.1    2.0   11.2  00:45      4
 19    1.8    3.0  15:04    0.1  06:07   16.6    0.0    8.4    5.4   20.9  12:44    323
 20    3.9    7.2  13:30    0.7  01:23   14.4    0.0    1.2    8.3   37.8  13:02    215
 21    7.1   11.4  23:53    3.8  00:00   11.2    0.0    4.2    8.0   41.8  13:43    252
 22   10.4   13.8  10:52    4.5  23:00    7.9    0.0    1.5    8.0   45.4  13:41    270
 23    3.5    5.0  13:54    2.3  03:50   14.9    0.0    1.8    5.3   24.5  01:50    307
 24    2.9    6.6  14:51   -1.1  23:44   15.4    0.0    0.3    8.3   34.2  09:19    303
 25    0.7    6.3  13:11   -4.6  06:48   17.7    0.0    0.0    2.3   23.4  15:56    190
 26    0.7    4.9  13:48   -1.8  21:09   17.6    0.0    0.0    4.2   30.6  11:33    292
 27    1.2    5.4  13:42   -3.8  01:55   17.1    0.0    0.0    4.7   23.4  10:31    131
 28    4.4   10.3  12:26    0.6  06:31   13.9    0.0    2.1    3.4   20.9  17:23     53
 29    0.5    2.1  00:01   -0.1  23:18   17.9    0.0    4.2    5.3   22.0  16:54     36
---------------------------------------------------------------------------------------
       4.3   13.8     22   -4.9     17  407.4    0.0   40.8    6.4   45.4     22    254