Brak ostrzeżeń.   -   Brak ostrzeżeń pogodowych

NOAA-Style Climate Reports

Wybież rok albo miesiąc raportu
2017: Sty Lut Mar Kwi Maj Cze Lip Sie Wrz Paź Lis Gru
2016: Sty Lut Mar Kwi Maj Cze Lip Sie Wrz Paź Lis Gru
2015: Sty Lut Mar Kwi Maj Cze Lip Sie Wrz Paź Lis Gru
2014: Sty Lut Mar Kwi Maj Cze Lip Sie Wrz Paź Lis Gru
2013: Sty Lut Mar Kwi Maj Cze Lip Sie Wrz Paź Lis Gru
2012: Sty Lut Mar Kwi Maj Cze Lip Sie Wrz Paź Lis Gru

Raport dla 2016 Marzec
                   MONTHLY CLIMATOLOGICAL SUMMARY for Mar 2016


NAME: Smolec, Poland    City: Smolec                State: Dolnyslask              
ELEV: 123 m    LAT: 51-05.22 N    LONG: 016-54.37 E


                   TEMPERATURE (C), RAIN (mm), WIND SPEED (km/h)

                                         HEAT   COOL         AVG
      MEAN                               DEG    DEG          WIND                   DOM
DAY   TEMP   HIGH   TIME    LOW   TIME   DAYS   DAYS   RAIN  SPEED   HIGH   TIME    DIR
---------------------------------------------------------------------------------------
 01   -0.2    0.1  00:09   -0.7  18:57   18.6    0.0    2.7    3.7   20.9  13:37    317
 02    2.1    5.9  13:15   -2.5  06:44   16.3    0.0   14.1    3.2   18.4  10:51    190
 03    2.8    4.6  15:39    1.4  20:58   15.6    0.0    6.0    2.8   18.4  08:37    305
 04    3.9    9.3  13:04    0.5  07:26   14.5    0.0    0.3    3.1   14.8  04:15    224
 05    4.3   10.5  15:55    1.0  06:07   14.0    0.0    0.0    4.2   22.0  14:50    144
 06    4.5    8.2  15:01    1.7  05:21   13.8    0.0    2.7    3.9   27.0  12:59    199
 07    3.5    6.4  12:28    1.1  06:07   14.8    0.0    0.6    1.8   13.3  00:13     73
 08    2.3    3.9  12:35    0.0  23:21   16.1    0.0    5.1    4.8   18.4  18:25    334
 09    2.0    3.7  18:07    0.0  00:00   16.4    0.0   13.8    1.1   13.3  23:32    105
 10    4.5    8.8  12:48    0.1  02:33   13.9    0.0    0.0    3.7   17.3  18:50     37
 11    3.4    4.7  00:00    2.9  07:15   15.0    0.0    2.1    5.8   20.9  13:32      3
 12    2.5    3.0  16:14    1.9  06:45   15.9    0.0    0.9    6.3   20.9  07:15      8
 13    2.3    4.7  12:48   -1.0  23:54   16.0    0.0    0.3    6.4   19.4  20:49     11
 14    2.3    8.1  13:45   -3.1  05:51   16.0    0.0    0.6    4.2   20.9  22:35    329
 15    1.8    2.8  13:05    0.2  02:47   16.5    0.0    6.6    7.6   29.5  14:28     17
 16    3.9   10.2  14:22   -1.3  23:39   14.4    0.0    0.0    4.0   27.0  12:21     59
 17    3.9   11.7  14:32   -3.9  05:34   14.4    0.0    0.0    1.9   17.3  13:36    303
 18    5.0   10.8  12:30    1.8  05:44   13.3    0.0    0.0    7.7   31.7  10:11    314
 19    4.6    9.3  15:15    2.0  07:28   13.8    0.0    0.0    3.9   18.4  10:37    204
 20    4.5    5.9  15:31    2.2  00:07   13.8    0.0    0.0    6.9   33.1  15:06    308
 21    6.3    8.7  11:33    3.9  06:25   12.1    0.0    0.3    9.2   31.7  14:34    304
 22    5.6    9.1  13:27    3.7  23:21   12.7    0.0    1.2    9.2   33.1  08:30    311
 23    4.2    9.5  15:00    1.0  05:24   14.1    0.0    2.1    2.3   19.4  16:58    266
 24    4.3    7.1  14:07    2.4  23:58   14.1    0.0    0.3    3.3   17.3  02:11    342
 25    5.0    9.0  14:27   -0.3  02:23   13.3    0.0    0.3    2.4   14.8  13:26    215
 26    7.5   13.8  15:26    1.3  23:46   10.8    0.0    0.3    5.3   27.0  13:08    324
 27    8.1   15.8  15:43   -0.5  04:08   10.2    0.0    0.0    4.5   25.6  13:49    163
 28   12.0   16.8  15:41    7.4  07:46    6.4    0.0    0.0    6.3   27.0  13:35    182
 29    9.9   12.9  09:53    4.2  23:58    8.4    0.0    0.9    8.3   51.5  16:36    263
 30    8.3   14.7  14:32    1.7  02:49   10.0    0.0    0.3    5.1   34.2  14:45    208
 31    9.4   12.6  13:17    7.0  23:55    9.0    0.0    5.1    2.5   17.3  22:47     67
---------------------------------------------------------------------------------------
       4.7   16.8     28   -3.9     17  423.9    0.0   66.6    4.7   51.5     29    322