Brak ostrzeżeń.   -   Brak ostrzeżeń pogodowych

NOAA-Style Climate Reports

Wybież rok albo miesiąc raportu
2017: Sty Lut Mar Kwi Maj Cze Lip Sie Wrz Paź Lis Gru
2016: Sty Lut Mar Kwi Maj Cze Lip Sie Wrz Paź Lis Gru
2015: Sty Lut Mar Kwi Maj Cze Lip Sie Wrz Paź Lis Gru
2014: Sty Lut Mar Kwi Maj Cze Lip Sie Wrz Paź Lis Gru
2013: Sty Lut Mar Kwi Maj Cze Lip Sie Wrz Paź Lis Gru
2012: Sty Lut Mar Kwi Maj Cze Lip Sie Wrz Paź Lis Gru

Raport dla 2016 Kwiecień
                   MONTHLY CLIMATOLOGICAL SUMMARY for Apr 2016


NAME: Smolec, Poland    City: Smolec                State: Dolnyslask              
ELEV: 123 m    LAT: 51-05.22 N    LONG: 016-54.37 E


                   TEMPERATURE (C), RAIN (mm), WIND SPEED (km/h)

                                         HEAT   COOL         AVG
      MEAN                               DEG    DEG          WIND                   DOM
DAY   TEMP   HIGH   TIME    LOW   TIME   DAYS   DAYS   RAIN  SPEED   HIGH   TIME    DIR
---------------------------------------------------------------------------------------
 01    5.1    9.0  17:04    1.5  23:56   13.3    0.0    6.6    6.1   34.2  03:33    340
 02    7.1   14.2  16:43    1.0  00:54   11.3    0.0    0.3    5.1   27.0  13:54    140
 03   11.8   20.4  16:08    3.4  06:47    6.5    0.0    0.0    5.1   22.0  12:47    142
 04   14.4   22.6  14:38    6.5  06:37    4.0    0.0    0.0    1.8   13.3  12:45    142
 05   16.4   25.7  15:33    6.1  06:34    1.9    0.0    0.0    1.9   13.3  13:42    185
 06   13.0   17.3  15:01    8.5  23:51    5.3    0.0    1.8    6.3   30.6  05:58    300
 07   13.0   19.1  16:36    7.5  03:06    5.3    0.0    0.0    5.5   29.5  12:52    215
 08   10.4   12.3  12:08    8.7  06:39    7.9    0.0    0.0    1.9   12.2  12:59    184
 09    7.5    8.9  00:00    6.3  06:49   10.8    0.0   16.2    2.7   20.9  15:10      7
 10    6.2    6.9  00:00    5.7  07:34   12.2    0.0    5.7    5.9   20.9  10:44    353
 11    9.5   13.4  15:45    5.9  02:24    8.9    0.0    0.0    2.8   12.2  00:27    349
 12   11.2   14.2  15:16    7.2  23:50    7.2    0.0    0.0    0.8   11.2  13:19    216
 13   12.3   20.7  16:32    3.7  06:28    6.0    0.0    0.0    1.5   18.4  15:36    272
 14    9.9   12.4  00:01    7.0  22:47    8.5    0.0    6.3    6.8   27.0  14:29    320
 15    9.7   15.2  14:56    4.7  06:21    8.7    0.0    2.4    4.1   19.4  16:56    185
 16   12.4   16.4  12:28    7.3  04:36    6.0    0.0    0.6    4.5   25.6  17:39    186
 17   11.0   16.7  11:38    7.6  05:41    7.4    0.0    1.8    4.7   27.0  15:43    315
 18    9.8   14.5  15:52    6.0  06:10    8.5    0.0    0.0    4.8   23.4  15:36    292
 19    9.1   12.9  13:42    6.0  01:29    9.2    0.0    0.9    7.3   39.2  13:24    303
 20    7.8   12.0  16:12    4.3  05:16   10.6    0.0    0.0   10.3   33.1  15:02    309
 21    9.6   17.4  16:30   -0.4  05:35    8.8    0.0    0.0    4.1   28.1  12:57    292
 22    9.5   15.4  16:09    5.0  05:10    8.9    0.0    0.0    6.2   30.6  09:33    315
 23    8.4   15.5  14:11    2.1  05:18    9.9    0.0    8.4    3.4   27.0  22:19    301
 24    5.0    9.4  15:55    1.8  23:02   13.4    0.0    1.2    8.9   36.7  11:42    310
 25    4.3    9.4  17:21   -0.3  05:44   14.1    0.0    0.0    5.6   28.1  10:19    311
 26    5.4   10.9  13:18    0.2  03:41   13.0    0.0    2.4    8.1   39.2  16:16    194
 27    5.6    8.6  16:24    2.4  02:45   12.8    0.0    0.0    5.6   29.5  12:50    202
 28    7.3   13.2  15:20    1.7  00:39   11.1    0.0    0.0    6.3   37.8  13:02    206
 29    8.7   16.6  15:55   -0.7  06:07    9.6    0.0    0.0    2.8   20.9  13:08    157
 30   11.4   18.9  16:23    2.8  05:56    7.0    0.0    0.0    4.2   22.0  21:48    142
---------------------------------------------------------------------------------------
       9.4   25.7     05   -0.7     29  267.6    0.0   54.6    4.8   39.2     19    281