Brak ostrzeżeń.   -   Brak ostrzeżeń pogodowych

NOAA-Style Climate Reports

Wybież rok albo miesiąc raportu
2017: Sty Lut Mar Kwi Maj Cze Lip Sie Wrz Paź Lis Gru
2016: Sty Lut Mar Kwi Maj Cze Lip Sie Wrz Paź Lis Gru
2015: Sty Lut Mar Kwi Maj Cze Lip Sie Wrz Paź Lis Gru
2014: Sty Lut Mar Kwi Maj Cze Lip Sie Wrz Paź Lis Gru
2013: Sty Lut Mar Kwi Maj Cze Lip Sie Wrz Paź Lis Gru
2012: Sty Lut Mar Kwi Maj Cze Lip Sie Wrz Paź Lis Gru

Raport dla 2016 Maj
                   MONTHLY CLIMATOLOGICAL SUMMARY for May 2016


NAME: Smolec, Poland    City: Smolec                State: Dolnyslask              
ELEV: 123 m    LAT: 51-05.22 N    LONG: 016-54.37 E


                   TEMPERATURE (C), RAIN (mm), WIND SPEED (km/h)

                                         HEAT   COOL         AVG
      MEAN                               DEG    DEG          WIND                   DOM
DAY   TEMP   HIGH   TIME    LOW   TIME   DAYS   DAYS   RAIN  SPEED   HIGH   TIME    DIR
---------------------------------------------------------------------------------------
 01   11.8   18.6  13:28    5.9  06:08    6.5    0.0    0.0    4.8   27.0  15:23     49
 02   11.6   19.4  15:01    3.5  05:41    6.7    0.0    0.0    3.6   23.4  17:26     18
 03   11.4   18.7  15:40    5.8  05:26    6.9    0.0   11.4    3.6   22.0  14:45    318
 04   10.3   12.2  16:16    8.9  08:51    8.0    0.0   12.0    7.0   30.6  15:22    339
 05   12.7   20.2  15:31    8.1  05:00    5.6    0.0    0.0    5.0   17.3  00:10    331
 06   14.9   23.6  13:39    5.2  05:27    3.5    0.0    0.0    2.1   22.0  14:30     77
 07   16.2   23.7  14:26    5.8  05:20    2.1    0.0    0.0    4.5   30.6  12:41     81
 08   15.8   23.6  15:14    8.5  06:08    2.5    0.0    0.3    4.1   37.8  14:09     87
 09   15.7   24.0  15:06    8.8  02:41    2.7    0.0    0.0    3.1   49.0  15:41    111
 10   17.1   24.4  17:13    9.7  05:11    1.3    0.0    0.0    4.4   27.0  10:37    135
 11   17.7   25.2  15:50    8.0  05:24    0.7    0.0    0.0    3.3   22.0  13:35    141
 12   18.6   25.1  15:20   10.4  05:29    0.0    0.3    0.0    4.2   30.6  15:12     91
 13   18.3   25.7  14:34   13.4  06:07    0.0    0.0   12.3    6.6   31.7  13:42     11
 14   14.2   20.3  14:00    9.4  23:48    4.2    0.0    0.0   10.6   37.8  12:24    319
 15    8.8   13.4  15:47    5.6  04:38    9.5    0.0    0.6    8.9   37.8  12:20    298
 16    9.8   14.7  16:21    5.5  02:50    8.6    0.0    0.0    8.4   39.2  11:37    303
 17    9.3   11.8  14:20    7.0  02:50    9.0    0.0    0.0    7.3   31.7  14:13    300
 18   13.1   18.4  16:07    8.6  04:48    5.3    0.0    0.0    3.5   15.8  11:58    287
 19   15.3   22.6  15:00    9.5  04:54    3.1    0.0    0.0    2.5   18.4  15:25    131
 20   16.6   23.6  12:17   11.6  02:45    1.8    0.0    1.2    3.0   23.4  19:42    294
 21   18.2   24.7  14:16   11.2  05:49    0.2    0.0    0.0    2.8   18.4  12:55    293
 22   20.0   27.8  16:45   11.0  03:16    0.0    1.7    0.0    4.2   27.0  13:48    153
 23   21.8   29.1  16:10   13.3  05:20    0.0    3.5    0.0    5.6   30.6  14:22    143
 24   19.9   28.9  14:23   13.8  05:49    0.0    1.6    0.0    6.6   39.2  17:33    316
 25   16.0   19.1  13:40   14.4  06:08    2.3    0.0    0.0   11.1   28.1  03:17    312
 26   15.9   19.7  15:54   12.7  23:52    2.4    0.0    0.0    4.5   19.4  00:44    313
 27   18.2   25.6  14:10    9.0  04:19    0.1    0.0    0.0    2.9   25.6  22:35    160
 28   19.8   28.2  13:27   13.5  05:51    0.0    1.5    0.3    2.4   13.3  13:35    207
 29   20.3   24.6  18:22   16.6  02:22    0.0    1.9    0.3    6.7   31.7  14:40    143
 30   22.0   28.1  17:17   16.8  03:50    0.0    3.7    0.0    4.5   24.5  14:10    146
 31   20.2   27.6  11:34   16.3  05:15    0.0    1.8    0.6    2.5   28.1  13:15    352
---------------------------------------------------------------------------------------
      15.8   29.1     23    3.5     02   92.9   15.9   39.0    5.0   49.0     09    331