Brak ostrzeżeń.   -   Brak ostrzeżeń pogodowych

NOAA-Style Climate Reports

Wybież rok albo miesiąc raportu
2017: Sty Lut Mar Kwi Maj Cze Lip Sie Wrz Paź Lis Gru
2016: Sty Lut Mar Kwi Maj Cze Lip Sie Wrz Paź Lis Gru
2015: Sty Lut Mar Kwi Maj Cze Lip Sie Wrz Paź Lis Gru
2014: Sty Lut Mar Kwi Maj Cze Lip Sie Wrz Paź Lis Gru
2013: Sty Lut Mar Kwi Maj Cze Lip Sie Wrz Paź Lis Gru
2012: Sty Lut Mar Kwi Maj Cze Lip Sie Wrz Paź Lis Gru

Raport dla 2016 Czerwiec
                   MONTHLY CLIMATOLOGICAL SUMMARY for Jun 2016


NAME: Smolec, Poland    City: Smolec                State: Dolnyslask              
ELEV: 123 m    LAT: 51-05.22 N    LONG: 016-54.37 E


                   TEMPERATURE (C), RAIN (mm), WIND SPEED (km/h)

                                         HEAT   COOL         AVG
      MEAN                               DEG    DEG          WIND                   DOM
DAY   TEMP   HIGH   TIME    LOW   TIME   DAYS   DAYS   RAIN  SPEED   HIGH   TIME    DIR
---------------------------------------------------------------------------------------
 01   20.7   27.7  14:43   15.5  03:20    0.0    2.3    0.0    4.1   31.7  15:25    179
 02   19.3   25.8  13:35   15.0  04:56    0.0    1.0    3.3    4.6   24.5  14:42    159
 03   19.0   24.3  16:16   15.0  23:55    0.0    0.7    0.0    4.0   19.4  07:55    104
 04   21.0   28.7  16:22   13.5  04:11    0.0    2.7    0.0    2.3   23.4  11:35     49
 05   21.8   28.9  15:36   13.8  05:01    0.0    3.5    0.0    3.6   23.4  15:23      9
 06   18.7   24.8  13:48   12.7  05:45    0.0    0.3    0.0    4.7   23.4  14:38     43
 07   18.0   26.2  16:13    7.7  05:02    0.4    0.0    0.0    2.0   20.9  13:23    136
 08   20.3   28.7  15:11    8.8  05:02    0.0    1.9    0.0    2.9   28.1  21:59    247
 09   17.7   22.8  16:16   13.1  04:59    0.7    0.0    0.0    4.2   20.9  04:09    349
 10   18.3   22.8  17:28   13.8  03:23    0.0    0.0    0.0    7.8   42.8  14:12    301
 11   17.4   23.1  16:08   12.5  02:56    0.9    0.0    0.0    2.9   22.0  13:41    360
 12   18.1   24.7  13:19    9.7  03:11    0.2    0.0    0.0    3.9   24.5  17:02    173
 13   17.6   22.8  11:45   15.2  23:55    0.7    0.0    3.3    4.3   17.3  09:50    159
 14   18.7   24.6  13:22   14.0  04:43    0.0    0.4    0.3    3.1   22.0  13:30    307
 15   16.8   26.8  12:54   11.2  04:44    1.6    0.0    5.7    2.8   27.0  14:34    267
 16   20.4   27.0  15:25   12.2  03:37    0.0    2.1    0.3    3.9   23.4  13:39    167
 17   18.5   21.2  08:54   14.9  23:41    0.0    0.2    5.4    6.4   33.1  10:37    209
 18   17.9   26.2  15:56   11.9  03:50    0.5    0.0    1.5    3.3   36.7  17:00    231
 19   18.7   28.2  17:39   12.3  02:34    0.0    0.4    7.8    3.6   31.7  17:45    325
 20   15.5   17.0  19:21   13.8  22:55    2.8    0.0    5.7    4.2   18.4  05:39    323
 21   18.5   23.9  14:43   12.4  04:59    0.0    0.2    0.0    3.7   25.6  16:29    255
 22   21.6   30.6  17:47   12.6  04:24    0.0    3.3    0.0    2.2   18.4  13:48    175
 23   24.7   32.0  16:22   14.6  05:07    0.0    6.3    0.0    2.6   17.3  14:08    160
 24   27.3   35.1  17:57   17.8  04:35    0.0    9.0    0.0    2.9   19.4  12:24    153
 25   27.9   34.8  14:59   21.8  04:15    0.0    9.5    0.0    6.2   36.7  15:25    164
 26   19.6   22.8  00:00   16.6  12:43    0.0    1.3    0.3    5.8   33.1  09:29    315
 27   17.7   23.5  15:47   14.2  02:34    0.7    0.0    1.2    1.8   15.8  16:50    297
 28   20.2   26.7  16:16   13.2  05:25    0.0    1.8    0.0    3.6   27.0  18:12    307
 29   21.2   28.7  15:05   13.7  05:12    0.0    2.8    0.0    3.6   28.1  15:29    212
 30   21.0   31.5  12:36   14.2  05:20    0.0    2.6   10.8    2.2   50.0  13:23    145
---------------------------------------------------------------------------------------
      19.8   35.1     24    7.7     07    8.4   52.5   45.6    3.8   50.0     30    229