Brak ostrzeżeń.   -   Brak ostrzeżeń pogodowych

NOAA-Style Climate Reports

Wybież rok albo miesiąc raportu
2017: Sty Lut Mar Kwi Maj Cze Lip Sie Wrz Paź Lis Gru
2016: Sty Lut Mar Kwi Maj Cze Lip Sie Wrz Paź Lis Gru
2015: Sty Lut Mar Kwi Maj Cze Lip Sie Wrz Paź Lis Gru
2014: Sty Lut Mar Kwi Maj Cze Lip Sie Wrz Paź Lis Gru
2013: Sty Lut Mar Kwi Maj Cze Lip Sie Wrz Paź Lis Gru
2012: Sty Lut Mar Kwi Maj Cze Lip Sie Wrz Paź Lis Gru

Raport dla 2016 Lipiec
                   MONTHLY CLIMATOLOGICAL SUMMARY for Jul 2016


NAME: Smolec, Poland    City: Smolec                State: Dolnyslask              
ELEV: 123 m    LAT: 51-05.22 N    LONG: 016-54.37 E


                   TEMPERATURE (C), RAIN (mm), WIND SPEED (km/h)

                                         HEAT   COOL         AVG
      MEAN                               DEG    DEG          WIND                   DOM
DAY   TEMP   HIGH   TIME    LOW   TIME   DAYS   DAYS   RAIN  SPEED   HIGH   TIME    DIR
---------------------------------------------------------------------------------------
 01   23.2   30.8  17:25   15.2  05:32    0.0    4.9    0.3    2.3   22.0  15:35    231
 02   22.6   32.1  13:34   16.7  23:50    0.0    4.2    3.6    5.0   39.2  15:38    277
 03   17.9   23.7  15:25   13.6  03:12    0.5    0.0    4.8    5.8   35.6  19:13    310
 04   18.2   24.2  15:10   11.1  05:09    0.2    0.0    0.0    4.0   20.9  12:32    325
 05   18.3   27.3  17:52   10.0  04:49    0.0    0.0   13.2    3.1   31.7  23:43    184
 06   16.7   20.1  17:07   13.5  23:28    1.6    0.0    0.6   11.6   57.6  15:21    304
 07   16.6   22.3  15:38   11.0  05:25    1.7    0.0    0.0    7.8   29.5  09:51    304
 08   19.6   28.0  17:05    9.9  04:46    0.0    1.3    0.0    3.6   22.0  13:05    193
 09   19.0   22.0  13:20   15.8  23:57    0.0    0.7    0.0    8.2   49.0  13:21    308
 10   23.0   31.1  17:08   14.5  04:22    0.0    4.7    0.0    3.4   20.9  13:14    198
 11   27.7   34.9  16:42   19.0  05:24    0.0    9.3    3.3    5.2   43.9  17:01    209
 12   22.8   29.2  15:51   18.3  23:58    0.0    4.5    1.8    2.3   22.0  23:01    280
 13   20.9   27.3  16:16   16.7  04:11    0.0    2.5   13.8    2.8   17.3  13:07    203
 14   14.7   18.0  00:01   11.0  20:43    3.7    0.0   51.6   10.2   58.7  16:35    312
 15   14.8   18.0  17:09   12.1  00:00    3.5    0.0    0.6    9.0   34.2  14:21    306
 16   17.5   22.9  18:36   12.8  04:46    0.8    0.0    0.0    4.5   19.4  09:36    329
 17   19.5   25.3  16:39   14.4  05:39    0.0    1.1    0.6    4.4   25.6  13:20    313
 18   17.1   18.8  10:17   15.9  16:22    1.3    0.0    0.3    4.4   22.0  11:35    310
 19   19.1   22.6  14:37   16.0  02:42    0.0    0.8    0.0    4.6   27.0  12:36    320
 20   20.2   27.0  16:07   15.5  23:55    0.0    1.9    0.0    2.0   14.8  13:22    322
 21   21.7   31.9  16:26   11.5  04:42    0.0    3.4    0.0    1.9   15.8  10:56     96
 22   22.8   30.8  15:35   14.3  05:38    0.0    4.5    0.0    2.2   15.8  13:51     16
 23   22.3   30.6  15:50   13.1  05:19    0.0    4.0    0.0    2.5   19.4  17:36     27
 24   20.8   26.2  14:18   15.6  04:46    0.0    2.4    0.3    1.8   12.2  12:51      5
 25   24.0   31.5  14:46   18.1  06:35    0.0    5.6   13.8    2.3   18.4  20:42    352
 26   24.1   32.4  15:34   16.8  05:21    0.0    5.8    0.0    2.6   19.4  17:06    338
 27   23.4   30.3  17:38   17.3  05:51    0.0    5.0    0.0    3.4   24.5  20:41    287
 28   22.1   29.2  15:52   17.3  04:26    0.0    3.8    0.0    2.9   23.4  19:04    324
 29   20.5   27.8  13:24   15.6  05:08    0.0    2.2    5.7    2.6   34.2  14:06    233
 30   22.7   29.9  15:23   16.4  05:10    0.0    4.4    0.0    3.4   22.0  10:21    293
 31   22.2   28.9  11:43   16.3  06:08    0.0    3.8    3.0    2.3   15.8  11:46    181
---------------------------------------------------------------------------------------
      20.5   34.9     11    9.9     08   13.3   80.9  117.3    4.3   58.7     14    302