Brak ostrzeżeń.   -   Brak ostrzeżeń pogodowych

NOAA-Style Climate Reports

Wybież rok albo miesiąc raportu
2017: Sty Lut Mar Kwi Maj Cze Lip Sie Wrz Paź Lis Gru
2016: Sty Lut Mar Kwi Maj Cze Lip Sie Wrz Paź Lis Gru
2015: Sty Lut Mar Kwi Maj Cze Lip Sie Wrz Paź Lis Gru
2014: Sty Lut Mar Kwi Maj Cze Lip Sie Wrz Paź Lis Gru
2013: Sty Lut Mar Kwi Maj Cze Lip Sie Wrz Paź Lis Gru
2012: Sty Lut Mar Kwi Maj Cze Lip Sie Wrz Paź Lis Gru

Raport dla 2016 Sierpień
                   MONTHLY CLIMATOLOGICAL SUMMARY for Aug 2016


NAME: Smolec, Poland    City: Smolec                State: Dolnyslask              
ELEV: 123 m    LAT: 51-05.22 N    LONG: 016-54.37 E


                   TEMPERATURE (C), RAIN (mm), WIND SPEED (km/h)

                                         HEAT   COOL         AVG
      MEAN                               DEG    DEG          WIND                   DOM
DAY   TEMP   HIGH   TIME    LOW   TIME   DAYS   DAYS   RAIN  SPEED   HIGH   TIME    DIR
---------------------------------------------------------------------------------------
 01   19.3   23.6  16:33   15.5  23:54    0.0    1.0    1.2    7.3   33.1  09:19    310
 02   18.4   25.6  13:58   11.0  05:38    0.0    0.0    0.0    2.7   19.4  18:34    239
 03   19.9   25.5  14:11   13.4  05:22    0.0    1.6    0.0    4.3   25.6  15:16    201
 04   25.1   31.8  15:29   19.2  06:23    0.0    6.7    0.3    2.8   23.4  21:07    219
 05   18.9   26.7  10:11   15.1  23:10    0.0    0.6    1.8    6.1   37.8  14:11    308
 06   18.6   24.6  14:48   14.1  05:00    0.0    0.3    0.0    6.0   27.0  12:16    312
 07   19.1   25.8  16:30   12.4  05:10    0.0    0.7    0.0    3.9   25.6  13:20    307
 08   22.9   31.6  16:35   12.7  03:50    0.0    4.6    0.0    3.3   24.5  14:08    210
 09   17.6   22.1  00:00   13.8  23:50    0.7    0.0    0.3    4.1   24.5  14:29    312
 10   14.5   18.6  17:35   12.4  05:49    3.8    0.0    0.3    3.4   17.3  10:28    318
 11   14.0   20.0  14:54    8.7  04:51    4.3    0.0    0.0    5.1   27.0  11:39    308
 12   16.6   22.9  16:11    9.9  00:08    1.7    0.0    0.0    3.4   27.0  11:50    241
 13   20.4   27.2  16:55   15.2  05:39    0.0    2.1    1.2    3.8   22.0  15:17    234
 14   20.4   25.2  15:50   15.9  23:56    0.0    2.1    0.0    5.8   28.1  15:56    304
 15   17.6   24.3  14:53   11.8  05:16    0.7    0.0    0.0    4.0   27.0  17:04    318
 16   16.8   21.8  12:59   13.0  23:10    1.5    0.0    0.0    2.8   24.5  11:34    317
 17   16.5   24.3  13:56   10.1  06:08    1.8    0.0    0.0    3.5   22.0  13:13    332
 18   18.2   26.6  16:07   10.7  06:42    0.1    0.0    0.0    2.5   19.4  14:00    326
 19   19.5   30.5  16:10    9.0  06:07    0.0    1.1    0.0    1.4   17.3  13:40     21
 20   21.5   28.3  12:21   12.5  04:13    0.0    3.1    0.0    3.1   27.0  12:30    177
 21   17.8   20.3  00:17   14.1  23:35    0.6    0.0   21.9    3.5   19.4  12:48    299
 22   17.5   23.9  15:12   13.6  23:53    0.9    0.0    0.0    4.3   20.9  08:43    312
 23   18.0   25.2  16:17   10.4  05:55    0.4    0.0    0.0    2.7   22.0  13:34    303
 24   19.2   26.9  15:26   13.5  06:22    0.0    0.9    0.0    1.7   19.4  14:55    357
 25   19.8   27.2  15:52   11.3  05:15    0.0    1.4    0.0    3.5   20.9  09:53    144
 26   22.2   30.1  15:42   13.6  06:14    0.0    3.9    0.0    5.8   29.5  11:39    166
 27   23.4   32.3  15:38   13.8  06:30    0.0    5.0    0.0    2.3   13.3  13:55    164
 28   23.7   32.3  15:20   15.7  03:25    0.0    5.3    0.0    4.2   35.6  09:56    192
 29   22.4   25.3  13:40   18.3  06:39    0.0    4.1    0.0    4.6   27.0  10:47    304
 30   18.0   23.3  15:15   11.8  23:56    0.4    0.0    0.0    4.8   25.6  14:53    320
 31   17.2   25.3  14:33    8.2  05:58    1.2    0.0    0.0    1.8   15.8  13:24    147
---------------------------------------------------------------------------------------
      19.2   32.3     27    8.2     31   18.1   44.6   27.0    3.8   37.8     05    288