Brak ostrzeżeń.   -   Brak ostrzeżeń pogodowych

NOAA-Style Climate Reports

Wybież rok albo miesiąc raportu
2017: Sty Lut Mar Kwi Maj Cze Lip Sie Wrz Paź Lis Gru
2016: Sty Lut Mar Kwi Maj Cze Lip Sie Wrz Paź Lis Gru
2015: Sty Lut Mar Kwi Maj Cze Lip Sie Wrz Paź Lis Gru
2014: Sty Lut Mar Kwi Maj Cze Lip Sie Wrz Paź Lis Gru
2013: Sty Lut Mar Kwi Maj Cze Lip Sie Wrz Paź Lis Gru
2012: Sty Lut Mar Kwi Maj Cze Lip Sie Wrz Paź Lis Gru

Raport dla 2016 Wrzesień
                   MONTHLY CLIMATOLOGICAL SUMMARY for Sep 2016


NAME: Smolec, Poland    City: Smolec                State: Dolnyslask              
ELEV: 123 m    LAT: 51-05.22 N    LONG: 016-54.37 E


                   TEMPERATURE (C), RAIN (mm), WIND SPEED (km/h)

                                         HEAT   COOL         AVG
      MEAN                               DEG    DEG          WIND                   DOM
DAY   TEMP   HIGH   TIME    LOW   TIME   DAYS   DAYS   RAIN  SPEED   HIGH   TIME    DIR
---------------------------------------------------------------------------------------
 01   20.6   29.8  15:01   11.2  06:11    0.0    2.3    0.0    2.9   22.0  13:31    294
 02   19.8   27.0  16:07   12.2  06:25    0.0    1.4    0.0    2.4   22.0  12:50    322
 03   20.1   28.1  14:52   13.1  03:16    0.0    1.7    0.0    2.2   18.4  15:36    283
 04   20.1   28.5  15:25   12.8  06:30    0.0    1.7    8.7    4.7   35.6  17:59    237
 05   16.5   20.5  15:39   14.6  23:46    1.8    0.0    7.8    5.6   23.4  08:44    322
 06   17.1   23.2  15:26   11.6  06:11    1.2    0.0    0.0    4.6   23.4  14:29      9
 07   19.4   26.6  15:04   11.5  06:18    0.0    1.1    0.0    1.8   17.3  13:43    146
 08   22.0   30.4  15:03   13.8  06:41    0.0    3.6    0.0    3.1   23.4  13:06    174
 09   22.9   31.9  14:43   14.3  06:42    0.0    4.6    0.0    2.1   17.3  15:12    314
 10   22.7   31.5  15:46   15.9  06:36    0.0    4.4    0.0    1.8   12.2  13:09    331
 11   23.1   33.1  15:25   15.2  05:00    0.0    4.8    0.0    1.0   12.2  13:31    139
 12   22.5   31.7  16:36   14.6  06:29    0.0    4.1    0.0    2.0   19.4  14:15    137
 13   22.0   31.0  14:47   13.3  06:48    0.0    3.7    0.0    1.6   20.9  13:48    116
 14   20.8   28.1  15:41   14.3  06:46    0.0    2.5    0.0    3.0   29.5  13:38     60
 15   18.0   26.7  15:40    9.4  06:45    0.3    0.0    0.0    2.4   20.9  14:11    143
 16   20.9   29.4  14:41   13.5  06:43    0.0    2.6    0.0    2.9   15.8  12:56    142
 17   18.6   22.2  11:58   15.7  06:30    0.0    0.3   14.7    2.2   14.8  22:09     86
 18   14.0   16.8  00:00   11.9  21:52    4.4    0.0    9.6    4.7   20.9  11:15     38
 19   11.8   15.3  16:23    7.6  23:46    6.5    0.0    1.8    3.8   17.3  09:07      1
 20   11.0   16.2  15:16    5.6  03:22    7.3    0.0    0.0    3.1   18.4  14:09    320
 21   12.4   18.1  16:38    6.4  23:54    5.9    0.0    0.0    2.5   20.9  16:41    358
 22   11.3   20.3  15:01    5.1  04:10    7.0    0.0    0.0    2.1   17.3  14:18    304
 23   12.6   20.3  16:07    6.0  02:14    5.7    0.0    0.0    1.5   15.8  13:37    262
 24   13.3   20.6  14:20    8.1  06:07    5.0    0.0    0.0    2.3   22.0  13:07    307
 25   13.5   20.8  14:41    9.1  01:11    4.9    0.0    0.0    2.1   18.4  14:13    149
 26   14.1   21.3  16:07   10.3  00:00    4.2    0.0    0.0    2.6   18.4  12:43    136
 27   14.2   21.7  16:15    8.2  23:59    4.1    0.0    0.0    1.5   14.8  12:19    140
 28   14.5   22.6  14:52    5.0  06:18    3.8    0.0    0.0    3.7   27.0  13:02    242
 29   19.9   25.3  16:11   16.1  07:43    0.0    1.6    0.0    5.8   24.5  15:15    209
 30   19.7   25.0  16:37   15.9  23:51    0.0    1.4    0.0    4.0   25.6  16:45    230
---------------------------------------------------------------------------------------
      17.7   33.1     11    5.0     28   62.2   41.9   42.6    2.9   35.6     04    306