Brak ostrzeżeń.   -   Brak ostrzeżeń pogodowych

NOAA-Style Climate Reports

Wybież rok albo miesiąc raportu
2017: Sty Lut Mar Kwi Maj Cze Lip Sie Wrz Paź Lis Gru
2016: Sty Lut Mar Kwi Maj Cze Lip Sie Wrz Paź Lis Gru
2015: Sty Lut Mar Kwi Maj Cze Lip Sie Wrz Paź Lis Gru
2014: Sty Lut Mar Kwi Maj Cze Lip Sie Wrz Paź Lis Gru
2013: Sty Lut Mar Kwi Maj Cze Lip Sie Wrz Paź Lis Gru
2012: Sty Lut Mar Kwi Maj Cze Lip Sie Wrz Paź Lis Gru

Raport dla 2016 Październik
                   MONTHLY CLIMATOLOGICAL SUMMARY for Oct 2016


NAME: Smolec, Poland    City: Smolec                State: Dolnyslask              
ELEV: 123 m    LAT: 51-05.22 N    LONG: 016-54.37 E


                   TEMPERATURE (C), RAIN (mm), WIND SPEED (km/h)

                                         HEAT   COOL         AVG
      MEAN                               DEG    DEG          WIND                   DOM
DAY   TEMP   HIGH   TIME    LOW   TIME   DAYS   DAYS   RAIN  SPEED   HIGH   TIME    DIR
---------------------------------------------------------------------------------------
 01   17.5   22.7  15:43   12.6  04:45    0.8    0.0    0.3    3.5   19.4  12:22    159
 02   16.7   21.1  13:16   13.3  22:28    1.7    0.0    2.4    2.1   17.3  01:32    265
 03   11.5   13.3  00:00   10.5  19:48    6.8    0.0   18.6    4.4   31.7  23:28    314
 04   11.0   14.6  14:00    6.8  23:59    7.3    0.0    9.3   11.4   45.4  14:45     15
 05    6.0    7.8  11:34    4.4  04:21   12.3    0.0   11.7    7.3   33.1  10:55    350
 06    6.3    7.9  13:48    2.5  23:59   12.0    0.0   11.4    5.3   20.9  04:19      8
 07    4.3   12.8  15:04   -1.9  07:46   14.1    0.0    0.3    1.5   15.8  13:30    319
 08    7.0    8.2  15:04    5.6  23:13   11.3    0.0    1.5    2.7   15.8  09:37    319
 09    7.1    9.9  15:30    5.4  03:04   11.2    0.0    3.9    3.5   24.5  13:49    297
 10    7.0   10.6  12:35    4.9  07:26   11.4    0.0    0.0    2.9   19.4  12:51    310
 11    5.4    7.5  13:40    4.0  23:41   12.9    0.0    0.6    3.2   25.6  21:05     22
 12    3.4    4.0  00:00    1.8  23:53   14.9    0.0    6.3    6.1   22.0  12:20     32
 13    1.8    4.8  16:11   -2.5  07:34   16.5    0.0    2.1    5.0   24.5  10:00     71
 14    5.6   12.8  15:30   -2.1  07:30   12.7    0.0    0.0    5.8   25.6  14:36    128
 15   10.0   15.3  14:31    5.4  07:43    8.4    0.0    0.0    3.5   27.0  09:46    133
 16    6.4    8.7  00:00    4.4  19:53   11.9    0.0    0.0    3.0   22.0  20:14    110
 17    5.9    7.6  16:42    4.8  04:17   12.4    0.0    0.0    4.5   19.4  13:02    137
 18    8.5   14.4  13:58    5.2  02:16    9.9    0.0    0.0    3.0   20.9  13:47    175
 19    5.9   10.0  16:00    2.7  22:41   12.4    0.0   10.5    2.9   19.4  15:02    168
 20    5.0    9.3  14:39    1.9  23:54   13.4    0.0    0.0    3.6   18.4  11:41    144
 21    1.3    6.3  16:59   -2.6  07:36   17.0    0.0    0.0    3.0   18.4  11:46    136
 22    4.9   11.5  14:08   -1.0  08:08   13.4    0.0    2.4    2.0   15.8  13:21    209
 23    5.8   11.0  15:13    1.2  08:08   12.6    0.0    0.0    1.6   13.3  14:30    154
 24    8.5   14.0  15:16    4.6  07:01    9.8    0.0    0.3    2.3   11.2  05:14    149
 25    7.2   11.2  00:25    4.8  23:48   11.1    0.0    4.5    2.5   19.4  15:25    312
 26    2.9    5.9  16:07    0.0  06:18   15.5    0.0    0.3    1.9   13.3  00:45     12
 27    4.2   11.3  15:52   -0.4  03:35   14.1    0.0    0.0    1.3   13.3  13:26    232
 28    9.1   12.9  14:07    6.3  07:55    9.2    0.0    0.3    5.7   33.1  19:59    270
 29    8.2   10.8  13:49    5.6  23:04   10.1    0.0    0.6   11.2   41.8  19:14    311
 30    6.9   11.1  13:20    3.8  07:15   11.4    0.0    1.2    8.7   34.2  10:48    314
 31    5.2   10.0  13:15    0.2  06:22   13.1    0.0    0.6    5.5   24.5  12:11    308
---------------------------------------------------------------------------------------
       7.0   22.7     01   -2.6     21  351.8    0.0   89.1    4.2   45.4     04    346