Brak ostrzeżeń.   -   Brak ostrzeżeń pogodowych

NOAA-Style Climate Reports

Wybież rok albo miesiąc raportu
2017: Sty Lut Mar Kwi Maj Cze Lip Sie Wrz Paź Lis Gru
2016: Sty Lut Mar Kwi Maj Cze Lip Sie Wrz Paź Lis Gru
2015: Sty Lut Mar Kwi Maj Cze Lip Sie Wrz Paź Lis Gru
2014: Sty Lut Mar Kwi Maj Cze Lip Sie Wrz Paź Lis Gru
2013: Sty Lut Mar Kwi Maj Cze Lip Sie Wrz Paź Lis Gru
2012: Sty Lut Mar Kwi Maj Cze Lip Sie Wrz Paź Lis Gru

Raport dla 2016 Listopad
                   MONTHLY CLIMATOLOGICAL SUMMARY for Nov 2016


NAME: Smolec, Poland    City: Smolec                State: Dolnyslask              
ELEV: 123 m    LAT: 51-05.22 N    LONG: 016-54.37 E


                   TEMPERATURE (C), RAIN (mm), WIND SPEED (km/h)

                                         HEAT   COOL         AVG
      MEAN                               DEG    DEG          WIND                   DOM
DAY   TEMP   HIGH   TIME    LOW   TIME   DAYS   DAYS   RAIN  SPEED   HIGH   TIME    DIR
---------------------------------------------------------------------------------------
 01    7.3   13.8  13:59    2.4  07:10   11.0    0.0    1.5    3.4   27.0  13:46    219
 02    6.0   10.4  00:10    1.6  23:46   12.3    0.0    5.7   10.5   40.3  10:13    306
 03    2.9    5.4  14:45    0.9  23:51   15.5    0.0    0.0    9.3   33.1  09:25    309
 04    4.4    9.2  11:25   -0.6  03:33   13.9    0.0    0.0    4.9   28.1  11:39    193
 05    6.1    7.8  20:20    3.8  01:00   12.2    0.0    1.2    5.4   28.1  09:35    168
 06    5.9    9.1  12:58    2.3  23:59   12.4    0.0    2.4    2.8   20.9  16:28    293
 07    2.5    5.5  11:11    0.3  22:59   15.9    0.0    4.5    4.1   25.6  17:31    296
 08    1.4    7.9  12:52   -3.1  23:51   17.0    0.0    0.3    1.6   12.2  09:59    174
 09   -1.0    5.2  13:31   -4.3  02:43   19.4    0.0    0.0    1.2   13.3  12:24     48
 10   -1.3    2.1  13:54   -4.4  02:52   19.7    0.0    1.8    3.7   17.3  10:52    143
 11   -2.1   -1.3  00:00   -2.5  07:09   20.4    0.0    0.0    4.6   19.4  01:20    329
 12
 13
 14
 15    1.4    6.3  17:01    0.3  22:46   17.0    0.0    3.6    6.7   24.5  21:25    208
 16    3.8    8.3  14:08    0.3  00:01   14.5    0.0    3.6    4.6   18.4  15:07    208
 17    7.6   10.8  13:23    5.2  05:25   10.7    0.0    0.6    6.9   30.6  23:46    195
 18    8.8   11.0  12:08    6.8  03:18    9.6    0.0    0.0   11.2   39.2  19:15    185
 19    6.5    9.9  02:30    3.7  22:34   11.9    0.0    9.3    2.9   23.4  02:46    216
 20    4.5    9.6  13:47    0.0  07:35   13.8    0.0    0.3    4.1   19.4  10:30    152
 21    8.3   15.3  13:23    0.5  06:00   10.0    0.0    0.0    5.7   35.6  21:54    166
 22    9.5   14.8  12:56    2.1  23:26    8.9    0.0    0.0    6.2   37.8  11:41    176
 23    3.7   12.4  13:35   -0.7  05:10   14.6    0.0    0.0    0.4   12.2  13:38    173
 24    1.2    3.9  11:33   -1.3  03:59   17.2    0.0    0.6    1.8   13.3  12:14    350
 25    0.7    5.7  14:08   -1.6  22:31   17.7    0.0    0.0    1.8   15.8  07:32     19
 26   -2.1    1.0  14:41   -3.6  19:53   20.4    0.0    0.0    2.0   11.2  11:01    249
 27    2.1    4.7  14:22   -2.1  00:08   16.2    0.0    1.2   10.2   34.2  11:42    312
 28   -0.2    2.4  14:00   -3.0  23:45   18.6    0.0    0.0    8.6   39.2  11:46    326
 29   -1.2    0.8  14:32   -4.1  05:35   19.6    0.0    0.0   10.5   39.2  14:20    308
 30   -0.3    3.7  13:15   -3.4  03:45   18.6    0.0    5.4    7.6   37.8  13:42    299
---------------------------------------------------------------------------------------
       3.3   15.3     21   -4.4     10  408.8    0.0   42.0    5.3   40.3     02    257