Brak ostrzeżeń.   -   Brak ostrzeżeń pogodowych

NOAA-Style Climate Reports

Wybież rok albo miesiąc raportu
2017: Sty Lut Mar Kwi Maj Cze Lip Sie Wrz Paź Lis Gru
2016: Sty Lut Mar Kwi Maj Cze Lip Sie Wrz Paź Lis Gru
2015: Sty Lut Mar Kwi Maj Cze Lip Sie Wrz Paź Lis Gru
2014: Sty Lut Mar Kwi Maj Cze Lip Sie Wrz Paź Lis Gru
2013: Sty Lut Mar Kwi Maj Cze Lip Sie Wrz Paź Lis Gru
2012: Sty Lut Mar Kwi Maj Cze Lip Sie Wrz Paź Lis Gru

Raport dla 2016 Grudzień
                   MONTHLY CLIMATOLOGICAL SUMMARY for Dec 2016


NAME: Smolec, Poland    City: Smolec                State: Dolnyslask              
ELEV: 123 m    LAT: 51-05.22 N    LONG: 016-54.37 E


                   TEMPERATURE (C), RAIN (mm), WIND SPEED (km/h)

                                         HEAT   COOL         AVG
      MEAN                               DEG    DEG          WIND                   DOM
DAY   TEMP   HIGH   TIME    LOW   TIME   DAYS   DAYS   RAIN  SPEED   HIGH   TIME    DIR
---------------------------------------------------------------------------------------
 01    2.1    5.0  20:13   -0.5  00:00   16.2    0.0   11.7   16.5   50.0  20:27    305
 02    3.2    5.6  01:41    1.0  19:20   15.1    0.0    0.9   14.7   58.7  02:49    314
 03   -0.5    1.8  13:25   -2.6  23:48   18.8    0.0    0.0    7.0   31.7  00:33    311
 04   -2.8   -0.2  14:17   -4.8  23:56   21.1    0.0    0.0    1.7   14.8  09:48    294
 05   -3.2    3.5  13:38   -7.6  07:53   21.5    0.0    0.0    1.4   11.2  17:18    192
 06   -1.0    0.7  12:11   -4.1  02:37   19.3    0.0    0.3    7.2   30.6  11:26    311
 07   -0.6    3.0  23:11   -2.9  05:42   19.0    0.0    0.0    3.6   20.9  09:40    193
 08    6.5   11.3  13:34    2.4  00:19   11.8    0.0    0.6    5.7   23.4  06:39    218
 09    6.9    9.2  11:45    4.8  03:37   11.4    0.0    0.3    9.7   37.8  12:13    304
 10    9.8   13.5  13:09    6.8  02:50    8.6    0.0    0.0    8.5   31.7  19:22    294
 11    6.7    8.8  00:00    5.5  18:07   11.6    0.0    1.8   10.6   54.0  14:53    287
 12    0.5    5.6  00:00   -7.1  23:56   17.9    0.0    6.0    7.1   35.6  10:22    334
 13   -1.9    2.2  14:13   -7.5  01:05   20.2    0.0    0.3    1.8   13.3  22:45    180
 14    1.6    2.3  03:13    0.7  00:18   16.7    0.0    3.3    5.6   23.4  13:02    298
 15    0.8    1.7  00:00   -0.4  07:56   17.5    0.0    0.3    2.7   15.8  00:00    345
 16   -2.0    0.6  00:00   -5.5  23:45   20.4    0.0    0.0    3.1   15.8  13:25    141
 17   -3.7    0.8  14:11   -8.1  06:00   22.0    0.0    0.3    2.6   24.5  19:14    313
 18    0.3    1.3  13:17   -0.6  02:23   18.0    0.0    2.7    2.3   17.3  00:48    301
 19   -1.3   -0.3  00:00   -3.6  23:52   19.6    0.0    0.3    2.9   15.8  11:28    163
 20   -4.2   -3.4  00:35   -4.7  07:12   22.5    0.0    0.0    4.1   15.8  14:09    139
 21   -2.1    4.3  14:08   -5.1  23:38   20.4    0.0    0.0    2.4   19.4  02:35    152
 22   -2.6    2.5  13:35   -6.5  07:12   21.0    0.0    0.0    1.2    8.6  12:14    165
 23   -1.5    0.6  14:31   -3.9  22:53   19.8    0.0    0.6    2.8   25.6  11:36    275
 24    0.6    4.9  22:27   -4.8  05:25   17.7    0.0    0.6    5.4   29.5  20:37    227
 25    4.9    8.0  23:01    1.9  12:48   13.5    0.0    7.2    8.7   39.2  06:22    290
 26    8.2   10.6  12:51    4.5  23:55   10.2    0.0    0.3   10.8   62.3  17:23    301
 27    4.7    6.1  12:36    1.5  23:42   13.6    0.0    0.3   18.5   49.0  03:32    311
 28    0.9    4.2  13:11   -2.3  23:54   17.4    0.0    0.0    7.8   35.6  00:34    325
 29   -2.0    2.9  13:30   -5.7  07:34   20.3    0.0    0.0    1.2   11.2  11:51    284
 30    0.1    4.8  13:29   -3.7  23:44   18.2    0.0    0.0    1.9   11.2  08:31    202
 31   -1.0    7.2  14:31   -6.6  05:15   19.3    0.0    0.0    1.0   11.2  12:58    214
---------------------------------------------------------------------------------------
       0.9   13.5     10   -8.1     17  540.7    0.0   37.8    5.8   62.3     26    297