Brak ostrzeżeń.   -   Brak ostrzeżeń pogodowych

NOAA-Style Climate Reports

Wybież rok albo miesiąc raportu
2017: Sty Lut Mar Kwi Maj Cze Lip Sie Wrz Paź Lis Gru
2016: Sty Lut Mar Kwi Maj Cze Lip Sie Wrz Paź Lis Gru
2015: Sty Lut Mar Kwi Maj Cze Lip Sie Wrz Paź Lis Gru
2014: Sty Lut Mar Kwi Maj Cze Lip Sie Wrz Paź Lis Gru
2013: Sty Lut Mar Kwi Maj Cze Lip Sie Wrz Paź Lis Gru
2012: Sty Lut Mar Kwi Maj Cze Lip Sie Wrz Paź Lis Gru

Raport dla 2017
                     Annual Climatological Summary for year 2017


NAME: Smolec, Poland    City: Smolec               State: Dolnyslask
ELEV: 123 m                LAT: 51-05.22 N    LONG: 016-54.37 E


                                       TEMPERATURE (C)

                              HEAT    COOL                              MAX    MAX    MIN    MIN
          MEAN   MEAN         DEG     DEG                                >=     <=     <=     <=
 YR  MO   MAX    MIN    MEAN  DAYS    DAYS      HI  DAY     LOW  DAY     30      0      0    -20
------------------------------------------------------------------------------------------------
2017 01    0.2   -7.1   -3.2  666.2    0.0     6.4   01   -24.1   19      0     13     31      1
2017 02    4.3   -2.9    0.7  492.9    0.0    15.9   27   -22.4   11      0     10     19      1
2017 03   12.4    2.5    7.3  342.6    0.0    21.9   31    -3.4   13      0      0      6      0
2017 04   12.9    4.1    8.2  303.1    0.0    24.1   10    -0.9   19      0      0      2      0
2017 05   21.4    9.3   15.2  113.9   15.9    33.0   30     0.3   09      2      0      0      0
2017 06   26.2   14.2   19.9   11.7   57.1    32.9   28     9.4   15      4      0      0      0
2017 07   26.8   14.3   20.2    9.2   66.0    34.6   31    10.0   14      8      0      0      0
2017 08   27.4   14.6   20.7   11.3   83.8    36.6   01     8.0   24      7      0      0      0
2017 09   18.6    9.6   13.7  140.4    0.9    25.9   09     3.9   19      0      0      0      0
2017 10   17.9   13.8   15.7  142.2   62.3    26.8   17     2.1   31      0      0      0      0
2017 11    8.5    3.8    6.1  269.3    0.0    14.6   05    -2.5   18      0      0      1      0
2017 12
------------------------------------------------------------------------------------------------
          16.3    7.1   11.5 2502.9  285.9    36.6  Aug   -24.1  Jan     21     23     59      2


                  PRECIPITATION (mm)

                  MAX         ---DAYS OF RAIN---
                  OBS.               OVER
 YR  MO  TOTAL    DAY  DATE   0.30   3.00  30.00
------------------------------------------------
2017 01   10.8    3.0    04      7      0      0
2017 02   23.4    5.4    22     11      2      0
2017 03   39.0   10.8    19     10      4      0
2017 04   68.1   14.1    28     16     10      0
2017 05   16.5    5.1    04      7      2      0
2017 06   54.9   15.3    27     11      6      0
2017 07  148.5   27.9    25     15     11      0
2017 08   31.2   23.1    11      6      2      0
2017 09   69.6   26.1    01     13      5      0
2017 10   75.0   13.2    22     15      8      0
2017 11   32.1    8.1    20     13      2      0
2017 12
------------------------------------------------
         569.1   27.9   Jul    124     52      0


           WIND SPEED (km/h)

                                DOM
 YR  MO    AVG     HI   DATE    DIR
-----------------------------------
2017 01    4.7   50.0     04    263 
2017 02    5.0   60.1     24    208 
2017 03    5.3   74.5     02    286 
2017 04    6.8   49.0     15    313 
2017 05    4.6   54.0     30    326 
2017 06    5.3   51.5     16    284 
2017 07    3.9   68.4     23    288 
2017 08    3.8   58.7     11    279 
2017 09    4.4   46.4     13    270 
2017 10    5.5   73.4     05    285 
2017 11    4.3   40.3     20    257 
2017 12
-----------------------------------
           4.9   74.5    Mar    286