Brak ostrzeżeń.   -   Brak ostrzeżeń pogodowych

NOAA-Style Climate Reports

Wybież rok albo miesiąc raportu
2017: Sty Lut Mar Kwi Maj Cze Lip Sie Wrz Paź Lis Gru
2016: Sty Lut Mar Kwi Maj Cze Lip Sie Wrz Paź Lis Gru
2015: Sty Lut Mar Kwi Maj Cze Lip Sie Wrz Paź Lis Gru
2014: Sty Lut Mar Kwi Maj Cze Lip Sie Wrz Paź Lis Gru
2013: Sty Lut Mar Kwi Maj Cze Lip Sie Wrz Paź Lis Gru
2012: Sty Lut Mar Kwi Maj Cze Lip Sie Wrz Paź Lis Gru

Raport dla 2017 Styczeń
                   MONTHLY CLIMATOLOGICAL SUMMARY for Jan 2017


NAME: Smolec, Poland    City: Smolec                State: Dolnyslask              
ELEV: 123 m    LAT: 51-05.22 N    LONG: 016-54.37 E


                   TEMPERATURE (C), RAIN (mm), WIND SPEED (km/h)

                                         HEAT   COOL         AVG
      MEAN                               DEG    DEG          WIND                   DOM
DAY   TEMP   HIGH   TIME    LOW   TIME   DAYS   DAYS   RAIN  SPEED   HIGH   TIME    DIR
---------------------------------------------------------------------------------------
 01   -0.6    6.4  13:25   -5.9  06:48   18.9    0.0    0.0    1.8   12.2  16:48    202
 02   -0.8    0.9  10:08   -5.7  02:00   19.1    0.0    0.9    7.2   27.0  12:39    308
 03    0.4    2.8  21:15   -2.6  04:37   17.9    0.0    0.9    8.1   31.7  14:51    285
 04    1.6    3.6  11:29   -0.5  22:08   16.7    0.0    3.0   14.1   50.0  14:42    299
 05   -3.3   -0.4  00:16   -6.0  21:21   21.6    0.0    0.0    9.9   36.7  07:58    355
 06   -8.6   -5.3  11:27  -13.6  22:49   27.0    0.0    0.0    5.7   30.6  11:10    360
 07   -9.9   -5.2  13:46  -15.4  05:00   28.2    0.0    0.0    3.0   18.4  15:51    179
 08   -8.6   -5.5  13:04  -13.1  23:58   27.0    0.0    0.0    3.8   19.4  05:45    154
 09   -7.1   -3.9  21:14  -13.4  00:17   25.4    0.0    0.0    1.8   14.8  22:46    154
 10   -6.5   -3.1  14:26   -9.7  07:32   24.9    0.0    0.0    5.5   20.9  07:59    152
 11   -5.1    0.7  11:44  -11.2  08:11   23.5    0.0    0.0    7.4   41.8  17:55    177
 12    2.4    4.4  13:26   -0.9  00:01   16.0    0.0    2.1    8.6   37.8  11:24    275
 13    2.4    5.6  11:36   -0.2  22:53   15.9    0.0    0.6   10.7   39.2  12:41    218
 14   -0.5    1.3  12:30   -2.3  06:39   18.8    0.0    0.0    5.3   27.0  01:41    307
 15   -0.0    2.4  11:41   -1.0  21:27   18.4    0.0    1.5    3.9   25.6  12:39    260
 16   -2.3   -0.1  10:15   -5.9  21:39   20.7    0.0    1.2    2.5   19.4  12:21    348
 17   -3.8   -2.4  13:24   -5.1  02:51   22.2    0.0    0.0    2.4   13.3  21:43    352
 18   -6.1   -5.1  00:00   -7.0  06:14   24.5    0.0    0.0    2.3   11.2  01:55     20
 19   -7.7   -6.6  00:00  -24.1  18:56   26.0    0.0    0.0    2.6   14.8  09:21    161
 20   -1.6    2.0  13:39   -7.2  00:01   19.9    0.0    0.3    3.0   17.3  17:07    278
 21   -0.9    2.6  12:44   -4.7  23:52   19.2    0.0    0.0    2.2   12.2  10:53    299
 22   -2.8    0.9  14:19   -4.9  07:41   21.1    0.0    0.0    4.6   17.3  04:51    147
 23   -3.1    2.4  11:30   -8.5  07:23   21.4    0.0    0.0    3.5   22.0  23:21    285
 24   -4.3   -3.2  22:07   -5.7  00:00   22.6    0.0    0.0    5.2   18.4  03:19    309
 25   -2.3   -1.0  13:20   -3.4  03:01   20.7    0.0    0.0    3.6   13.3  02:40    308
 26   -1.4    2.1  13:46   -4.5  23:53   19.8    0.0    0.3    2.8   15.8  11:29    142
 27   -2.9    2.8  12:36   -7.2  23:57   21.3    0.0    0.0    2.8   13.3  13:05    138
 28   -5.2    1.5  14:10   -8.8  04:58   23.5    0.0    0.0    2.5   15.8  12:07    153
 29   -4.7    1.9  13:01   -9.8  05:38   23.0    0.0    0.0    2.3   13.3  15:51    150
 30   -2.7    3.5  13:24   -8.3  06:26   21.0    0.0    0.0    3.8   22.0  15:17    163
 31   -1.7   -0.6  10:41   -3.0  05:11   20.0    0.0    0.0    4.6   24.5  06:59    169
---------------------------------------------------------------------------------------
      -3.2    6.4     01  -24.1     19  666.2    0.0   10.8    4.7   50.0     04    263