Brak ostrzeżeń.   -   Brak ostrzeżeń pogodowych

NOAA-Style Climate Reports

Wybież rok albo miesiąc raportu
2017: Sty Lut Mar Kwi Maj Cze Lip Sie Wrz Paź Lis Gru
2016: Sty Lut Mar Kwi Maj Cze Lip Sie Wrz Paź Lis Gru
2015: Sty Lut Mar Kwi Maj Cze Lip Sie Wrz Paź Lis Gru
2014: Sty Lut Mar Kwi Maj Cze Lip Sie Wrz Paź Lis Gru
2013: Sty Lut Mar Kwi Maj Cze Lip Sie Wrz Paź Lis Gru
2012: Sty Lut Mar Kwi Maj Cze Lip Sie Wrz Paź Lis Gru

Raport dla 2017 Luty
                   MONTHLY CLIMATOLOGICAL SUMMARY for Feb 2017


NAME: Smolec, Poland    City: Smolec                State: Dolnyslask              
ELEV: 123 m    LAT: 51-05.22 N    LONG: 016-54.37 E


                   TEMPERATURE (C), RAIN (mm), WIND SPEED (km/h)

                                         HEAT   COOL         AVG
      MEAN                               DEG    DEG          WIND                   DOM
DAY   TEMP   HIGH   TIME    LOW   TIME   DAYS   DAYS   RAIN  SPEED   HIGH   TIME    DIR
---------------------------------------------------------------------------------------
 01   -2.1    0.9  14:08   -6.8  23:14   20.4    0.0    1.8    1.1   12.2  15:17    151
 02   -3.5   -1.5  23:51   -5.6  00:01   21.9    0.0    0.3    3.1   19.4  16:24    151
 03   -1.2    0.4  13:30   -2.3  06:58   19.5    0.0    0.9    2.7   20.9  21:00    126
 04   -1.1    0.0  14:10   -1.5  23:45   19.4    0.0    1.8    4.1   17.3  17:09    144
 05   -1.4   -0.2  14:53   -2.6  23:43   19.8    0.0    1.5    2.2   15.8  00:21    123
 06   -4.1   -2.6  00:00   -4.7  08:29   22.4    0.0    0.0    3.6   14.8  06:25     31
 07   -4.0   -2.6  13:26   -4.8  23:50   22.3    0.0    0.0    4.2   14.8  08:21     35
 08   -5.9   -4.8  00:00   -6.7  08:37   24.2    0.0    0.0    4.7   18.4  02:09     53
 09   -5.5   -4.1  13:25   -6.5  05:35   23.8    0.0    0.0    4.1   17.3  17:35    101
 10   -3.2    1.1  14:45   -6.1  07:35   21.5    0.0    0.0    5.4   20.9  09:34    118
 11   -3.2   -0.9  13:50  -22.4  17:05   21.5    0.0    0.0    5.3   19.4  06:26    111
 12   -2.7    0.9  14:45   -5.8  23:56   21.0    0.0    0.0    4.5   18.4  07:42     92
 13   -7.2   -5.8  00:00   -8.9  08:34   25.5    0.0    0.0    3.5   18.4  08:46    133
 14   -5.5   -0.4  15:20   -7.8  06:28   23.8    0.0    0.0    1.5   12.2  01:18    161
 15   -0.5   10.7  14:56   -8.8  06:45   18.9    0.0    0.0    0.9    8.6  15:16    167
 16    3.3   12.0  13:41   -5.2  07:02   15.1    0.0    0.0    2.0   18.4  14:19    256
 17    3.7    6.8  14:53    1.3  05:14   14.7    0.0    3.0    3.2   23.4  12:46    286
 18    1.6    3.6  13:12    0.4  23:36   16.7    0.0    0.9    4.3   19.4  13:16    305
 19    3.1    8.6  14:46    0.0  04:51   15.3    0.0    0.0    3.9   23.4  15:07    210
 20    5.3    9.4  13:56    2.2  05:37   13.0    0.0    3.6    7.9   29.5  11:16    213
 21    7.0    9.5  10:36    3.6  23:56   11.4    0.0    1.5   10.4   36.7  13:36    305
 22    7.2   12.4  14:24    1.5  03:35   11.2    0.0    5.4    9.2   40.3  15:54    247
 23    7.1   11.6  21:32    3.6  00:12   11.2    0.0    2.1    7.0   36.7  04:19    247
 24    4.8   10.1  00:01   -0.9  22:56   13.6    0.0    0.0   12.9   60.1  09:08    296
 25    2.0    5.7  14:55   -1.6  03:01   16.3    0.0    0.6    7.4   34.2  09:09    290
 26    7.1   10.3  15:38    3.1  00:00   11.3    0.0    0.0    7.1   30.6  11:35    207
 27    9.9   15.9  14:42    3.8  07:04    8.5    0.0    0.0    6.6   42.8  18:50    183
 28    9.4   12.6  10:48    6.9  07:44    9.0    0.0    0.0    6.8   34.2  19:59    185
---------------------------------------------------------------------------------------
       0.7   15.9     27  -22.4     11  492.9    0.0   23.4    5.0   60.1     24    208