Brak ostrzeżeń.   -   Brak ostrzeżeń pogodowych

NOAA-Style Climate Reports

Wybież rok albo miesiąc raportu
2017: Sty Lut Mar Kwi Maj Cze Lip Sie Wrz Paź Lis Gru
2016: Sty Lut Mar Kwi Maj Cze Lip Sie Wrz Paź Lis Gru
2015: Sty Lut Mar Kwi Maj Cze Lip Sie Wrz Paź Lis Gru
2014: Sty Lut Mar Kwi Maj Cze Lip Sie Wrz Paź Lis Gru
2013: Sty Lut Mar Kwi Maj Cze Lip Sie Wrz Paź Lis Gru
2012: Sty Lut Mar Kwi Maj Cze Lip Sie Wrz Paź Lis Gru

Raport dla 2017 Marzec
                   MONTHLY CLIMATOLOGICAL SUMMARY for Mar 2017


NAME: Smolec, Poland    City: Smolec                State: Dolnyslask              
ELEV: 123 m    LAT: 51-05.22 N    LONG: 016-54.37 E


                   TEMPERATURE (C), RAIN (mm), WIND SPEED (km/h)

                                         HEAT   COOL         AVG
      MEAN                               DEG    DEG          WIND                   DOM
DAY   TEMP   HIGH   TIME    LOW   TIME   DAYS   DAYS   RAIN  SPEED   HIGH   TIME    DIR
---------------------------------------------------------------------------------------
 01    7.1   11.1  13:05    3.6  23:57   11.2    0.0    0.0    6.2   31.7  12:21    232
 02    6.4   11.7  10:47    2.4  00:31   12.0    0.0    2.4   10.8   74.5  14:27    261
 03    7.0   11.3  14:52    3.4  06:57   11.3    0.0    0.0    6.0   27.0  09:49    219
 04    9.3   16.0  14:50    3.2  03:59    9.1    0.0    0.0    5.1   23.4  23:32    158
 05   11.6   13.9  10:59    7.7  23:44    6.7    0.0    0.0    5.6   29.5  01:45    211
 06    6.8   11.7  11:30    1.6  22:13   11.5    0.0    0.0    3.3   27.0  12:30    226
 07    3.7    7.4  13:37    2.0  22:37   14.7    0.0    5.4    3.9   31.7  15:00    302
 08    4.9   10.7  14:51    0.4  06:57   13.4    0.0    0.0    4.3   22.0  10:07    172
 09    4.8    6.9  12:24    2.9  01:26   13.6    0.0    2.1    4.7   27.0  10:45    287
 10    4.0    7.1  13:58    2.6  05:11   14.3    0.0    6.6    5.0   27.0  13:55    322
 11    4.1    9.8  12:12   -1.1  23:55   14.3    0.0    0.3    4.0   23.4  11:58    338
 12    2.7    8.4  15:31   -2.0  01:13   15.6    0.0    0.0    2.5   17.3  16:27     28
 13    2.5    8.5  14:46   -3.4  06:39   15.9    0.0    0.0    1.5   14.8  09:48    221
 14    4.8   11.5  15:43   -3.3  04:11   13.5    0.0    0.0    3.0   17.3  13:48    269
 15    9.3   13.9  14:09    4.6  23:55    9.0    0.0    0.0    8.2   40.3  11:55    319
 16    7.2   13.3  14:11    2.7  05:54   11.1    0.0    0.0    7.6   36.7  12:11    311
 17    7.7   16.1  13:21    2.3  06:18   10.6    0.0    2.4    7.6   42.8  18:19    281
 18    5.9   11.6  15:59    3.2  07:02   12.4    0.0    5.7   11.4   62.3  16:11    283
 19    4.2    8.0  12:41    1.1  06:14   14.1    0.0   10.8    9.3   35.6  04:17    299
 20   10.8   14.1  14:56    4.1  00:01    7.5    0.0    0.3    8.1   36.7  01:37    303
 21   11.6   15.8  12:55    8.4  22:56    6.7    0.0    0.6    3.9   20.9  10:31    253
 22    5.9    8.4  00:00    4.4  06:30   12.4    0.0    0.9    3.9   23.4  02:46    147
 23    6.0    7.7  14:00    4.2  02:47   12.4    0.0    0.0    3.9   22.0  07:09     92
 24    7.2   12.1  13:26    1.3  23:59   11.1    0.0    0.0    3.4   19.4  09:19      3
 25    6.3   12.4  15:18    0.3  01:25   12.1    0.0    0.0    6.9   33.1  11:22    321
 26    5.7   13.6  15:51   -1.9  06:41   12.6    0.0    0.0    2.9   23.4  10:46      4
 27    7.9   16.9  15:45   -2.3  06:53   10.5    0.0    0.0    2.8   19.4  13:13    283
 28   12.1   21.6  16:39    1.2  06:22    6.2    0.0    0.0    3.2   20.9  13:37    276
 29   12.7   18.1  14:07    9.4  05:46    5.6    0.0    1.2    8.3   41.8  15:30    300
 30   10.9   14.1  14:38    8.2  06:51    7.4    0.0    0.3    3.2   17.3  00:42    279
 31   14.5   21.9  15:27    5.3  07:06    3.8    0.0    0.0    4.9   30.6  15:38    182
---------------------------------------------------------------------------------------
       7.3   21.9     31   -3.4     13  342.6    0.0   39.0    5.3   74.5     02    286