Brak ostrzeżeń.   -   Brak ostrzeżeń pogodowych

NOAA-Style Climate Reports

Wybież rok albo miesiąc raportu
2017: Sty Lut Mar Kwi Maj Cze Lip Sie Wrz Paź Lis Gru
2016: Sty Lut Mar Kwi Maj Cze Lip Sie Wrz Paź Lis Gru
2015: Sty Lut Mar Kwi Maj Cze Lip Sie Wrz Paź Lis Gru
2014: Sty Lut Mar Kwi Maj Cze Lip Sie Wrz Paź Lis Gru
2013: Sty Lut Mar Kwi Maj Cze Lip Sie Wrz Paź Lis Gru
2012: Sty Lut Mar Kwi Maj Cze Lip Sie Wrz Paź Lis Gru

Raport dla 2017 Kwiecień
                   MONTHLY CLIMATOLOGICAL SUMMARY for Apr 2017


NAME: Smolec, Poland    City: Smolec                State: Dolnyslask              
ELEV: 123 m    LAT: 51-05.22 N    LONG: 016-54.37 E


                   TEMPERATURE (C), RAIN (mm), WIND SPEED (km/h)

                                         HEAT   COOL         AVG
      MEAN                               DEG    DEG          WIND                   DOM
DAY   TEMP   HIGH   TIME    LOW   TIME   DAYS   DAYS   RAIN  SPEED   HIGH   TIME    DIR
---------------------------------------------------------------------------------------
 01   16.8   23.8  15:51    8.5  04:51    1.5    0.0    0.0    6.5   37.8  11:23    178
 02   15.6   22.7  15:28    8.8  07:15    2.7    0.0    0.3    5.3   31.7  09:57    315
 03   10.3   12.4  00:00    8.2  23:54    8.1    0.0    6.0    1.3   11.2  23:51     26
 04   11.3   18.0  14:23    7.1  03:14    7.0    0.0    0.6    5.3   24.5  16:51    327
 05    8.6   11.1  14:46    6.2  23:36    9.7    0.0    0.9    9.5   35.6  22:24    311
 06    7.5   11.9  17:04    4.8  07:28   10.9    0.0    0.9   10.8   40.3  11:36    318
 07    6.0    7.8  00:00    4.9  04:15   12.3    0.0    3.9    9.7   30.6  06:36    311
 08    9.0   12.3  14:52    7.0  00:00    9.3    0.0    0.0    5.6   25.6  09:08    321
 09   12.2   19.8  15:24    7.3  01:13    6.1    0.0    0.0    2.3   22.0  15:07    187
 10   15.0   24.1  16:25    5.4  04:15    3.3    0.0    0.0    6.5   33.1  21:19    258
 11    8.1   10.6  00:00    5.5  06:39   10.2    0.0    0.0   11.8   40.3  12:54    311
 12    8.9   12.4  16:45    5.8  02:07    9.5    0.0    3.6    7.4   25.6  15:19    217
 13    9.1   11.9  14:43    6.7  23:41    9.2    0.0    0.3   10.2   37.8  16:59    307
 14    8.5   12.8  16:50    3.4  23:46    9.8    0.0    0.0    9.6   40.3  14:25    310
 15   10.1   16.3  13:53    3.5  00:00    8.3    0.0    1.2    5.8   49.0  20:24    286
 16    5.7    9.8  13:46    3.1  21:10   12.6    0.0    5.7    9.0   45.4  08:51    311
 17    4.4    8.4  16:17    0.8  06:08   14.0    0.0    7.5    1.8   20.9  21:21    256
 18    2.1    3.9  19:01    0.4  00:33   16.3    0.0    6.3    5.9   30.6  19:12     15
 19    3.6    8.7  15:31   -0.9  06:20   14.7    0.0    0.0   11.2   40.3  16:41     13
 20    4.0    8.8  15:48    1.0  05:52   14.3    0.0    0.0    6.9   27.0  13:30      7
 21    7.7   13.4  14:46    0.6  05:57   10.6    0.0    0.0    7.6   35.6  14:42    300
 22    8.2   10.9  00:25    3.8  23:58   10.1    0.0    0.6   11.6   39.2  03:57    312
 23    4.7    8.3  11:50    2.5  05:14   13.7    0.0    4.2    9.4   40.3  14:50    306
 24    8.1   14.2  16:07    2.8  06:23   10.3    0.0    0.0    5.9   33.1  17:47    251
 25   11.2   18.3  13:29    6.6  04:21    7.1    0.0    0.6    7.3   33.1  12:43    256
 26    4.8    6.7  00:00    2.8  20:58   13.5    0.0    7.5    2.9   14.8  00:20     85
 27    6.0   12.4  14:48    2.2  03:56   12.3    0.0    0.3    1.9   14.8  14:31     96
 28    4.0    5.6  00:00    1.7  07:47   14.3    0.0   14.1    5.5   24.5  05:29     12
 29    7.3   13.9  14:07    1.7  05:59   11.1    0.0    3.6    5.4   41.8  15:52    298
 30    8.1   14.9  13:45   -0.3  05:40   10.2    0.0    0.0    3.4   27.0  21:55     56
---------------------------------------------------------------------------------------
       8.2   24.1     10   -0.9     19  303.1    0.0   68.1    6.8   49.0     15    313