Brak ostrzeżeń.   -   Brak ostrzeżeń pogodowych

NOAA-Style Climate Reports

Wybież rok albo miesiąc raportu
2017: Sty Lut Mar Kwi Maj Cze Lip Sie Wrz Paź Lis Gru
2016: Sty Lut Mar Kwi Maj Cze Lip Sie Wrz Paź Lis Gru
2015: Sty Lut Mar Kwi Maj Cze Lip Sie Wrz Paź Lis Gru
2014: Sty Lut Mar Kwi Maj Cze Lip Sie Wrz Paź Lis Gru
2013: Sty Lut Mar Kwi Maj Cze Lip Sie Wrz Paź Lis Gru
2012: Sty Lut Mar Kwi Maj Cze Lip Sie Wrz Paź Lis Gru

Raport dla 2017 Maj
                   MONTHLY CLIMATOLOGICAL SUMMARY for May 2017


NAME: Smolec, Poland    City: Smolec                State: Dolnyslask              
ELEV: 123 m    LAT: 51-05.22 N    LONG: 016-54.37 E


                   TEMPERATURE (C), RAIN (mm), WIND SPEED (km/h)

                                         HEAT   COOL         AVG
      MEAN                               DEG    DEG          WIND                   DOM
DAY   TEMP   HIGH   TIME    LOW   TIME   DAYS   DAYS   RAIN  SPEED   HIGH   TIME    DIR
---------------------------------------------------------------------------------------
 01   10.8   17.1  15:35    5.0  03:24    7.5    0.0    0.0    8.0   42.8  13:41    112
 02    9.6   12.1  18:08    6.8  05:45    8.7    0.0    1.5    4.3   24.5  07:20    107
 03   10.6   14.7  13:46    5.8  03:31    7.7    0.0    0.0    3.3   25.6  22:22     37
 04    9.9   13.7  17:36    7.2  05:41    8.4    0.0    5.1    2.3   13.3  02:52    350
 05   12.8   19.3  14:43    8.2  02:11    5.6    0.0    2.1    1.9   18.4  16:18      4
 06   13.1   19.9  15:33    9.1  23:52    5.3    0.0    0.3    3.3   18.4  16:09     15
 07    9.5   12.7  13:31    7.6  03:35    8.8    0.0    0.3    5.3   27.0  13:23    319
 08    8.2   14.7  12:55    3.8  05:45   10.1    0.0    0.6    6.0   23.4  09:42    329
 09    5.4    9.4  12:51    0.3  05:35   12.9    0.0    0.3    5.3   23.4  14:50    342
 10    8.0   14.5  16:15    0.9  05:12   10.3    0.0    0.0    4.3   23.4  11:48    217
 11   13.9   22.5  16:54    2.6  05:25    4.4    0.0    0.0    2.8   19.4  19:25    109
 12   16.5   24.7  15:44    7.7  04:56    1.8    0.0    0.0    4.1   23.4  13:55    138
 13   18.0   23.9  13:59   12.6  05:40    0.4    0.0    0.0    3.8   22.0  13:08    109
 14   17.0   24.9  15:55   10.3  05:28    1.3    0.0    0.3    4.2   25.6  18:37    192
 15   16.8   23.6  13:14   12.5  04:08    1.5    0.0    0.0    4.8   27.0  17:43    316
 16   16.1   21.7  17:01   10.6  23:55    2.2    0.0    1.2    3.2   20.9  12:07    329
 17   16.8   24.3  15:28    6.5  05:25    1.5    0.0    0.0    3.2   19.4  15:17    157
 18   19.8   27.2  15:39   11.4  05:02    0.0    1.5    0.0    5.8   25.6  12:00    157
 19   20.9   27.6  16:11   12.5  04:40    0.0    2.6    0.0    6.0   41.8  15:21    157
 20   15.1   17.4  00:12   13.6  02:09    3.2    0.0    0.0    8.8   31.7  11:11    318
 21   17.2   22.7  17:31   13.5  04:59    1.1    0.0    0.0    7.9   31.7  12:49    334
 22   17.6   25.3  16:57   11.6  06:54    0.7    0.0    0.0    2.6   15.8  12:54    358
 23   18.5   26.5  12:55    8.9  05:50    0.0    0.1    0.0    2.2   19.4  14:33    311
 24   13.0   16.2  00:00   10.4  21:04    5.3    0.0    3.9    8.4   37.8  08:52    313
 25   14.5   18.6  17:50   10.4  00:00    3.8    0.0    0.0    5.8   23.4  13:40    315
 26   17.2   24.3  17:39   10.3  03:54    1.1    0.0    0.0    4.3   22.0  11:13    325
 27   19.1   26.6  16:09   10.2  05:06    0.0    0.7    0.0    2.3   19.4  09:57     19
 28   20.1   28.1  16:20   10.0  03:40    0.0    1.8    0.0    4.8   22.0  10:53    169
 29   22.5   31.6  15:59   16.3  01:29    0.0    4.2    0.3    3.2   34.2  17:27    201
 30   21.7   33.0  13:40   15.1  04:57    0.0    3.4    0.6    2.6   54.0  14:11    192
 31   19.9   23.8  18:17   15.8  03:17    0.0    1.6    0.0    8.7   43.9  13:23    313
---------------------------------------------------------------------------------------
      15.2   33.0     30    0.3     09  113.9   15.9   16.5    4.6   54.0     30    326