Brak ostrzeżeń.   -   Brak ostrzeżeń pogodowych

NOAA-Style Climate Reports

Wybież rok albo miesiąc raportu
2017: Sty Lut Mar Kwi Maj Cze Lip Sie Wrz Paź Lis Gru
2016: Sty Lut Mar Kwi Maj Cze Lip Sie Wrz Paź Lis Gru
2015: Sty Lut Mar Kwi Maj Cze Lip Sie Wrz Paź Lis Gru
2014: Sty Lut Mar Kwi Maj Cze Lip Sie Wrz Paź Lis Gru
2013: Sty Lut Mar Kwi Maj Cze Lip Sie Wrz Paź Lis Gru
2012: Sty Lut Mar Kwi Maj Cze Lip Sie Wrz Paź Lis Gru

Raport dla 2017 Lipiec
                   MONTHLY CLIMATOLOGICAL SUMMARY for Jul 2017


NAME: Smolec, Poland    City: Smolec                State: Dolnyslask              
ELEV: 123 m    LAT: 51-05.22 N    LONG: 016-54.37 E


                   TEMPERATURE (C), RAIN (mm), WIND SPEED (km/h)

                                         HEAT   COOL         AVG
      MEAN                               DEG    DEG          WIND                   DOM
DAY   TEMP   HIGH   TIME    LOW   TIME   DAYS   DAYS   RAIN  SPEED   HIGH   TIME    DIR
---------------------------------------------------------------------------------------
 01   18.7   24.4  15:09   11.6  04:46    0.0    0.3    0.9    5.3   31.7  15:02    269
 02   18.1   23.3  14:30   14.2  07:01    0.3    0.0    0.6    8.3   33.1  14:18    310
 03   18.1   23.6  17:37   14.4  05:51    0.2    0.0    0.0    6.9   34.2  10:21    309
 04   18.6   23.9  16:15   13.3  23:58    0.0    0.3    0.0    6.9   37.8  15:05    311
 05   16.7   24.8  12:45   10.5  05:18    1.6    0.0    2.4    1.7   22.0  12:45    360
 06   19.3   26.3  16:31   12.3  05:35    0.0    1.0    0.0    2.0   18.4  17:55    360
 07   19.4   29.2  15:14   14.0  01:53    0.0    1.1    0.3    3.1   23.4  15:48    154
 08   19.9   26.2  13:01   14.7  05:01    0.0    1.6    7.5    3.3   27.0  14:37    300
 09   22.5   30.0  17:22   12.9  05:17    0.0    4.2    0.0    1.9   14.8  12:12    233
 10   23.1   31.5  13:38   18.2  05:53    0.0    4.8   27.3    4.9   49.0  17:13    164
 11   19.3   23.3  18:23   16.4  23:57    0.0    0.9    5.4    3.1   19.4  12:39    289
 12   20.3   27.9  13:06   14.1  05:57    0.0    2.0    3.3    3.8   27.0  18:13    212
 13   16.2   20.5  17:32   11.3  23:51    2.2    0.0    3.0   11.4   42.8  04:52    312
 14   16.6   23.6  15:34   10.0  02:42    1.7    0.0    0.0    1.5   14.8  15:34    360
 15   17.6   23.9  12:17   11.8  04:44    0.7    0.0    0.0    2.6   17.3  12:27    337
 16   18.9   26.8  13:32   10.7  03:36    0.0    0.5    0.0    3.1   18.4  15:18    307
 17   20.4   25.6  15:35   17.4  23:58    0.0    2.1    0.0    4.5   20.9  10:57    303
 18   21.8   29.8  16:45   13.8  05:28    0.0    3.5    0.0    2.2   15.8  13:30    357
 19   23.7   32.6  15:22   16.0  04:58    0.0    5.4    3.9    2.7   18.4  11:58     77
 20   23.5   30.5  17:48   16.4  05:05    0.0    5.2    0.0    2.1   19.4  12:45    251
 21   23.7   30.7  16:36   18.9  06:11    0.0    5.4   14.4    3.1   22.0  00:32    305
 22   24.1   30.9  13:38   16.2  04:51    0.0    5.8    0.0    3.5   24.5  15:15    145
 23   20.9   29.8  11:40   16.6  05:56    0.0    2.6   16.5    2.8   68.4  11:53    262
 24   19.3   26.3  11:48   14.8  05:30    0.0    1.0   17.1    2.0   15.8  15:00    171
 25   17.5   22.5  17:25   14.7  06:35    0.9    0.0   27.9    6.1   37.8  06:27    287
 26   17.9   22.5  14:14   12.5  05:08    0.4    0.0    0.0    3.4   18.4  11:39    216
 27   17.1   19.6  14:38   14.4  05:54    1.2    0.0   11.4    5.3   27.0  09:16    276
 28   19.0   24.4  16:07   14.7  05:52    0.0    0.7    6.6    3.3   28.1  16:39    293
 29   20.6   28.0  15:13   11.2  05:42    0.0    2.2    0.0    2.4   20.9  11:59    230
 30   24.9   33.4  17:27   14.6  04:46    0.0    6.6    0.0    4.4   25.6  11:17    192
 31   27.3   34.6  16:48   20.4  04:16    0.0    8.9    0.0    2.1   17.3  13:28    297
---------------------------------------------------------------------------------------
      20.2   34.6     31   10.0     14    9.2   66.0  148.5    3.9   68.4     23    288