Brak ostrzeżeń.   -   Brak ostrzeżeń pogodowych

NOAA-Style Climate Reports

Wybież rok albo miesiąc raportu
2017: Sty Lut Mar Kwi Maj Cze Lip Sie Wrz Paź Lis Gru
2016: Sty Lut Mar Kwi Maj Cze Lip Sie Wrz Paź Lis Gru
2015: Sty Lut Mar Kwi Maj Cze Lip Sie Wrz Paź Lis Gru
2014: Sty Lut Mar Kwi Maj Cze Lip Sie Wrz Paź Lis Gru
2013: Sty Lut Mar Kwi Maj Cze Lip Sie Wrz Paź Lis Gru
2012: Sty Lut Mar Kwi Maj Cze Lip Sie Wrz Paź Lis Gru

Raport dla 2017 Sierpień
                   MONTHLY CLIMATOLOGICAL SUMMARY for Aug 2017


NAME: Smolec, Poland    City: Smolec                State: Dolnyslask              
ELEV: 123 m    LAT: 51-05.22 N    LONG: 016-54.37 E


                   TEMPERATURE (C), RAIN (mm), WIND SPEED (km/h)

                                         HEAT   COOL         AVG
      MEAN                               DEG    DEG          WIND                   DOM
DAY   TEMP   HIGH   TIME    LOW   TIME   DAYS   DAYS   RAIN  SPEED   HIGH   TIME    DIR
---------------------------------------------------------------------------------------
 01   28.7   36.6  16:23   20.3  05:28    0.0   10.3    0.0    4.5   27.0  17:59    164
 02   25.7   31.1  13:33   20.5  06:31    0.0    7.3    1.2    3.0   51.5  02:13    263
 03   24.4   32.1  12:31   18.5  05:16    0.0    6.1    0.3    3.2   19.4  17:12    202
 04   24.8   29.6  13:40   20.6  23:59    0.0    6.5    0.0    3.8   30.6  13:39    263
 05   23.6   31.8  17:31   15.4  05:35    0.0    5.3    0.0    2.9   25.6  23:14    307
 06   19.8   25.0  14:20   15.6  23:50    0.0    1.5    0.9    4.9   27.0  10:35    316
 07   19.5   27.0  14:10   12.0  05:26    0.0    1.2    0.0    2.2   17.3  13:17    135
 08   20.3   27.5  16:31   12.2  05:43    0.0    2.0    0.0    6.7   30.6  09:04    150
 09   23.5   31.1  16:41   16.2  04:59    0.0    5.1    0.0    2.7   17.3  09:14    350
 10   23.4   29.2  16:55   19.4  06:40    0.0    5.1    3.3    3.5   22.0  12:29    338
 11   20.7   28.6  15:53   16.7  21:09    0.0    2.4   23.1    4.7   58.7  18:36    315
 12   17.0   21.0  15:57   13.2  23:59    1.4    0.0    1.5    4.0   29.5  17:59    292
 13   18.1   24.1  13:43   13.2  00:57    0.2    0.0    0.0    4.0   25.6  08:36    301
 14   19.4   25.3  15:26   15.5  05:36    0.0    1.1    0.0    2.6   17.3  10:44    129
 15   20.9   28.9  15:56   13.0  06:08    0.0    2.6    0.0    3.3   20.9  12:42    138
 16   19.2   25.0  10:48   15.4  05:52    0.0    0.9    0.0    2.7   27.0  11:00    303
 17   21.9   29.4  15:52   16.6  06:07    0.0    3.5    0.0    2.3   18.4  13:10    138
 18   25.1   32.7  16:37   17.4  06:11    0.0    6.8    0.0    2.9   18.4  16:51    178
 19   20.2   23.7  15:41   16.1  23:35    0.0    1.8    0.0    4.4   25.6  03:00    307
 20   17.2   22.6  14:48   13.7  06:13    1.1    0.0    0.0    3.4   22.0  09:03    301
 21   16.1   20.9  15:58   11.8  04:07    2.3    0.0    0.6    6.2   30.6  13:11    306
 22   15.7   20.5  15:53   11.8  22:39    2.6    0.0    0.0    6.8   33.1  16:37    309
 23   15.8   22.4  15:16    9.8  06:07    2.6    0.0    0.0    5.1   27.0  10:57    309
 24   18.4   27.4  15:50    8.0  06:08    0.0    0.0    0.0    1.8   14.8  11:38    178
 25   20.6   27.2  16:40   14.4  06:09    0.0    2.3    0.0    2.7   20.9  17:03    298
 26   19.6   26.3  13:51   13.5  03:54    0.0    1.2    0.3    2.0   15.8  12:08    155
 27   20.7   26.1  15:17   15.2  23:59    0.0    2.4    0.0    6.8   39.2  12:28    308
 28   17.3   24.6  17:05   11.4  06:33    1.0    0.0    0.0    2.4   22.0  13:45    330
 29   18.1   25.8  17:08    9.3  05:48    0.2    0.0    0.0    2.6   20.9  15:22    160
 30   21.1   29.9  15:36   10.7  06:33    0.0    2.8    0.0    3.5   18.4  15:09    167
 31   24.0   35.1  16:15   15.3  05:00    0.0    5.6    0.0    5.4   29.5  17:05    257
---------------------------------------------------------------------------------------
      20.7   36.6     01    8.0     24   11.3   83.8   31.2    3.8   58.7     11    279